{"id":887,"date":"2024-10-09T14:48:20","date_gmt":"2024-10-09T12:48:20","guid":{"rendered":"https:\/\/www.marmottine.fr\/mag\/?page_id=887"},"modified":"2024-10-11T08:37:20","modified_gmt":"2024-10-11T06:37:20","slug":"bijoux-personnalises-en-pierre","status":"publish","type":"page","link":"https:\/\/www.marmottine.fr\/mag\/guides\/bijoux-personnalises\/matieres\/bijoux-personnalises-en-pierre","title":{"rendered":"Quel prix pour les bijoux personnalis\u00e9s en pierre ?"},"content":{"rendered":"<h1><span class=\"ez-toc-section\" id=\"Quel_prix_pour_les_bijoux_personnalises_en_pierre\"><\/span><b>Quel prix pour les bijoux personnalis\u00e9s en pierre ?<\/b><span class=\"ez-toc-section-end\"><\/span><\/h1><div id=\"ez-toc-container\" class=\"ez-toc-v2_0_69_1 counter-hierarchy ez-toc-counter ez-toc-grey ez-toc-container-direction\">\n<div class=\"ez-toc-title-container\">\n<p class=\"ez-toc-title\" style=\"cursor:inherit\">Sommaire<\/p>\n<span class=\"ez-toc-title-toggle\"><a href=\"#\" class=\"ez-toc-pull-right ez-toc-btn ez-toc-btn-xs ez-toc-btn-default ez-toc-toggle\" aria-label=\"Toggle Table of Content\"><span class=\"ez-toc-js-icon-con\"><span class=\"\"><span class=\"eztoc-hide\" style=\"display:none;\">Toggle<\/span><span class=\"ez-toc-icon-toggle-span\"><svg style=\"fill: #999;color:#999\" xmlns=\"http:\/\/www.w3.org\/2000\/svg\" class=\"list-377408\" width=\"20px\" height=\"20px\" viewBox=\"0 0 24 24\" fill=\"none\"><path d=\"M6 6H4v2h2V6zm14 0H8v2h12V6zM4 11h2v2H4v-2zm16 0H8v2h12v-2zM4 16h2v2H4v-2zm16 0H8v2h12v-2z\" fill=\"currentColor\"><\/path><\/svg><svg style=\"fill: #999;color:#999\" class=\"arrow-unsorted-368013\" xmlns=\"http:\/\/www.w3.org\/2000\/svg\" width=\"10px\" height=\"10px\" viewBox=\"0 0 24 24\" version=\"1.2\" baseProfile=\"tiny\"><path d=\"M18.2 9.3l-6.2-6.3-6.2 6.3c-.2.2-.3.4-.3.7s.1.5.3.7c.2.2.4.3.7.3h11c.3 0 .5-.1.7-.3.2-.2.3-.5.3-.7s-.1-.5-.3-.7zM5.8 14.7l6.2 6.3 6.2-6.3c.2-.2.3-.5.3-.7s-.1-.5-.3-.7c-.2-.2-.4-.3-.7-.3h-11c-.3 0-.5.1-.7.3-.2.2-.3.5-.3.7s.1.5.3.7z\"\/><\/svg><\/span><\/span><\/span><\/a><\/span><\/div>\n<nav><ul class='ez-toc-list ez-toc-list-level-1 ' ><li class='ez-toc-page-1 ez-toc-heading-level-1'><a class=\"ez-toc-link ez-toc-heading-1\" href=\"https:\/\/www.marmottine.fr\/mag\/guides\/bijoux-personnalises\/matieres\/bijoux-personnalises-en-pierre\/#Quel_prix_pour_les_bijoux_personnalises_en_pierre\" title=\"Quel prix pour les bijoux personnalis\u00e9s en pierre ?\">Quel prix pour les bijoux personnalis\u00e9s en pierre ?<\/a><ul class='ez-toc-list-level-2' ><li class='ez-toc-heading-level-2'><a class=\"ez-toc-link ez-toc-heading-2\" href=\"https:\/\/www.marmottine.fr\/mag\/guides\/bijoux-personnalises\/matieres\/bijoux-personnalises-en-pierre\/#Pourquoi_choisir_un_bijou_personnalise_en_pierre\" title=\"Pourquoi choisir un bijou personnalis\u00e9 en pierre ?\">Pourquoi choisir un bijou personnalis\u00e9 en pierre ?<\/a><\/li><li class='ez-toc-page-1 ez-toc-heading-level-2'><a class=\"ez-toc-link ez-toc-heading-3\" href=\"https:\/\/www.marmottine.fr\/mag\/guides\/bijoux-personnalises\/matieres\/bijoux-personnalises-en-pierre\/#Les_vertus_insoupconnees_des_pierres_naturelles\" title=\"Les vertus insoup\u00e7onn\u00e9es des pierres naturelles\">Les vertus insoup\u00e7onn\u00e9es des pierres naturelles<\/a><\/li><li class='ez-toc-page-1 ez-toc-heading-level-2'><a class=\"ez-toc-link ez-toc-heading-4\" href=\"https:\/\/www.marmottine.fr\/mag\/guides\/bijoux-personnalises\/matieres\/bijoux-personnalises-en-pierre\/#Comment_bien_choisir_la_pierre_naturelle_pour_un_bijou_personnalise\" title=\"Comment bien choisir la pierre naturelle pour un bijou personnalis\u00e9 ?\">Comment bien choisir la pierre naturelle pour un bijou personnalis\u00e9 ?<\/a><\/li><li class='ez-toc-page-1 ez-toc-heading-level-2'><a class=\"ez-toc-link ez-toc-heading-5\" href=\"https:\/\/www.marmottine.fr\/mag\/guides\/bijoux-personnalises\/matieres\/bijoux-personnalises-en-pierre\/#Les_criteres_qui_peuvent_influer_sur_le_prix_dun_bijou_personnalise_en_pierre\" title=\"Les crit\u00e8res qui peuvent influer sur le prix d\u2019un bijou personnalis\u00e9 en pierre\">Les crit\u00e8res qui peuvent influer sur le prix d\u2019un bijou personnalis\u00e9 en pierre<\/a><\/li><li class='ez-toc-page-1 ez-toc-heading-level-2'><a class=\"ez-toc-link ez-toc-heading-6\" href=\"https:\/\/www.marmottine.fr\/mag\/guides\/bijoux-personnalises\/matieres\/bijoux-personnalises-en-pierre\/#Entretenez_vos_bijoux_personnalises_en_pierre\" title=\"Entretenez vos bijoux personnalis\u00e9s en pierre\">Entretenez vos bijoux personnalis\u00e9s en pierre<\/a><\/li><li class='ez-toc-page-1 ez-toc-heading-level-2'><a class=\"ez-toc-link ez-toc-heading-7\" href=\"https:\/\/www.marmottine.fr\/mag\/guides\/bijoux-personnalises\/matieres\/bijoux-personnalises-en-pierre\/#Le_bijou_personnalise_en_pierre_le_cadeau_ideal\" title=\"Le bijou personnalis\u00e9 en pierre, le cadeau id\u00e9al\">Le bijou personnalis\u00e9 en pierre, le cadeau id\u00e9al<\/a><\/li><\/ul><\/li><\/ul><\/nav><\/div>\n\n<figure id=\"attachment_928\" aria-describedby=\"caption-attachment-928\" style=\"width: 1200px\" class=\"wp-caption alignnone\"><img loading=\"lazy\" decoding=\"async\" class=\"size-full wp-image-928\" src=\"https:\/\/www.marmottine.fr\/mag\/wp-content\/uploads\/2024\/10\/bague-pierre.jpg\" alt=\"bague pierre\" width=\"1200\" height=\"800\" srcset=\"https:\/\/www.marmottine.fr\/mag\/wp-content\/uploads\/2024\/10\/bague-pierre.jpg 1200w, https:\/\/www.marmottine.fr\/mag\/wp-content\/uploads\/2024\/10\/bague-pierre-300x200.jpg 300w, https:\/\/www.marmottine.fr\/mag\/wp-content\/uploads\/2024\/10\/bague-pierre-1024x683.jpg 1024w, https:\/\/www.marmottine.fr\/mag\/wp-content\/uploads\/2024\/10\/bague-pierre-768x512.jpg 768w\" sizes=\"(max-width: 1200px) 100vw, 1200px\" \/><figcaption id=\"caption-attachment-928\" class=\"wp-caption-text\">bague pierre<\/figcaption><\/figure>\n<p><span style=\"font-weight: 400;\">Quand on veut <strong>offrir un cadeau \u00e0 un proche ou un membre de sa famille<\/strong>, on se tourne g\u00e9n\u00e9ralement <span style=\"text-decoration: underline;\">vers un bijou<\/span>. En effet, offrir un bijou \u00e0 une personne qu\u2019on aime, cela signifie beaucoup. Mais <a href=\"https:\/\/www.marmottine.fr\/mag\/guides\/bijoux-personnalises\/matieres\">en mati\u00e8re de bijoux<\/a>, il y a un tr\u00e8s grand choix et les prix peuvent rapidement grimper selon diff\u00e9rents crit\u00e8res. Si vous \u00eates \u00e0 la recherche d\u2019un bijou personnalis\u00e9 en pierre et que vous d\u00e9sirez conna\u00eetre son prix, vous \u00eates au bon endroit.<\/span><\/p>\n<h2><span class=\"ez-toc-section\" id=\"Pourquoi_choisir_un_bijou_personnalise_en_pierre\"><\/span><b>Pourquoi choisir un bijou personnalis\u00e9 en pierre ?<\/b><span class=\"ez-toc-section-end\"><\/span><\/h2>\n<p><span style=\"font-weight: 400;\">Vous vous demandez pourquoi vous devriez <\/span><b>choisir un bijou personnalis\u00e9 en pierre<\/b><span style=\"font-weight: 400;\"> et pas un autre ? Il y a beaucoup de raisons. Le bijou personnalis\u00e9 est un cadeau qui fait plaisir \u00e0 tous les coups. Pourquoi ? Parce qu\u2019il prouve que vous tenez \u00e0 la personne \u00e0 qui est destin\u00e9e ce cadeau. La personnalisation d\u2019un bijou permet d\u2019effectuer une gravure dessus. Il est possible, par exemple, de faire graver des initiales, un pr\u00e9nom ou une date importante. Ainsi, la personne qui recevra ce cadeau sera forc\u00e9ment touch\u00e9e par cette petite attention.<\/span><\/p>\n<p><span style=\"font-weight: 400;\">La pierre naturelle, quant \u00e0 elle, apporte <\/span><b>du charme et de l\u2019\u00e9l\u00e9gance<\/b><span style=\"font-weight: 400;\"> au bijou. Qu&rsquo;elle se trouve sur une bague, un bracelet ou un pendentif, la pierre va sublimer le bijou et le mettre en valeur. Il existe \u00e9norm\u00e9ment de pierres naturelles de diff\u00e9rentes couleurs. De cette mani\u00e8re, vous pouvez facilement trouver un bijou qui s\u2019accorde avec <span style=\"text-decoration: underline;\">le style et les go\u00fbts de la personne concern\u00e9e<\/span>.<\/span><\/p>\n<p><span style=\"font-weight: 400;\">Ainsi, choisir un bijou personnalis\u00e9 en pierre, c\u2019est opter pour un bijou \u00e9l\u00e9gant dont la <\/span><b>signification est forte et profonde<\/b><span style=\"font-weight: 400;\">.<\/span><\/p>\n<h2><span class=\"ez-toc-section\" id=\"Les_vertus_insoupconnees_des_pierres_naturelles\"><\/span><b>Les vertus insoup\u00e7onn\u00e9es des pierres naturelles<\/b><span class=\"ez-toc-section-end\"><\/span><\/h2>\n<figure id=\"attachment_930\" aria-describedby=\"caption-attachment-930\" style=\"width: 1200px\" class=\"wp-caption alignnone\"><img loading=\"lazy\" decoding=\"async\" class=\"size-full wp-image-930\" src=\"https:\/\/www.marmottine.fr\/mag\/wp-content\/uploads\/2024\/10\/medaille-pierre.jpg\" alt=\"medaille pierre\" width=\"1200\" height=\"800\" srcset=\"https:\/\/www.marmottine.fr\/mag\/wp-content\/uploads\/2024\/10\/medaille-pierre.jpg 1200w, https:\/\/www.marmottine.fr\/mag\/wp-content\/uploads\/2024\/10\/medaille-pierre-300x200.jpg 300w, https:\/\/www.marmottine.fr\/mag\/wp-content\/uploads\/2024\/10\/medaille-pierre-1024x683.jpg 1024w, https:\/\/www.marmottine.fr\/mag\/wp-content\/uploads\/2024\/10\/medaille-pierre-768x512.jpg 768w\" sizes=\"(max-width: 1200px) 100vw, 1200px\" \/><figcaption id=\"caption-attachment-930\" class=\"wp-caption-text\">medaille pierre<\/figcaption><\/figure>\n<p><span style=\"font-weight: 400;\">Saviez-vous que les pierres naturelles ont de <\/span><b>nombreuses vertus th\u00e9rapeutiques<\/b><span style=\"font-weight: 400;\"> ? Il existe m\u00eame une m\u00e9decine douce bas\u00e9e sur le pouvoir des pierres. Cette technique de soin porte le nom de lithoth\u00e9rapie. Depuis de tr\u00e8s nombreuses ann\u00e9es, les pierres sont utilis\u00e9es pour leurs incroyables bienfaits. Elles permettent de r\u00e9\u00e9quilibrer le corps et l\u2019esprit.<\/span><\/p>\n<p><span style=\"font-weight: 400;\">Chaque pierre a sa propre vertu. Certaines jouent un r\u00f4le de protection, d\u2019autres permettent <span style=\"text-decoration: underline;\">d\u2019\u00e9loigner les \u00e9nergies n\u00e9gatives<\/span> tandis que d\u2019autres activent les chakras ou am\u00e9liorent la force int\u00e9rieure et le courage. Les pierres naturelles sont utilis\u00e9es dans pratiquement toutes les cultures depuis des mill\u00e9naires.<\/span><\/p>\n<p><span style=\"font-weight: 400;\">Pour pouvoir profiter de <\/span><b>leurs bienfaits au quotidien<\/b><span style=\"font-weight: 400;\">, les pierres naturelles ornent d\u00e9sormais les bijoux. On en retrouve sur les<strong> bagues, les boucles d\u2019oreilles, les bracelets, les colliers ou encore les pendentifs<\/strong>. En portant ces bijoux, vous pouvez profiter de tous les bienfaits des pierres dont voici quelques exemples :<\/span><\/p>\n<ul>\n<li style=\"font-weight: 400;\" aria-level=\"1\"><span style=\"font-weight: 400;\">Apaise les probl\u00e8mes de peau<\/span><\/li>\n<li style=\"font-weight: 400;\" aria-level=\"1\"><span style=\"font-weight: 400;\">Renforce le syst\u00e8me respiratoire<\/span><\/li>\n<li style=\"font-weight: 400;\" aria-level=\"1\"><span style=\"font-weight: 400;\">Soulage les douleurs articulaires<\/span><\/li>\n<li style=\"font-weight: 400;\" aria-level=\"1\"><span style=\"font-weight: 400;\">Facilite le sommeil<\/span><\/li>\n<li style=\"font-weight: 400;\" aria-level=\"1\"><span style=\"font-weight: 400;\">R\u00e9duit le stress<\/span><\/li>\n<li style=\"font-weight: 400;\" aria-level=\"1\"><span style=\"font-weight: 400;\">Am\u00e9liore le transit\u2026<\/span><\/li>\n<\/ul>\n<h2><span class=\"ez-toc-section\" id=\"Comment_bien_choisir_la_pierre_naturelle_pour_un_bijou_personnalise\"><\/span><b>Comment bien choisir la pierre naturelle pour un bijou personnalis\u00e9 ?<\/b><span class=\"ez-toc-section-end\"><\/span><\/h2>\n<p><span style=\"font-weight: 400;\">Pour bien choisir la pierre qui ornera votre bijou personnalis\u00e9, il faut <\/span><b>prendre en compte plusieurs crit\u00e8res<\/b><span style=\"font-weight: 400;\">. Tout d\u2019abord, vous pouvez faire votre choix en fonction des vertus des pierres. Si vous voulez un effet protecteur, il faudra vous tourner, par exemple, vers une agate. En revanche, si vous voulez une pierre d\u2019amour, le quartz rose sera plus adapt\u00e9.<\/span><\/p>\n<p><span style=\"font-weight: 400;\">Sinon, vous pouvez simplement choisir votre pierre par rapport \u00e0 sa couleur sans vous soucier de <span style=\"text-decoration: underline;\">sa signification<\/span>. Quels que soient vos go\u00fbts ou ceux de la personne \u00e0 qui vous allez offrir ce bijou personnalis\u00e9, sachez que vous avez un tr\u00e8s grand choix de pierres et de styles de bijoux.<\/span><\/p>\n<h2><span class=\"ez-toc-section\" id=\"Les_criteres_qui_peuvent_influer_sur_le_prix_dun_bijou_personnalise_en_pierre\"><\/span><b>Les crit\u00e8res qui peuvent influer sur le prix d\u2019un bijou personnalis\u00e9 en pierre<\/b><span class=\"ez-toc-section-end\"><\/span><\/h2>\n<p><span style=\"font-weight: 400;\">Il est difficile de donner un prix exact pour un bijou personnalis\u00e9 en pierre \u00e9tant donn\u00e9 que de nombreux facteurs exercent une certaine influence sur le tarif. Le <\/span><b>type de bijou a son importance<\/b><span style=\"font-weight: 400;\">. Une bague n\u2019aura pas le m\u00eame prix qu\u2019une paire de boucles d\u2019oreilles ou qu\u2019un bracelet. Alors d\u00e9terminez, d\u2019abord le type de bijou que vous d\u00e9sirez, cela vous donnera une base pour le prix.<\/span><\/p>\n<p><span style=\"font-weight: 400;\">Ensuite, il faut <\/span><b>prendre en compte la mati\u00e8re<\/b><span style=\"font-weight: 400;\">. Vous avez le choix entre l\u2019or, l\u2019argent, le plaqu\u00e9 or ou encore l\u2019acier inoxydable. Sans grande surprise, l\u2019or est le mat\u00e9riau le plus co\u00fbteux et le plus pr\u00e9cieux. Un bijou en or peut se conserver pendant de tr\u00e8s longues ann\u00e9es, ce qui en fait le <span style=\"text-decoration: underline;\">choix id\u00e9al pour un cadeau<\/span>. Toutefois les bijoux en or sont aussi les plus chers.<\/span><\/p>\n<p><span style=\"font-weight: 400;\">Le plaqu\u00e9 or est une excellente alternative. D\u2019un point de vue esth\u00e9tique, c\u2019est un mat\u00e9riau qui ressemble beaucoup \u00e0 l\u2019or, mais dont le prix reste plus abordable, c\u2019est aussi le cas de l\u2019argent. Enfin, parmi les bijoux les moins chers, il y a ceux en acier inoxydable. Ce mat\u00e9riau est, quand m\u00eame, tr\u00e8s r\u00e9sistant et ne s\u2019oxyde pas.<\/span><\/p>\n<p><span style=\"font-weight: 400;\">Un autre \u00e9l\u00e9ment qui peut avoir un impact sur le prix, c\u2019est la personnalisation. Selon le nombre de caract\u00e8res \u00e0 faire graver ou la technique de gravure, le prix peut \u00eatre plus ou moins \u00e9lev\u00e9.<\/span><\/p>\n<h2><span class=\"ez-toc-section\" id=\"Entretenez_vos_bijoux_personnalises_en_pierre\"><\/span><b>Entretenez vos bijoux personnalis\u00e9s en pierre<\/b><span class=\"ez-toc-section-end\"><\/span><\/h2>\n<p><span style=\"font-weight: 400;\">Si vous voulez conserver plus longtemps vos bijoux personnalis\u00e9s en pierre, il est important de <\/span><b>bien les entretenir<\/b><span style=\"font-weight: 400;\"> et de les nettoyer r\u00e9guli\u00e8rement. Mais attention, chaque mat\u00e9riau ne se nettoie pas de la m\u00eame mani\u00e8re. Il faut utiliser des produits adapt\u00e9s. Si vous avez des doutes, un peu d\u2019eau ti\u00e8de savonneuse fera tr\u00e8s bien l\u2019affaire.<\/span><\/p>\n<p><span style=\"font-weight: 400;\">Vous pouvez \u00e9galement vous rapprocher d\u2019un professionnel afin de lui confier vos bijoux personnalis\u00e9s en pierre. Ce dernier utilisera les techniques et les <span style=\"text-decoration: underline;\">meilleurs produits pour bien les entretenir<\/span>. De cette mani\u00e8re, vos bijoux <\/span><b>conserveront leur \u00e9clat d\u2019origine<\/b><span style=\"font-weight: 400;\"> pendant longtemps.<\/span><\/p>\n<h2><span class=\"ez-toc-section\" id=\"Le_bijou_personnalise_en_pierre_le_cadeau_ideal\"><\/span><b>Le bijou personnalis\u00e9 en pierre, le cadeau id\u00e9al<\/b><span class=\"ez-toc-section-end\"><\/span><\/h2>\n<figure id=\"attachment_929\" aria-describedby=\"caption-attachment-929\" style=\"width: 1200px\" class=\"wp-caption alignnone\"><img loading=\"lazy\" decoding=\"async\" class=\"size-full wp-image-929\" src=\"https:\/\/www.marmottine.fr\/mag\/wp-content\/uploads\/2024\/10\/bracelet-pierre.jpg\" alt=\"bracelet pierre\" width=\"1200\" height=\"800\" srcset=\"https:\/\/www.marmottine.fr\/mag\/wp-content\/uploads\/2024\/10\/bracelet-pierre.jpg 1200w, https:\/\/www.marmottine.fr\/mag\/wp-content\/uploads\/2024\/10\/bracelet-pierre-300x200.jpg 300w, https:\/\/www.marmottine.fr\/mag\/wp-content\/uploads\/2024\/10\/bracelet-pierre-1024x683.jpg 1024w, https:\/\/www.marmottine.fr\/mag\/wp-content\/uploads\/2024\/10\/bracelet-pierre-768x512.jpg 768w\" sizes=\"(max-width: 1200px) 100vw, 1200px\" \/><figcaption id=\"caption-attachment-929\" class=\"wp-caption-text\">bracelet pierre<\/figcaption><\/figure>\n<p><span style=\"font-weight: 400;\">Vous avez un cadeau \u00e0 faire prochainement et vous manquez d\u2019id\u00e9es ? Dans ce cas, pourquoi ne pas <\/span><b>offrir un bijou personnalis\u00e9 en pierre<\/b><span style=\"font-weight: 400;\"> ? Ce type de bijou peut \u00eatre offert \u00e0 n\u2019importe quelle occasion : anniversaire, naissance, bapt\u00eame, mariage, No\u00ebl, Saint Valentin, f\u00eate des m\u00e8res\u2026 Alors pourquoi ne pas en profiter ? Avec un bijou personnalis\u00e9 en pierre, vous avez l\u2019assurance de faire plaisir \u00e0 tous les coups !<\/span><\/p>\n<p><span style=\"font-weight: 400;\">Peu importe votre budget, il y a forc\u00e9ment<span style=\"text-decoration: underline;\"> un bijou personnalis\u00e9 en pierre<\/span> fait pour vous. Profitez des incroyables vertus des pierres pour offrir un cadeau qui fera r\u00e9ellement plaisir. Prenez bien le temps de trouver le bijou parfait gr\u00e2ce \u00e0 tous les conseils d\u00e9livr\u00e9s tout au long de cet article. Alors n&rsquo;attendez plus, partez en qu\u00eate du cadeau id\u00e9al \u00e0 offrir \u00e0 l&rsquo;un de vos proches ou un membre de votre famille et faites plaisir \u00e0 tout le monde en fonction de votre budget.<\/span><\/p>\n","protected":false},"excerpt":{"rendered":"<p>Quel prix pour les bijoux personnalis\u00e9s en pierre ? Quand on veut offrir un cadeau \u00e0 un proche ou un [&hellip;]<\/p>\n","protected":false},"author":4,"featured_media":928,"parent":854,"menu_order":11,"comment_status":"closed","ping_status":"closed","template":"","meta":{"site-sidebar-layout":"default","site-content-layout":"","ast-site-content-layout":"default","site-content-style":"default","site-sidebar-style":"default","ast-global-header-display":"","ast-banner-title-visibility":"","ast-main-header-display":"","ast-hfb-above-header-display":"","ast-hfb-below-header-display":"","ast-hfb-mobile-header-display":"","site-post-title":"","ast-breadcrumbs-content":"","ast-featured-img":"","footer-sml-layout":"","theme-transparent-header-meta":"default","adv-header-id-meta":"","stick-header-meta":"","header-above-stick-meta":"","header-main-stick-meta":"","header-below-stick-meta":"","astra-migrate-meta-layouts":"set","ast-page-background-enabled":"default","ast-page-background-meta":{"desktop":{"background-color":"var(--ast-global-color-4)","background-image":"","background-repeat":"repeat","background-position":"center center","background-size":"auto","background-attachment":"scroll","background-type":"","background-media":"","overlay-type":"","overlay-color":"","overlay-gradient":""},"tablet":{"background-color":"","background-image":"","background-repeat":"repeat","background-position":"center center","background-size":"auto","background-attachment":"scroll","background-type":"","background-media":"","overlay-type":"","overlay-color":"","overlay-gradient":""},"mobile":{"background-color":"","background-image":"","background-repeat":"repeat","background-position":"center center","background-size":"auto","background-attachment":"scroll","background-type":"","background-media":"","overlay-type":"","overlay-color":"","overlay-gradient":""}},"ast-content-background-meta":{"desktop":{"background-color":"var(--ast-global-color-5)","background-image":"","background-repeat":"repeat","background-position":"center center","background-size":"auto","background-attachment":"scroll","background-type":"","background-media":"","overlay-type":"","overlay-color":"","overlay-gradient":""},"tablet":{"background-color":"var(--ast-global-color-5)","background-image":"","background-repeat":"repeat","background-position":"center center","background-size":"auto","background-attachment":"scroll","background-type":"","background-media":"","overlay-type":"","overlay-color":"","overlay-gradient":""},"mobile":{"background-color":"var(--ast-global-color-5)","background-image":"","background-repeat":"repeat","background-position":"center center","background-size":"auto","background-attachment":"scroll","background-type":"","background-media":"","overlay-type":"","overlay-color":"","overlay-gradient":""}},"footnotes":""},"aioseo_notices":[],"_links":{"self":[{"href":"https:\/\/www.marmottine.fr\/mag\/wp-json\/wp\/v2\/pages\/887"}],"collection":[{"href":"https:\/\/www.marmottine.fr\/mag\/wp-json\/wp\/v2\/pages"}],"about":[{"href":"https:\/\/www.marmottine.fr\/mag\/wp-json\/wp\/v2\/types\/page"}],"author":[{"embeddable":true,"href":"https:\/\/www.marmottine.fr\/mag\/wp-json\/wp\/v2\/users\/4"}],"replies":[{"embeddable":true,"href":"https:\/\/www.marmottine.fr\/mag\/wp-json\/wp\/v2\/comments?post=887"}],"version-history":[{"count":4,"href":"https:\/\/www.marmottine.fr\/mag\/wp-json\/wp\/v2\/pages\/887\/revisions"}],"predecessor-version":[{"id":949,"href":"https:\/\/www.marmottine.fr\/mag\/wp-json\/wp\/v2\/pages\/887\/revisions\/949"}],"up":[{"embeddable":true,"href":"https:\/\/www.marmottine.fr\/mag\/wp-json\/wp\/v2\/pages\/854"}],"wp:featuredmedia":[{"embeddable":true,"href":"https:\/\/www.marmottine.fr\/mag\/wp-json\/wp\/v2\/media\/928"}],"wp:attachment":[{"href":"https:\/\/www.marmottine.fr\/mag\/wp-json\/wp\/v2\/media?parent=887"}],"curies":[{"name":"wp","href":"https:\/\/api.w.org\/{rel}","templated":true}]}}