{"id":884,"date":"2024-10-09T14:47:07","date_gmt":"2024-10-09T12:47:07","guid":{"rendered":"https:\/\/www.marmottine.fr\/mag\/?page_id=884"},"modified":"2024-10-11T08:37:11","modified_gmt":"2024-10-11T06:37:11","slug":"bijoux-personnalises-en-verre","status":"publish","type":"page","link":"https:\/\/www.marmottine.fr\/mag\/guides\/bijoux-personnalises\/matieres\/bijoux-personnalises-en-verre","title":{"rendered":"Quel prix pour les bijoux personnalis\u00e9s en verre ?"},"content":{"rendered":"<h1><span class=\"ez-toc-section\" id=\"Quel_prix_pour_les_bijoux_personnalises_en_verre\"><\/span><b>Quel prix pour les bijoux personnalis\u00e9s en verre ?<\/b><span class=\"ez-toc-section-end\"><\/span><\/h1><div id=\"ez-toc-container\" class=\"ez-toc-v2_0_69_1 counter-hierarchy ez-toc-counter ez-toc-grey ez-toc-container-direction\">\n<div class=\"ez-toc-title-container\">\n<p class=\"ez-toc-title\" style=\"cursor:inherit\">Sommaire<\/p>\n<span class=\"ez-toc-title-toggle\"><a href=\"#\" class=\"ez-toc-pull-right ez-toc-btn ez-toc-btn-xs ez-toc-btn-default ez-toc-toggle\" aria-label=\"Toggle Table of Content\"><span class=\"ez-toc-js-icon-con\"><span class=\"\"><span class=\"eztoc-hide\" style=\"display:none;\">Toggle<\/span><span class=\"ez-toc-icon-toggle-span\"><svg style=\"fill: #999;color:#999\" xmlns=\"http:\/\/www.w3.org\/2000\/svg\" class=\"list-377408\" width=\"20px\" height=\"20px\" viewBox=\"0 0 24 24\" fill=\"none\"><path d=\"M6 6H4v2h2V6zm14 0H8v2h12V6zM4 11h2v2H4v-2zm16 0H8v2h12v-2zM4 16h2v2H4v-2zm16 0H8v2h12v-2z\" fill=\"currentColor\"><\/path><\/svg><svg style=\"fill: #999;color:#999\" class=\"arrow-unsorted-368013\" xmlns=\"http:\/\/www.w3.org\/2000\/svg\" width=\"10px\" height=\"10px\" viewBox=\"0 0 24 24\" version=\"1.2\" baseProfile=\"tiny\"><path d=\"M18.2 9.3l-6.2-6.3-6.2 6.3c-.2.2-.3.4-.3.7s.1.5.3.7c.2.2.4.3.7.3h11c.3 0 .5-.1.7-.3.2-.2.3-.5.3-.7s-.1-.5-.3-.7zM5.8 14.7l6.2 6.3 6.2-6.3c.2-.2.3-.5.3-.7s-.1-.5-.3-.7c-.2-.2-.4-.3-.7-.3h-11c-.3 0-.5.1-.7.3-.2.2-.3.5-.3.7s.1.5.3.7z\"\/><\/svg><\/span><\/span><\/span><\/a><\/span><\/div>\n<nav><ul class='ez-toc-list ez-toc-list-level-1 ' ><li class='ez-toc-page-1 ez-toc-heading-level-1'><a class=\"ez-toc-link ez-toc-heading-1\" href=\"https:\/\/www.marmottine.fr\/mag\/guides\/bijoux-personnalises\/matieres\/bijoux-personnalises-en-verre\/#Quel_prix_pour_les_bijoux_personnalises_en_verre\" title=\"Quel prix pour les bijoux personnalis\u00e9s en verre ?\">Quel prix pour les bijoux personnalis\u00e9s en verre ?<\/a><ul class='ez-toc-list-level-2' ><li class='ez-toc-heading-level-2'><a class=\"ez-toc-link ez-toc-heading-2\" href=\"https:\/\/www.marmottine.fr\/mag\/guides\/bijoux-personnalises\/matieres\/bijoux-personnalises-en-verre\/#Bijoux_en_verre_le_choix_de_lelegance\" title=\"Bijoux en verre\u00a0: le choix de l\u2019\u00e9l\u00e9gance\">Bijoux en verre\u00a0: le choix de l\u2019\u00e9l\u00e9gance<\/a><ul class='ez-toc-list-level-3' ><li class='ez-toc-heading-level-3'><a class=\"ez-toc-link ez-toc-heading-3\" href=\"https:\/\/www.marmottine.fr\/mag\/guides\/bijoux-personnalises\/matieres\/bijoux-personnalises-en-verre\/#Les_mille_couleurs_du_verre\" title=\"Les mille couleurs du verre\">Les mille couleurs du verre<\/a><\/li><\/ul><\/li><li class='ez-toc-page-1 ez-toc-heading-level-2'><a class=\"ez-toc-link ez-toc-heading-4\" href=\"https:\/\/www.marmottine.fr\/mag\/guides\/bijoux-personnalises\/matieres\/bijoux-personnalises-en-verre\/#Creation_de_bijoux_en_verre_lumiere_sur_lartisanat\" title=\"Cr\u00e9ation de bijoux en verre\u00a0: lumi\u00e8re sur l\u2019artisanat\">Cr\u00e9ation de bijoux en verre\u00a0: lumi\u00e8re sur l\u2019artisanat<\/a><ul class='ez-toc-list-level-3' ><li class='ez-toc-heading-level-3'><a class=\"ez-toc-link ez-toc-heading-5\" href=\"https:\/\/www.marmottine.fr\/mag\/guides\/bijoux-personnalises\/matieres\/bijoux-personnalises-en-verre\/#Made_in_France_un_bijou_ethique_et_durable\" title=\"Made in France\u00a0: un bijou \u00e9thique et durable\">Made in France\u00a0: un bijou \u00e9thique et durable<\/a><\/li><li class='ez-toc-page-1 ez-toc-heading-level-3'><a class=\"ez-toc-link ez-toc-heading-6\" href=\"https:\/\/www.marmottine.fr\/mag\/guides\/bijoux-personnalises\/matieres\/bijoux-personnalises-en-verre\/#Zoom_sur_le_verre_de_Murano\" title=\"Zoom sur le verre de Murano\">Zoom sur le verre de Murano<\/a><\/li><\/ul><\/li><li class='ez-toc-page-1 ez-toc-heading-level-2'><a class=\"ez-toc-link ez-toc-heading-7\" href=\"https:\/\/www.marmottine.fr\/mag\/guides\/bijoux-personnalises\/matieres\/bijoux-personnalises-en-verre\/#La_personnalisation_des_bijoux_en_verre\" title=\"La personnalisation des bijoux en verre\">La personnalisation des bijoux en verre<\/a><ul class='ez-toc-list-level-3' ><li class='ez-toc-heading-level-3'><a class=\"ez-toc-link ez-toc-heading-8\" href=\"https:\/\/www.marmottine.fr\/mag\/guides\/bijoux-personnalises\/matieres\/bijoux-personnalises-en-verre\/#Choisir_la_couleur_et_la_forme_de_son_bijou_en_verre\" title=\"Choisir la couleur et la forme de son bijou en verre\">Choisir la couleur et la forme de son bijou en verre<\/a><\/li><li class='ez-toc-page-1 ez-toc-heading-level-3'><a class=\"ez-toc-link ez-toc-heading-9\" href=\"https:\/\/www.marmottine.fr\/mag\/guides\/bijoux-personnalises\/matieres\/bijoux-personnalises-en-verre\/#Choisir_les_materiaux_complementaires_de_son_bijou_en_verre\" title=\"Choisir les mat\u00e9riaux compl\u00e9mentaires de son bijou en verre\">Choisir les mat\u00e9riaux compl\u00e9mentaires de son bijou en verre<\/a><\/li><li class='ez-toc-page-1 ez-toc-heading-level-3'><a class=\"ez-toc-link ez-toc-heading-10\" href=\"https:\/\/www.marmottine.fr\/mag\/guides\/bijoux-personnalises\/matieres\/bijoux-personnalises-en-verre\/#Gravures_symboles_et_autres_ajouts_dun_bijou_en_verre_personnalise\" title=\"Gravures, symboles et autres ajouts d\u2019un bijou en verre personnalis\u00e9\">Gravures, symboles et autres ajouts d\u2019un bijou en verre personnalis\u00e9<\/a><\/li><\/ul><\/li><li class='ez-toc-page-1 ez-toc-heading-level-2'><a class=\"ez-toc-link ez-toc-heading-11\" href=\"https:\/\/www.marmottine.fr\/mag\/guides\/bijoux-personnalises\/matieres\/bijoux-personnalises-en-verre\/#Bien_choisir_son_bijou_en_verre_personnalise\" title=\"Bien choisir son bijou en verre personnalis\u00e9\">Bien choisir son bijou en verre personnalis\u00e9<\/a><ul class='ez-toc-list-level-3' ><li class='ez-toc-heading-level-3'><a class=\"ez-toc-link ez-toc-heading-12\" href=\"https:\/\/www.marmottine.fr\/mag\/guides\/bijoux-personnalises\/matieres\/bijoux-personnalises-en-verre\/#Comment_se_passe_la_commande_dun_bijou_en_verre_sur-mesure\" title=\"Comment se passe la commande d\u2019un bijou en verre sur-mesure ?\">Comment se passe la commande d\u2019un bijou en verre sur-mesure ?<\/a><\/li><\/ul><\/li><\/ul><\/li><\/ul><\/nav><\/div>\n\n<figure id=\"attachment_936\" aria-describedby=\"caption-attachment-936\" style=\"width: 1200px\" class=\"wp-caption alignnone\"><img loading=\"lazy\" decoding=\"async\" class=\"size-full wp-image-936\" src=\"https:\/\/www.marmottine.fr\/mag\/wp-content\/uploads\/2024\/10\/bijou-verre.jpg\" alt=\"bijou verre\" width=\"1200\" height=\"800\" srcset=\"https:\/\/www.marmottine.fr\/mag\/wp-content\/uploads\/2024\/10\/bijou-verre.jpg 1200w, https:\/\/www.marmottine.fr\/mag\/wp-content\/uploads\/2024\/10\/bijou-verre-300x200.jpg 300w, https:\/\/www.marmottine.fr\/mag\/wp-content\/uploads\/2024\/10\/bijou-verre-1024x683.jpg 1024w, https:\/\/www.marmottine.fr\/mag\/wp-content\/uploads\/2024\/10\/bijou-verre-768x512.jpg 768w\" sizes=\"(max-width: 1200px) 100vw, 1200px\" \/><figcaption id=\"caption-attachment-936\" class=\"wp-caption-text\">bijou verre<\/figcaption><\/figure>\n<p><span style=\"font-weight: 400;\">Le verre est un mat\u00e9riau noble dont le travail fait appel \u00e0 un <strong>savoir-faire ancestra<\/strong>l. Original et audacieux, le choix du verre pour un bijou offre des <span style=\"text-decoration: underline;\">possibilit\u00e9s infinies de personnalisation<\/span>. Voici quelques conseils pour un bijou en verre qui vous ressemble (et sans se ruiner). <a href=\"https:\/\/www.marmottine.fr\/mag\/guides\/bijoux-personnalises\/matieres\">Un vrai bijou personnalis\u00e9 qui joue de sa mati\u00e8re<\/a> pour vous offrir quelque chose d&rsquo;unique !<\/span><\/p>\n<h2><span class=\"ez-toc-section\" id=\"Bijoux_en_verre_le_choix_de_lelegance\"><\/span><b>Bijoux en verre\u00a0: le choix de l\u2019\u00e9l\u00e9gance<\/b><span class=\"ez-toc-section-end\"><\/span><\/h2>\n<p><span style=\"font-weight: 400;\">\u00c0 sa mani\u00e8re de jouer avec la lumi\u00e8re, le verre offre \u00e9clat et l\u00e9g\u00e8ret\u00e9. Quel que soit le moment de la journ\u00e9e ou l\u2019environnement ext\u00e9rieur, il la capture et <span style=\"text-decoration: underline;\">la refl\u00e8te de mille fa\u00e7ons<\/span>. Ses effets lumineux subtils donnent <\/span><b>une touche d\u2019\u00e9l\u00e9gance incomparable<\/b><span style=\"font-weight: 400;\">, apportant l\u2019originalit\u00e9 tout en sachant rester discret. Il se marie \u00e0 tous les styles et \u00e0 toutes les personnalit\u00e9s si l\u2019on sait le choisir.<\/span><\/p>\n<h3><span class=\"ez-toc-section\" id=\"Les_mille_couleurs_du_verre\"><\/span><b>Les mille couleurs du verre<\/b><span class=\"ez-toc-section-end\"><\/span><\/h3>\n<p><span style=\"font-weight: 400;\">Plusieurs techniques sont utilis\u00e9es par les cr\u00e9ateurs de bijoux en verre pour lui donner des <span style=\"text-decoration: underline;\">couleurs vibrantes et vari\u00e9es<\/span>.\u00a0<\/span><\/p>\n<p><span style=\"font-weight: 400;\">La premi\u00e8re, appel\u00e9e coloration directe, consiste \u00e0 ajouter des particules au moment de la fabrication de la mati\u00e8re premi\u00e8re. Chrome, cuivre, cobalt\u2026 Des oxydes m\u00e9talliques sont choisis pour donner la teinte voulue sur le produit final.<\/span><\/p>\n<p><span style=\"font-weight: 400;\">La seconde, appel\u00e9e coloration indirecte, consiste \u00e0 <strong>ajuster la temp\u00e9rature du verre<\/strong> au moment de la fusion afin de provoquer une dilatation des particules pr\u00e9c\u00e9demment utilis\u00e9es. Cette \u00e9tape permet principalement de faire varier l\u2019intensit\u00e9 des teintes (de rose \u00e0 rouge, de jaune \u00e0 orange\u2026).<\/span><\/p>\n<p><span style=\"font-weight: 400;\">Les teintes peuvent \u00e9galement \u00eatre ajout\u00e9es apr\u00e8s la production du produit, en apposant des peintures de type vitrail par exemple.<\/span><\/p>\n<p><span style=\"font-weight: 400;\">C\u2019est aussi en associant plusieurs couleurs au sein d\u2019une m\u00eame cr\u00e9ation que l\u2019on obtient des <\/span><b>pi\u00e8ces uniques et originales<\/b><span style=\"font-weight: 400;\">. Ainsi, le moindre mouvement du corps vient apporter au bijou un nouvel \u00e9clat. Il est par ailleurs possible d\u2019ajuster l\u2019opacit\u00e9 du verre, de transparent \u00e0 opaque.<\/span><\/p>\n<p><span style=\"font-weight: 400;\">La colorisation du verre n\u2019ajoute pas n\u00e9cessairement au prix final de votre bijou personnalis\u00e9.<\/span><\/p>\n<h2><span class=\"ez-toc-section\" id=\"Creation_de_bijoux_en_verre_lumiere_sur_lartisanat\"><\/span><b>Cr\u00e9ation de bijoux en verre\u00a0: lumi\u00e8re sur l\u2019artisanat<\/b><span class=\"ez-toc-section-end\"><\/span><\/h2>\n<p><span style=\"font-weight: 400;\">S\u2019il est une mati\u00e8re premi\u00e8re de la fabrication de bijoux qui met parfaitement en lumi\u00e8re toute la <\/span><b>qualit\u00e9 de l\u2019artisanat fran\u00e7ais<\/b><span style=\"font-weight: 400;\">, c\u2019est bien le verre\u00a0!<\/span><\/p>\n<p><span style=\"font-weight: 400;\">Outre le besoin \u00e9vident de cr\u00e9ativit\u00e9, le travail du verre demande une grande minutie. Pour rendre la mati\u00e8re mall\u00e9able, le verre doit \u00eatre chauff\u00e9 \u00e0 plusieurs centaines de degr\u00e9s. Ce sont des mains expertes qui fa\u00e7onnent ce mat\u00e9riau exigeant pour en faire des <span style=\"text-decoration: underline;\">bijoux raffin\u00e9s<\/span>.<\/span><\/p>\n<p><span style=\"font-weight: 400;\">La France peut \u00eatre fi\u00e8re de ses verriers, tant d&rsquo;artistes, d&rsquo;artisans, dont le travail est \u00e0 la fois de grande qualit\u00e9, mais aussi respectueux de processus \u00e9thiques et responsables.<\/span><\/p>\n<h3><span class=\"ez-toc-section\" id=\"Made_in_France_un_bijou_ethique_et_durable\"><\/span><b>Made in France\u00a0: un bijou \u00e9thique et durable<\/b><span class=\"ez-toc-section-end\"><\/span><\/h3>\n<p><span style=\"font-weight: 400;\">Il est indispensable, \u00e0 nos yeux, d\u2019acheter fran\u00e7ais. Outre un savoir-faire v\u00e9rifiable et v\u00e9rifi\u00e9, appuy\u00e9 par des si\u00e8cles d\u2019exp\u00e9rience, c\u2019est g\u00e9n\u00e9ralement la garantie de <span style=\"text-decoration: underline;\">processus sains et respectueux de l\u2019environnement<\/span>. Ne serait-ce qu\u2019en \u00e9vitant de <strong>longs trajets \u00e0 votre bijou<\/strong>, vous faites un choix favorable \u00e0 la plan\u00e8te.<\/span><\/p>\n<p><span style=\"font-weight: 400;\">C\u00f4t\u00e9 budget, le choix d\u2019une <span style=\"text-decoration: underline;\">entreprise fran\u00e7aise<\/span> vous permet d\u2019\u00e9conomiser sur les frais de transport. Si vous trouvez que les cr\u00e9ations fran\u00e7aises sont l\u00e9g\u00e8rement plus ch\u00e8res, sachez toutefois que, de par leur qualit\u00e9, elles sont plus durables et vous donneront donc satisfaction plus longtemps.<\/span><\/p>\n<p><span style=\"font-weight: 400;\">Nombreuses sont les petites entreprises fran\u00e7aises qui ont choisi de renforcer encore leur impact positif sur la plan\u00e8te en cr\u00e9ant des <\/span><b>processus nouveaux et formidables<\/b><span style=\"font-weight: 400;\">.<\/span><\/p>\n<p><span style=\"font-weight: 400;\">C\u2019est le cas de Sable Vert, un atelier bas\u00e9 \u00e0 Antibes, dont la cr\u00e9atrice a d\u00e9cid\u00e9 de r\u00e9cup\u00e9rer les d\u00e9bris de verre des plages de la M\u00e9diterran\u00e9e pour en faire des cr\u00e9ations uniques. Une initiative merveilleuse qui m\u00e9rite d\u2019\u00eatre salu\u00e9e.<\/span><\/p>\n<p><b>Acheter un bijou personnalis\u00e9 Made in France<\/b><span style=\"font-weight: 400;\">, c\u2019est aussi soutenir notre \u00e9conomie nationale et redonner notre confiance \u00e0 un artisanat qui a beaucoup souffert de la concurrence.<\/span><\/p>\n<h3><span class=\"ez-toc-section\" id=\"Zoom_sur_le_verre_de_Murano\"><\/span><b>Zoom sur le verre de Murano<\/b><span class=\"ez-toc-section-end\"><\/span><\/h3>\n<p><span style=\"font-weight: 400;\">Vous trouverez \u00e9galement de nombreuses entreprises qui travaillent ce <span style=\"text-decoration: underline;\">mat\u00e9riau d\u2019exception<\/span> qu\u2019est le verre de Murano. Originaire d\u2019Italie, il est r\u00e9put\u00e9 pour sa grande qualit\u00e9 et durabilit\u00e9. C\u2019est \u00e0 Venise que tout le savoir-faire des verriers italiens s\u2019est r\u00e9v\u00e9l\u00e9, am\u00e9liorant notamment les processus de colorisation.<\/span><\/p>\n<p><span style=\"font-weight: 400;\">Si le verre en lui-m\u00eame n\u2019est pas originaire de France, de nombreux artisans fran\u00e7ais le travaillent, restant ainsi dans la cr\u00e9ation Made in France, respectueuse des gens et de la plan\u00e8te.<\/span><\/p>\n<h2><span class=\"ez-toc-section\" id=\"La_personnalisation_des_bijoux_en_verre\"><\/span><b>La personnalisation des bijoux en verre<\/b><span class=\"ez-toc-section-end\"><\/span><\/h2>\n<figure id=\"attachment_937\" aria-describedby=\"caption-attachment-937\" style=\"width: 1200px\" class=\"wp-caption alignnone\"><img loading=\"lazy\" decoding=\"async\" class=\"size-full wp-image-937\" src=\"https:\/\/www.marmottine.fr\/mag\/wp-content\/uploads\/2024\/10\/travail-verre-bijoux.jpg\" alt=\"travail verre bijoux\" width=\"1200\" height=\"800\" srcset=\"https:\/\/www.marmottine.fr\/mag\/wp-content\/uploads\/2024\/10\/travail-verre-bijoux.jpg 1200w, https:\/\/www.marmottine.fr\/mag\/wp-content\/uploads\/2024\/10\/travail-verre-bijoux-300x200.jpg 300w, https:\/\/www.marmottine.fr\/mag\/wp-content\/uploads\/2024\/10\/travail-verre-bijoux-1024x683.jpg 1024w, https:\/\/www.marmottine.fr\/mag\/wp-content\/uploads\/2024\/10\/travail-verre-bijoux-768x512.jpg 768w\" sizes=\"(max-width: 1200px) 100vw, 1200px\" \/><figcaption id=\"caption-attachment-937\" class=\"wp-caption-text\">travail verre bijoux<\/figcaption><\/figure>\n<h3><span class=\"ez-toc-section\" id=\"Choisir_la_couleur_et_la_forme_de_son_bijou_en_verre\"><\/span><b>Choisir la couleur et la forme de son bijou en verre<\/b><span class=\"ez-toc-section-end\"><\/span><\/h3>\n<p><span style=\"font-weight: 400;\">Sans m\u00eame parler de sur-mesure, de nombreux crit\u00e8res permettent d\u2019obtenir un <strong>bijou en verre personnalis\u00e9<\/strong>\u00a0:<\/span><\/p>\n<ul>\n<li style=\"font-weight: 400;\" aria-level=\"1\"><span style=\"font-weight: 400;\">La couleur\u00a0: choix dans une palette vari\u00e9e de coloris, avec une ou plusieurs teintes, des tons pastel aux tons satur\u00e9s,<\/span><\/li>\n<li style=\"font-weight: 400;\" aria-level=\"1\"><span style=\"font-weight: 400;\">La transparence\u00a0: parfaitement opaque ou tout \u00e0 fait transparent, en passant par la multitude de niveaux d\u2019opacit\u00e9 propos\u00e9s,<\/span><\/li>\n<li style=\"font-weight: 400;\" aria-level=\"1\"><span style=\"font-weight: 400;\">La forme\u00a0: perles de verre bien rondes, en goutte, en formes g\u00e9om\u00e9triques ou compl\u00e8tement farfelues&#8230;<\/span><\/li>\n<\/ul>\n<p><span style=\"font-weight: 400;\">Ces premiers crit\u00e8res sont \u00e0 d\u00e9finir si vous souhaitez une <\/span><b>personnalisation compl\u00e8te de votre bijou en verre<\/b><span style=\"font-weight: 400;\">. Toutefois, rien ne vous emp\u00eache de vous laisser porter par l\u2019inspiration du cr\u00e9ateur et de lui donner vos indications pour un bijou pr\u00e9existant.<\/span><\/p>\n<h3><span class=\"ez-toc-section\" id=\"Choisir_les_materiaux_complementaires_de_son_bijou_en_verre\"><\/span><b>Choisir les mat\u00e9riaux compl\u00e9mentaires de son bijou en verre<\/b><span class=\"ez-toc-section-end\"><\/span><\/h3>\n<p><span style=\"font-weight: 400;\">Rares sont les bijoux compos\u00e9s exclusivement de verre. Vous aurez bien souvent la possibilit\u00e9 d\u2019associer le verre \u00e0 une autre mati\u00e8re, g\u00e9n\u00e9ralement un m\u00e9tal. Comme vous le feriez avec une pierre, choisissez de combiner harmonieusement le verre avec l\u2019or, l\u2019argent\u2026 Et pour une <span style=\"text-decoration: underline;\">cr\u00e9ation audacieuse jusqu\u2019au bout<\/span>, pourquoi ne pas associer le verre et le cuir\u00a0?<\/span><\/p>\n<h3><span class=\"ez-toc-section\" id=\"Gravures_symboles_et_autres_ajouts_dun_bijou_en_verre_personnalise\"><\/span><b>Gravures, symboles et autres ajouts d\u2019un bijou en verre personnalis\u00e9<\/b><span class=\"ez-toc-section-end\"><\/span><\/h3>\n<p><span style=\"font-weight: 400;\">Une fois les caract\u00e9ristiques de votre verre et le (ou les) mat\u00e9riau(x) compl\u00e9mentaires choisis, vous pouvez <strong>pousser la personnalisation plus loin encore<\/strong>\u00a0!<\/span><\/p>\n<p><span style=\"font-weight: 400;\">L\u2019un des <strong>avantages du verre<\/strong> est qu\u2019il peut facilement \u00eatre grav\u00e9. Un pr\u00e9nom, un symbole, des initiales ou une date, par exemple, sont des possibilit\u00e9s qui rendront votre bijou en verre unique.<\/span><\/p>\n<p><span style=\"font-weight: 400;\">Que ce soit pour vous-m\u00eame ou pour offrir, laissez parler <span style=\"text-decoration: underline;\">votre cr\u00e9ativit\u00e9 et votre sensibilit\u00e9<\/span>. L\u2019ajout d\u2019une gravure est g\u00e9n\u00e9ralement une option peu on\u00e9reuse.<\/span><\/p>\n<p><span style=\"font-weight: 400;\">Une fois de plus, nous avons rep\u00e9r\u00e9 une entreprise fran\u00e7aise merveilleuse qui propose une personnalisation plus qu\u2019originale\u00a0! Le Petit Jardin Bijoux s\u2019est sp\u00e9cialis\u00e9 dans la cr\u00e9ation de bijoux en verre avec incrustation d\u2019une v\u00e9ritable fleur en son centre. Une <\/span><b>id\u00e9e cadeau originale<\/b><span style=\"font-weight: 400;\"> et une fa\u00e7on \u00e9l\u00e9gante de montrer son affection.<\/span><\/p>\n<h2><span class=\"ez-toc-section\" id=\"Bien_choisir_son_bijou_en_verre_personnalise\"><\/span><b>Bien choisir son bijou en verre personnalis\u00e9<\/b><span class=\"ez-toc-section-end\"><\/span><\/h2>\n<p><span style=\"font-weight: 400;\">Pour vous ou pour offrir, et comme pour tous les bijoux, il est important d\u2019accorder un <strong>bijou en verre<\/strong> \u00e0 son style et \u00e0 sa personnalit\u00e9.<\/span><\/p>\n<p><span style=\"font-weight: 400;\">Quelques questions \u00e0 se poser :<\/span><\/p>\n<ul>\n<li style=\"font-weight: 400;\" aria-level=\"1\"><span style=\"font-weight: 400;\">La personne qui portera le bijou en porte-t-elle d\u00e9j\u00e0\u00a0? Si oui, quel type de bijoux pr\u00e9f\u00e8re-t-elle ?<\/span><\/li>\n<li style=\"font-weight: 400;\" aria-level=\"1\"><span style=\"font-weight: 400;\">Pour un bijou tr\u00e8s sophistiqu\u00e9, aura-t-elle des occasions de le porter ?<\/span><\/li>\n<li style=\"font-weight: 400;\" aria-level=\"1\"><span style=\"font-weight: 400;\">Ses activit\u00e9s n\u00e9cessitent-elles d\u2019\u00eatre tr\u00e8s libre de ses mouvements\u00a0? Risque-t-elle d\u2019\u00eatre d\u00e9rang\u00e9e par les bijoux dans sa vie de tous les jours ?<\/span><\/li>\n<\/ul>\n<p><span style=\"font-weight: 400;\">Ce ne sont que des exemples, mais en prenant le temps de la r\u00e9flexion, vous aurez plus d\u2019indices sur le <span style=\"text-decoration: underline;\">type de bijou en verre<\/span> que vous voulez.<\/span><\/p>\n<h3><span class=\"ez-toc-section\" id=\"Comment_se_passe_la_commande_dun_bijou_en_verre_sur-mesure\"><\/span><b>Comment se passe la commande d\u2019un bijou en verre sur-mesure ?<\/b><span class=\"ez-toc-section-end\"><\/span><\/h3>\n<p><span style=\"font-weight: 400;\">La premi\u00e8re \u00e9tape indispensable est de <span style=\"text-decoration: underline;\">prendre contact avec votre artisan<\/span> et de lui donner le maximum d\u2019informations sur ce que vous souhaitez. Cela lui fera gagner beaucoup de temps et vous permettra de recevoir plus vite un bijou dont vous \u00eates s\u00fbr d\u2019\u00eatre satisfait.<\/span><\/p>\n<p><span style=\"font-weight: 400;\">Ensuite, quelques \u00e9changes pourront permettre d\u2019approfondir votre demande. Certains artisans vous donneront la possibilit\u00e9 d\u2019envoyer des croquis de ce que vous d\u00e9sirez, et pourquoi pas des motifs que vous souhaitez ajouter \u00e0 votre bijou en verre.<\/span><\/p>\n<p><span style=\"font-weight: 400;\">Une fois le projet clairement d\u00e9cid\u00e9, votre cr\u00e9ateur vous enverra un devis d\u00e9taill\u00e9. C\u2019est \u00e0 cette \u00e9tape que vous conna\u00eetrez <\/span><b>le prix de votre bijou en verre personnalis\u00e9<\/b><span style=\"font-weight: 400;\">. Ce n\u2019est qu\u2019une fois le devis valid\u00e9 qu\u2019il se lancera dans la cr\u00e9ation de votre bijou. Veillez \u00e0 bien \u00e9voquer avec lui les d\u00e9lais de production et d\u2019exp\u00e9dition pour \u00e9viter tout probl\u00e8me.<\/span><\/p>\n<p><span style=\"font-weight: 400;\">Vous savez d\u00e9sormais comment choisir votre <\/span><b>bijou en verre personnalis\u00e9<\/b><span style=\"font-weight: 400;\">\u00a0! Il ne vous reste qu\u2019\u00e0 vous lancer pour d\u00e9finir votre projet et choisir le cr\u00e9ateur fran\u00e7ais qui r\u00e9alisera pour vous cette pi\u00e8ce unique \u00e0 offrir ou \u00e0 s\u2019offrir.<\/span><\/p>\n","protected":false},"excerpt":{"rendered":"<p>Quel prix pour les bijoux personnalis\u00e9s en verre ? Le verre est un mat\u00e9riau noble dont le travail fait appel [&hellip;]<\/p>\n","protected":false},"author":4,"featured_media":936,"parent":854,"menu_order":10,"comment_status":"closed","ping_status":"closed","template":"","meta":{"site-sidebar-layout":"default","site-content-layout":"","ast-site-content-layout":"default","site-content-style":"default","site-sidebar-style":"default","ast-global-header-display":"","ast-banner-title-visibility":"","ast-main-header-display":"","ast-hfb-above-header-display":"","ast-hfb-below-header-display":"","ast-hfb-mobile-header-display":"","site-post-title":"","ast-breadcrumbs-content":"","ast-featured-img":"","footer-sml-layout":"","theme-transparent-header-meta":"default","adv-header-id-meta":"","stick-header-meta":"","header-above-stick-meta":"","header-main-stick-meta":"","header-below-stick-meta":"","astra-migrate-meta-layouts":"set","ast-page-background-enabled":"default","ast-page-background-meta":{"desktop":{"background-color":"var(--ast-global-color-4)","background-image":"","background-repeat":"repeat","background-position":"center center","background-size":"auto","background-attachment":"scroll","background-type":"","background-media":"","overlay-type":"","overlay-color":"","overlay-gradient":""},"tablet":{"background-color":"","background-image":"","background-repeat":"repeat","background-position":"center center","background-size":"auto","background-attachment":"scroll","background-type":"","background-media":"","overlay-type":"","overlay-color":"","overlay-gradient":""},"mobile":{"background-color":"","background-image":"","background-repeat":"repeat","background-position":"center center","background-size":"auto","background-attachment":"scroll","background-type":"","background-media":"","overlay-type":"","overlay-color":"","overlay-gradient":""}},"ast-content-background-meta":{"desktop":{"background-color":"var(--ast-global-color-5)","background-image":"","background-repeat":"repeat","background-position":"center center","background-size":"auto","background-attachment":"scroll","background-type":"","background-media":"","overlay-type":"","overlay-color":"","overlay-gradient":""},"tablet":{"background-color":"var(--ast-global-color-5)","background-image":"","background-repeat":"repeat","background-position":"center center","background-size":"auto","background-attachment":"scroll","background-type":"","background-media":"","overlay-type":"","overlay-color":"","overlay-gradient":""},"mobile":{"background-color":"var(--ast-global-color-5)","background-image":"","background-repeat":"repeat","background-position":"center center","background-size":"auto","background-attachment":"scroll","background-type":"","background-media":"","overlay-type":"","overlay-color":"","overlay-gradient":""}},"footnotes":""},"aioseo_notices":[],"_links":{"self":[{"href":"https:\/\/www.marmottine.fr\/mag\/wp-json\/wp\/v2\/pages\/884"}],"collection":[{"href":"https:\/\/www.marmottine.fr\/mag\/wp-json\/wp\/v2\/pages"}],"about":[{"href":"https:\/\/www.marmottine.fr\/mag\/wp-json\/wp\/v2\/types\/page"}],"author":[{"embeddable":true,"href":"https:\/\/www.marmottine.fr\/mag\/wp-json\/wp\/v2\/users\/4"}],"replies":[{"embeddable":true,"href":"https:\/\/www.marmottine.fr\/mag\/wp-json\/wp\/v2\/comments?post=884"}],"version-history":[{"count":4,"href":"https:\/\/www.marmottine.fr\/mag\/wp-json\/wp\/v2\/pages\/884\/revisions"}],"predecessor-version":[{"id":948,"href":"https:\/\/www.marmottine.fr\/mag\/wp-json\/wp\/v2\/pages\/884\/revisions\/948"}],"up":[{"embeddable":true,"href":"https:\/\/www.marmottine.fr\/mag\/wp-json\/wp\/v2\/pages\/854"}],"wp:featuredmedia":[{"embeddable":true,"href":"https:\/\/www.marmottine.fr\/mag\/wp-json\/wp\/v2\/media\/936"}],"wp:attachment":[{"href":"https:\/\/www.marmottine.fr\/mag\/wp-json\/wp\/v2\/media?parent=884"}],"curies":[{"name":"wp","href":"https:\/\/api.w.org\/{rel}","templated":true}]}}