{"id":880,"date":"2024-10-09T13:51:36","date_gmt":"2024-10-09T11:51:36","guid":{"rendered":"https:\/\/www.marmottine.fr\/mag\/?page_id=880"},"modified":"2024-10-11T08:36:58","modified_gmt":"2024-10-11T06:36:58","slug":"bijoux-personnalises-en-argent","status":"publish","type":"page","link":"https:\/\/www.marmottine.fr\/mag\/guides\/bijoux-personnalises\/matieres\/bijoux-personnalises-en-argent","title":{"rendered":"Quel prix pour des bijoux personnalis\u00e9s en argent ?"},"content":{"rendered":"<h1><span class=\"ez-toc-section\" id=\"Quel_prix_pour_des_bijoux_personnalises_en_argent\"><\/span><b>Quel prix pour des bijoux personnalis\u00e9s en argent ?<\/b><span class=\"ez-toc-section-end\"><\/span><\/h1><div id=\"ez-toc-container\" class=\"ez-toc-v2_0_69_1 counter-hierarchy ez-toc-counter ez-toc-grey ez-toc-container-direction\">\n<div class=\"ez-toc-title-container\">\n<p class=\"ez-toc-title\" style=\"cursor:inherit\">Sommaire<\/p>\n<span class=\"ez-toc-title-toggle\"><a href=\"#\" class=\"ez-toc-pull-right ez-toc-btn ez-toc-btn-xs ez-toc-btn-default ez-toc-toggle\" aria-label=\"Toggle Table of Content\"><span class=\"ez-toc-js-icon-con\"><span class=\"\"><span class=\"eztoc-hide\" style=\"display:none;\">Toggle<\/span><span class=\"ez-toc-icon-toggle-span\"><svg style=\"fill: #999;color:#999\" xmlns=\"http:\/\/www.w3.org\/2000\/svg\" class=\"list-377408\" width=\"20px\" height=\"20px\" viewBox=\"0 0 24 24\" fill=\"none\"><path d=\"M6 6H4v2h2V6zm14 0H8v2h12V6zM4 11h2v2H4v-2zm16 0H8v2h12v-2zM4 16h2v2H4v-2zm16 0H8v2h12v-2z\" fill=\"currentColor\"><\/path><\/svg><svg style=\"fill: #999;color:#999\" class=\"arrow-unsorted-368013\" xmlns=\"http:\/\/www.w3.org\/2000\/svg\" width=\"10px\" height=\"10px\" viewBox=\"0 0 24 24\" version=\"1.2\" baseProfile=\"tiny\"><path d=\"M18.2 9.3l-6.2-6.3-6.2 6.3c-.2.2-.3.4-.3.7s.1.5.3.7c.2.2.4.3.7.3h11c.3 0 .5-.1.7-.3.2-.2.3-.5.3-.7s-.1-.5-.3-.7zM5.8 14.7l6.2 6.3 6.2-6.3c.2-.2.3-.5.3-.7s-.1-.5-.3-.7c-.2-.2-.4-.3-.7-.3h-11c-.3 0-.5.1-.7.3-.2.2-.3.5-.3.7s.1.5.3.7z\"\/><\/svg><\/span><\/span><\/span><\/a><\/span><\/div>\n<nav><ul class='ez-toc-list ez-toc-list-level-1 ' ><li class='ez-toc-page-1 ez-toc-heading-level-1'><a class=\"ez-toc-link ez-toc-heading-1\" href=\"https:\/\/www.marmottine.fr\/mag\/guides\/bijoux-personnalises\/matieres\/bijoux-personnalises-en-argent\/#Quel_prix_pour_des_bijoux_personnalises_en_argent\" title=\"Quel prix pour des bijoux personnalis\u00e9s en argent ?\">Quel prix pour des bijoux personnalis\u00e9s en argent ?<\/a><ul class='ez-toc-list-level-2' ><li class='ez-toc-heading-level-2'><a class=\"ez-toc-link ez-toc-heading-2\" href=\"https:\/\/www.marmottine.fr\/mag\/guides\/bijoux-personnalises\/matieres\/bijoux-personnalises-en-argent\/#Pourquoi_choisir_des_bijoux_personnalises_en_argent\" title=\"Pourquoi choisir des bijoux personnalis\u00e9s en argent ?\">Pourquoi choisir des bijoux personnalis\u00e9s en argent ?<\/a><\/li><li class='ez-toc-page-1 ez-toc-heading-level-2'><a class=\"ez-toc-link ez-toc-heading-3\" href=\"https:\/\/www.marmottine.fr\/mag\/guides\/bijoux-personnalises\/matieres\/bijoux-personnalises-en-argent\/#Les_facteurs_qui_influencent_le_prix_dun_bijou_en_argent_personnalisable\" title=\"Les facteurs qui influencent le prix d&rsquo;un bijou en argent personnalisable\">Les facteurs qui influencent le prix d&rsquo;un bijou en argent personnalisable<\/a><\/li><li class='ez-toc-page-1 ez-toc-heading-level-2'><a class=\"ez-toc-link ez-toc-heading-4\" href=\"https:\/\/www.marmottine.fr\/mag\/guides\/bijoux-personnalises\/matieres\/bijoux-personnalises-en-argent\/#Tranches_de_prix_pour_des_bijoux_en_argent_personnalises\" title=\"Tranches de prix pour des bijoux en argent personnalis\u00e9s\">Tranches de prix pour des bijoux en argent personnalis\u00e9s<\/a><\/li><li class='ez-toc-page-1 ez-toc-heading-level-2'><a class=\"ez-toc-link ez-toc-heading-5\" href=\"https:\/\/www.marmottine.fr\/mag\/guides\/bijoux-personnalises\/matieres\/bijoux-personnalises-en-argent\/#Comment_choisir_le_bon_artisan_pour_des_bijoux_en_argent_personnalises\" title=\"Comment choisir le bon artisan pour des bijoux en argent personnalis\u00e9s ?\">Comment choisir le bon artisan pour des bijoux en argent personnalis\u00e9s ?<\/a><\/li><\/ul><\/li><\/ul><\/nav><\/div>\n\n<figure id=\"attachment_919\" aria-describedby=\"caption-attachment-919\" style=\"width: 1200px\" class=\"wp-caption alignnone\"><img loading=\"lazy\" decoding=\"async\" class=\"size-full wp-image-919\" src=\"https:\/\/www.marmottine.fr\/mag\/wp-content\/uploads\/2024\/10\/bracelet-personnalise-argent-1.jpg\" alt=\"bracelet personnalis\u00e9 argent\" width=\"1200\" height=\"800\" srcset=\"https:\/\/www.marmottine.fr\/mag\/wp-content\/uploads\/2024\/10\/bracelet-personnalise-argent-1.jpg 1200w, https:\/\/www.marmottine.fr\/mag\/wp-content\/uploads\/2024\/10\/bracelet-personnalise-argent-1-300x200.jpg 300w, https:\/\/www.marmottine.fr\/mag\/wp-content\/uploads\/2024\/10\/bracelet-personnalise-argent-1-1024x683.jpg 1024w, https:\/\/www.marmottine.fr\/mag\/wp-content\/uploads\/2024\/10\/bracelet-personnalise-argent-1-768x512.jpg 768w\" sizes=\"(max-width: 1200px) 100vw, 1200px\" \/><figcaption id=\"caption-attachment-919\" class=\"wp-caption-text\">bracelet personnalis\u00e9 argent<\/figcaption><\/figure>\n<p><span style=\"font-weight: 400;\">Alliant \u00e9l\u00e9gance, durabilit\u00e9, originalit\u00e9 et esth\u00e9tisme, les <\/span><b>bijoux personnalis\u00e9s en argent<\/b><span style=\"font-weight: 400;\"> sont pris\u00e9s pour leur \u00e9clat et leur facilit\u00e9 \u00e0 en faire un <span style=\"text-decoration: underline;\">cadeau id\u00e9al en toutes circonstances<\/span>. Avant de vous lancer dans <\/span><b>l&rsquo;achat d&rsquo;un bijou en argent personnalis\u00e9<\/b><span style=\"font-weight: 400;\">, vous aimeriez certainement conna\u00eetre l&rsquo;ensemble des facteurs qui influent sur le prix de ce type de produit. Et bien c&rsquo;est ce que nous allons vous pr\u00e9senter aujourd&rsquo;hui dans ce guide <a href=\"https:\/\/www.marmottine.fr\/mag\/guides\/bijoux-personnalises\/matieres\">comment personnaliser son bijou selon sa mati\u00e8re<\/a>, comme l&rsquo;argent ! Suivez nos conseils et l&rsquo;achat de <span style=\"text-decoration: underline;\">bijoux en argent personnalis\u00e9s<\/span> en fonction de vos envies et de votre budget n&rsquo;aura plus de secret pour vous.\u00a0<\/span><\/p>\n<h2><span class=\"ez-toc-section\" id=\"Pourquoi_choisir_des_bijoux_personnalises_en_argent\"><\/span><b>Pourquoi choisir des bijoux personnalis\u00e9s en argent ?<\/b><span class=\"ez-toc-section-end\"><\/span><\/h2>\n<p><span style=\"font-weight: 400;\">Parmi les m\u00e9taux pr\u00e9cieux utilis\u00e9s en joaillerie, l&rsquo;argent fait partie de ceux que l&rsquo;on conna\u00eet depuis des si\u00e8cles pour ses <\/span><b>qualit\u00e9s esth\u00e9tiques et pratiques<\/b><span style=\"font-weight: 400;\">. Plus abordable que l&rsquo;or, il offre tout de m\u00eame un aspect raffin\u00e9 et une bonne r\u00e9sistance dans le temps. Choisir des bijoux en argent personnalis\u00e9s pr\u00e9sente d\u00e8s lors de multiples avantages. L&rsquo;argent est <\/span><b>robuste<\/b><span style=\"font-weight: 400;\">. Bien entretenu, un bijou en cette mati\u00e8re peut ais\u00e9ment durer toute la vie. \u00c9galement, il s&rsquo;agit d&rsquo;un m\u00e9tal qui s&rsquo;accorde ais\u00e9ment avec tous les styles, toutes les tenues.\u00a0<\/span><\/p>\n<p><span style=\"font-weight: 400;\">C&rsquo;est aussi un mat\u00e9riau dont la <\/span><b>personnalisation par la gravure<\/b><span style=\"font-weight: 400;\"> a \u00e9t\u00e9 longuement travaill\u00e9e et est maintenant tr\u00e8s bien ma\u00eetris\u00e9e. Enfin, c&rsquo;est un m\u00e9tal bien plus <\/span><b>accessible que d&rsquo;autres en termes de prix<\/b><span style=\"font-weight: 400;\"> : l&rsquo;argent, sans pour autant perdre en prestige, est moins cher que l&rsquo;or par exemple, le rendant ainsi id\u00e9al pour toutes les occasions. Mais alors, face \u00e0 ce <\/span><b>grand nombre d&rsquo;avantages<\/b><span style=\"font-weight: 400;\">, on peut se demander combien co\u00fbte r\u00e9ellement un bijou personnalis\u00e9 en argent. C&rsquo;est ce que nous allons d\u00e9tailler imm\u00e9diatement !\u00a0<\/span><\/p>\n<h2><span class=\"ez-toc-section\" id=\"Les_facteurs_qui_influencent_le_prix_dun_bijou_en_argent_personnalisable\"><\/span><b>Les facteurs qui influencent le prix d&rsquo;un bijou en argent personnalisable<\/b><span class=\"ez-toc-section-end\"><\/span><\/h2>\n<p><span style=\"font-weight: 400;\">Comme pour tous les mat\u00e9riaux, diff\u00e9rents facteurs vont avoir un impact sur le <\/span><b>prix final d&rsquo;un bijou en argent<\/b><span style=\"font-weight: 400;\">. Tout d&rsquo;abord, la <\/span><b>qualit\u00e9 du mat\u00e9riau<\/b><span style=\"font-weight: 400;\"> choisi. Il existe plusieurs types d&rsquo;argent, et si l&rsquo;un des plus connus est l&rsquo;argent sterling 925, c&rsquo;est avant tout parce qu&rsquo;il est l&rsquo;un des plus qualitatifs : compos\u00e9 \u00e0 92 % d&rsquo;argent et \u00e0 7 % d&rsquo;autres m\u00e9taux, il est un alli\u00e9 durable pour de nombreuses ann\u00e9es. Les gravures, les incrustations, et m\u00eame les changements de formes des bijoux en argent peuvent \u00e9galement contribuer \u00e0 faire augmenter le panier !\u00a0<\/span><\/p>\n<p><span style=\"font-weight: 400;\">De m\u00eame, et cela semble logique, la <\/span><b>taille et le poids du bijou<\/b><span style=\"font-weight: 400;\"> auront un impact sur son prix. Un petit bijou l\u00e9ger ne vaudra de toute \u00e9vidence pas le m\u00eame <span style=\"text-decoration: underline;\">prix qu&rsquo;un grand bijou<\/span> comme un collier par exemple. Enfin, si vous passez par un <\/span><b>cr\u00e9ateur ind\u00e9pendant<\/b><span style=\"font-weight: 400;\"> et que vous faites r\u00e9aliser vos bijoux sur-mesure \u00e0 la main, il y a de fortes chances pour que le prix propos\u00e9 soit plus \u00e9lev\u00e9 compte tenu du niveau de ma\u00eetrise exig\u00e9 pour une telle r\u00e9alisation.\u00a0<\/span><\/p>\n<h2><span class=\"ez-toc-section\" id=\"Tranches_de_prix_pour_des_bijoux_en_argent_personnalises\"><\/span><b>Tranches de prix pour des bijoux en argent personnalis\u00e9s<\/b><span class=\"ez-toc-section-end\"><\/span><\/h2>\n<figure id=\"attachment_920\" aria-describedby=\"caption-attachment-920\" style=\"width: 1200px\" class=\"wp-caption alignnone\"><img loading=\"lazy\" decoding=\"async\" class=\"size-full wp-image-920\" src=\"https:\/\/www.marmottine.fr\/mag\/wp-content\/uploads\/2024\/10\/bracelets-argent.jpg\" alt=\"bracelets argent\" width=\"1200\" height=\"800\" srcset=\"https:\/\/www.marmottine.fr\/mag\/wp-content\/uploads\/2024\/10\/bracelets-argent.jpg 1200w, https:\/\/www.marmottine.fr\/mag\/wp-content\/uploads\/2024\/10\/bracelets-argent-300x200.jpg 300w, https:\/\/www.marmottine.fr\/mag\/wp-content\/uploads\/2024\/10\/bracelets-argent-1024x683.jpg 1024w, https:\/\/www.marmottine.fr\/mag\/wp-content\/uploads\/2024\/10\/bracelets-argent-768x512.jpg 768w\" sizes=\"(max-width: 1200px) 100vw, 1200px\" \/><figcaption id=\"caption-attachment-920\" class=\"wp-caption-text\">bracelets argent<\/figcaption><\/figure>\n<p><span style=\"font-weight: 400;\">Nous avons \u00e9voqu\u00e9 les facteurs susceptibles de faire varier le prix des <span style=\"text-decoration: underline;\">bijoux en argent personnalis\u00e9s<\/span>, mais nous n&rsquo;avons pas encore pr\u00e9sent\u00e9 les prix possibles pour le moment. Rem\u00e9dions \u00e0 la situation sans plus tarder. Il existe diff\u00e9rents types de bijoux en argents :<\/span><\/p>\n<ul>\n<li style=\"font-weight: 400;\" aria-level=\"1\"><span style=\"font-weight: 400;\">Les bracelets<\/span><\/li>\n<li style=\"font-weight: 400;\" aria-level=\"1\"><span style=\"font-weight: 400;\">Les pendentifs et les colliers<\/span><\/li>\n<li style=\"font-weight: 400;\" aria-level=\"1\"><span style=\"font-weight: 400;\">Les bagues<\/span><\/li>\n<li style=\"font-weight: 400;\" aria-level=\"1\"><span style=\"font-weight: 400;\">Les boucles d&rsquo;oreilles<\/span><\/li>\n<\/ul>\n<p><span style=\"font-weight: 400;\">Pour chaque type de bijoux, des tranches de prix peuvent \u00eatre donn\u00e9es \u00e0 titre indicatif. Pour un <\/span><b>beau bracelet en argent<\/b><span style=\"font-weight: 400;\">, comptez entre <\/span><b>30 et 300 euros<\/b><span style=\"font-weight: 400;\"> pour les plus \u00e9labor\u00e9s. Une belle fourchette, qui montre la puissance de l&rsquo;argent et sa capacit\u00e9 \u00e0 \u00eatre utilis\u00e9 dans toutes les r\u00e9alisations, des plus simples aux plus complexes. Pour un <\/span><b>pendentif et son collier<\/b><span style=\"font-weight: 400;\">, vous pouvez ais\u00e9ment compter entre <\/span><b>50 et 150 euros<\/b><span style=\"font-weight: 400;\">, un prix variable en fonction de la complexit\u00e9 du design.\u00a0<\/span><\/p>\n<p><span style=\"font-weight: 400;\">Les bagues et les boucles d&rsquo;oreilles sont encore ce qui vous co\u00fbtera le moins cher. G\u00e9n\u00e9ralement simple, ce type de bijou peut \u00eatre achet\u00e9 pour 50 euros pour les mod\u00e8les les plus simples, ou encore plus de 100 euros pour les mod\u00e8les complexes. Pour \u00eatre s\u00fbr de faire le bon choix, n&rsquo;h\u00e9sitez pas \u00e0 comparer les prix et \u00e0 demander l&rsquo;avis de plusieurs professionnels des bijoux personnalis\u00e9s et faits sur mesure.\u00a0<\/span><\/p>\n<h2><span class=\"ez-toc-section\" id=\"Comment_choisir_le_bon_artisan_pour_des_bijoux_en_argent_personnalises\"><\/span><b>Comment choisir le bon artisan pour des bijoux en argent personnalis\u00e9s ?<\/b><span class=\"ez-toc-section-end\"><\/span><\/h2>\n<figure id=\"attachment_918\" aria-describedby=\"caption-attachment-918\" style=\"width: 1200px\" class=\"wp-caption alignnone\"><img loading=\"lazy\" decoding=\"async\" class=\"size-full wp-image-918\" src=\"https:\/\/www.marmottine.fr\/mag\/wp-content\/uploads\/2024\/10\/bola-argent.jpg\" alt=\"bola argent\" width=\"1200\" height=\"800\" srcset=\"https:\/\/www.marmottine.fr\/mag\/wp-content\/uploads\/2024\/10\/bola-argent.jpg 1200w, https:\/\/www.marmottine.fr\/mag\/wp-content\/uploads\/2024\/10\/bola-argent-300x200.jpg 300w, https:\/\/www.marmottine.fr\/mag\/wp-content\/uploads\/2024\/10\/bola-argent-1024x683.jpg 1024w, https:\/\/www.marmottine.fr\/mag\/wp-content\/uploads\/2024\/10\/bola-argent-768x512.jpg 768w\" sizes=\"(max-width: 1200px) 100vw, 1200px\" \/><figcaption id=\"caption-attachment-918\" class=\"wp-caption-text\">bola argent<\/figcaption><\/figure>\n<p><span style=\"font-weight: 400;\">Si vous d\u00e9sirez vous offrir ou <\/span><b>faire cadeau d&rsquo;un bijou en argent personnalisable<\/b><span style=\"font-weight: 400;\">, vous devrez commencer par trouver l&rsquo;artisan qui saura comprendre votre projet et lui donner vie. Pour faire votre choix parmi tous ces professionnels qui s&rsquo;offrent \u00e0 vous, voici quelques conseils. Dans un premier temps, renseignez-vous sur le web.<\/span><\/p>\n<p><span style=\"font-weight: 400;\">Vous trouverez facilement quelques <\/span><b>sites de cr\u00e9ateurs<\/b><span style=\"font-weight: 400;\">. Ensuite, d\u00e9partagez-les en consultant les <\/span><b>avis<\/b><span style=\"font-weight: 400;\"> laiss\u00e9s par les clients de ces artisans. De cette mani\u00e8re, vous aurez d\u00e9j\u00e0 op\u00e9r\u00e9 un premier tri efficace. Vient le moment de pr\u00e9senter votre projet \u00e0 l&rsquo;artisan. Cette \u00e9tape est primordiale, puisqu&rsquo;elle va permettre \u00e0 ce dernier de prendre connaissance de votre souhait de confirmer ou non sa capacit\u00e9 \u00e0 le r\u00e9aliser.\u00a0<\/span><\/p>\n<p><span style=\"font-weight: 400;\">Dans votre qu\u00eate du bijou parfait, vous aurez certainement le choix entre vous tourner vers des <\/span><b>grandes firmes de bijouteries<\/b><span style=\"font-weight: 400;\"> en cha\u00eene, ou vers des petits commer\u00e7ants ind\u00e9pendants. Nous vous recommandons d&rsquo;opter pour cette deuxi\u00e8me option. En plus de b\u00e9n\u00e9ficier d&rsquo;un savoir-faire exclusif, vous obtiendrez un <\/span><b>bijou unique produit \u00e0 la main<\/b><span style=\"font-weight: 400;\"> et donc incomparable avec un autre. Vous contribuerez \u00e9galement \u00e0 faire vivre et \u00e0 soutenir un plus petit commerce ce qui est toujours appr\u00e9ciable. Et vous faites m\u00eame un geste \u00e9cologique car les petits producteurs sont bien souvent plus <\/span><b>\u00e9co-responsables<\/b><span style=\"font-weight: 400;\"> que des entreprises nationales et internationales.\u00a0<\/span><\/p>\n<p><span style=\"font-weight: 400;\">L&rsquo;<\/span><b>achat de bijoux en argent personnalis\u00e9s<\/b><span style=\"font-weight: 400;\"> n&rsquo;a plus de secret pour vous ! Nous esp\u00e9rons que ce guide vous a plu et que sa lecture vous a aid\u00e9 dans votre choix. Si vous avez besoin de plus de renseignements concernant les prix des bijoux personnalis\u00e9s en argent, vous pourrez retrouver l&rsquo;ensemble des informations dont vous avez besoin sur notre site. Un bijou vous a tap\u00e9 dans l&rsquo;\u0153il au cours de la <\/span><b>visite de notre boutique<\/b><span style=\"font-weight: 400;\"> ? Alors n&rsquo;h\u00e9sitez plus ! Contactez-nous pour que nous puissions vous aider et vous <span style=\"text-decoration: underline;\">apporter tous les renseignements<\/span> sur celui qui deviendra peut-\u00eatre votre <\/span><b>nouvel accessoire favori<\/b><span style=\"font-weight: 400;\"> ! Nous esp\u00e9rons vous revoir bient\u00f4t chez la Marmottine.\u00a0<\/span><\/p>\n","protected":false},"excerpt":{"rendered":"<p>Quel prix pour des bijoux personnalis\u00e9s en argent ? Alliant \u00e9l\u00e9gance, durabilit\u00e9, originalit\u00e9 et esth\u00e9tisme, les bijoux personnalis\u00e9s en argent [&hellip;]<\/p>\n","protected":false},"author":4,"featured_media":919,"parent":854,"menu_order":8,"comment_status":"closed","ping_status":"closed","template":"","meta":{"site-sidebar-layout":"default","site-content-layout":"","ast-site-content-layout":"default","site-content-style":"default","site-sidebar-style":"default","ast-global-header-display":"","ast-banner-title-visibility":"","ast-main-header-display":"","ast-hfb-above-header-display":"","ast-hfb-below-header-display":"","ast-hfb-mobile-header-display":"","site-post-title":"","ast-breadcrumbs-content":"","ast-featured-img":"","footer-sml-layout":"","theme-transparent-header-meta":"default","adv-header-id-meta":"","stick-header-meta":"","header-above-stick-meta":"","header-main-stick-meta":"","header-below-stick-meta":"","astra-migrate-meta-layouts":"set","ast-page-background-enabled":"default","ast-page-background-meta":{"desktop":{"background-color":"var(--ast-global-color-4)","background-image":"","background-repeat":"repeat","background-position":"center center","background-size":"auto","background-attachment":"scroll","background-type":"","background-media":"","overlay-type":"","overlay-color":"","overlay-gradient":""},"tablet":{"background-color":"","background-image":"","background-repeat":"repeat","background-position":"center center","background-size":"auto","background-attachment":"scroll","background-type":"","background-media":"","overlay-type":"","overlay-color":"","overlay-gradient":""},"mobile":{"background-color":"","background-image":"","background-repeat":"repeat","background-position":"center center","background-size":"auto","background-attachment":"scroll","background-type":"","background-media":"","overlay-type":"","overlay-color":"","overlay-gradient":""}},"ast-content-background-meta":{"desktop":{"background-color":"var(--ast-global-color-5)","background-image":"","background-repeat":"repeat","background-position":"center center","background-size":"auto","background-attachment":"scroll","background-type":"","background-media":"","overlay-type":"","overlay-color":"","overlay-gradient":""},"tablet":{"background-color":"var(--ast-global-color-5)","background-image":"","background-repeat":"repeat","background-position":"center center","background-size":"auto","background-attachment":"scroll","background-type":"","background-media":"","overlay-type":"","overlay-color":"","overlay-gradient":""},"mobile":{"background-color":"var(--ast-global-color-5)","background-image":"","background-repeat":"repeat","background-position":"center center","background-size":"auto","background-attachment":"scroll","background-type":"","background-media":"","overlay-type":"","overlay-color":"","overlay-gradient":""}},"footnotes":""},"aioseo_notices":[],"_links":{"self":[{"href":"https:\/\/www.marmottine.fr\/mag\/wp-json\/wp\/v2\/pages\/880"}],"collection":[{"href":"https:\/\/www.marmottine.fr\/mag\/wp-json\/wp\/v2\/pages"}],"about":[{"href":"https:\/\/www.marmottine.fr\/mag\/wp-json\/wp\/v2\/types\/page"}],"author":[{"embeddable":true,"href":"https:\/\/www.marmottine.fr\/mag\/wp-json\/wp\/v2\/users\/4"}],"replies":[{"embeddable":true,"href":"https:\/\/www.marmottine.fr\/mag\/wp-json\/wp\/v2\/comments?post=880"}],"version-history":[{"count":4,"href":"https:\/\/www.marmottine.fr\/mag\/wp-json\/wp\/v2\/pages\/880\/revisions"}],"predecessor-version":[{"id":946,"href":"https:\/\/www.marmottine.fr\/mag\/wp-json\/wp\/v2\/pages\/880\/revisions\/946"}],"up":[{"embeddable":true,"href":"https:\/\/www.marmottine.fr\/mag\/wp-json\/wp\/v2\/pages\/854"}],"wp:featuredmedia":[{"embeddable":true,"href":"https:\/\/www.marmottine.fr\/mag\/wp-json\/wp\/v2\/media\/919"}],"wp:attachment":[{"href":"https:\/\/www.marmottine.fr\/mag\/wp-json\/wp\/v2\/media?parent=880"}],"curies":[{"name":"wp","href":"https:\/\/api.w.org\/{rel}","templated":true}]}}