{"id":786,"date":"2024-10-08T10:49:40","date_gmt":"2024-10-08T08:49:40","guid":{"rendered":"https:\/\/www.marmottine.fr\/mag\/?page_id=786"},"modified":"2024-11-04T18:20:28","modified_gmt":"2024-11-04T17:20:28","slug":"pour-une-communion","status":"publish","type":"page","link":"https:\/\/www.marmottine.fr\/mag\/guides\/bijoux-personnalises\/choisir-selon-occasion\/pour-une-communion","title":{"rendered":"Quels sont les bijoux personnalis\u00e9s pour une communion ?"},"content":{"rendered":"<h1><span class=\"ez-toc-section\" id=\"Quels_sont_les_bijoux_personnalises_pour_une_communion\"><\/span><b>Quels sont les bijoux personnalis\u00e9s pour une communion ?\u00a0<\/b><span class=\"ez-toc-section-end\"><\/span><\/h1><div id=\"ez-toc-container\" class=\"ez-toc-v2_0_69_1 counter-hierarchy ez-toc-counter ez-toc-grey ez-toc-container-direction\">\n<div class=\"ez-toc-title-container\">\n<p class=\"ez-toc-title\" style=\"cursor:inherit\">Sommaire<\/p>\n<span class=\"ez-toc-title-toggle\"><a href=\"#\" class=\"ez-toc-pull-right ez-toc-btn ez-toc-btn-xs ez-toc-btn-default ez-toc-toggle\" aria-label=\"Toggle Table of Content\"><span class=\"ez-toc-js-icon-con\"><span class=\"\"><span class=\"eztoc-hide\" style=\"display:none;\">Toggle<\/span><span class=\"ez-toc-icon-toggle-span\"><svg style=\"fill: #999;color:#999\" xmlns=\"http:\/\/www.w3.org\/2000\/svg\" class=\"list-377408\" width=\"20px\" height=\"20px\" viewBox=\"0 0 24 24\" fill=\"none\"><path d=\"M6 6H4v2h2V6zm14 0H8v2h12V6zM4 11h2v2H4v-2zm16 0H8v2h12v-2zM4 16h2v2H4v-2zm16 0H8v2h12v-2z\" fill=\"currentColor\"><\/path><\/svg><svg style=\"fill: #999;color:#999\" class=\"arrow-unsorted-368013\" xmlns=\"http:\/\/www.w3.org\/2000\/svg\" width=\"10px\" height=\"10px\" viewBox=\"0 0 24 24\" version=\"1.2\" baseProfile=\"tiny\"><path d=\"M18.2 9.3l-6.2-6.3-6.2 6.3c-.2.2-.3.4-.3.7s.1.5.3.7c.2.2.4.3.7.3h11c.3 0 .5-.1.7-.3.2-.2.3-.5.3-.7s-.1-.5-.3-.7zM5.8 14.7l6.2 6.3 6.2-6.3c.2-.2.3-.5.3-.7s-.1-.5-.3-.7c-.2-.2-.4-.3-.7-.3h-11c-.3 0-.5.1-.7.3-.2.2-.3.5-.3.7s.1.5.3.7z\"\/><\/svg><\/span><\/span><\/span><\/a><\/span><\/div>\n<nav><ul class='ez-toc-list ez-toc-list-level-1 ' ><li class='ez-toc-page-1 ez-toc-heading-level-1'><a class=\"ez-toc-link ez-toc-heading-1\" href=\"https:\/\/www.marmottine.fr\/mag\/guides\/bijoux-personnalises\/choisir-selon-occasion\/pour-une-communion\/#Quels_sont_les_bijoux_personnalises_pour_une_communion\" title=\"Quels sont les bijoux personnalis\u00e9s pour une communion ?\u00a0\">Quels sont les bijoux personnalis\u00e9s pour une communion ?\u00a0<\/a><ul class='ez-toc-list-level-2' ><li class='ez-toc-heading-level-2'><a class=\"ez-toc-link ez-toc-heading-2\" href=\"https:\/\/www.marmottine.fr\/mag\/guides\/bijoux-personnalises\/choisir-selon-occasion\/pour-une-communion\/#Un_bijou_personnalise_pour_un_jour_unique\" title=\"Un bijou personnalis\u00e9 pour un jour unique\u00a0\">Un bijou personnalis\u00e9 pour un jour unique\u00a0<\/a><ul class='ez-toc-list-level-3' ><li class='ez-toc-heading-level-3'><a class=\"ez-toc-link ez-toc-heading-3\" href=\"https:\/\/www.marmottine.fr\/mag\/guides\/bijoux-personnalises\/choisir-selon-occasion\/pour-une-communion\/#La_communion_fete_religieuse\" title=\"La communion, f\u00eate religieuse\u00a0\">La communion, f\u00eate religieuse\u00a0<\/a><\/li><li class='ez-toc-page-1 ez-toc-heading-level-3'><a class=\"ez-toc-link ez-toc-heading-4\" href=\"https:\/\/www.marmottine.fr\/mag\/guides\/bijoux-personnalises\/choisir-selon-occasion\/pour-une-communion\/#La_communion_un_jour_singulier_dans_une_vie\" title=\"La communion, un jour singulier dans une vie\u00a0\">La communion, un jour singulier dans une vie\u00a0<\/a><\/li><li class='ez-toc-page-1 ez-toc-heading-level-3'><a class=\"ez-toc-link ez-toc-heading-5\" href=\"https:\/\/www.marmottine.fr\/mag\/guides\/bijoux-personnalises\/choisir-selon-occasion\/pour-une-communion\/#Petite_communion_ou_profession_de_foi_le_bijou_doit_tenir_compte_lage_de_lenfant\" title=\"Petite communion ou profession de foi : le bijou doit tenir compte l&rsquo;\u00e2ge de l&rsquo;enfant\u00a0\">Petite communion ou profession de foi : le bijou doit tenir compte l&rsquo;\u00e2ge de l&rsquo;enfant\u00a0<\/a><\/li><\/ul><\/li><li class='ez-toc-page-1 ez-toc-heading-level-2'><a class=\"ez-toc-link ez-toc-heading-6\" href=\"https:\/\/www.marmottine.fr\/mag\/guides\/bijoux-personnalises\/choisir-selon-occasion\/pour-une-communion\/#Les_bijoux_personnalises_avec_des_symboles_religieux\" title=\"Les bijoux personnalis\u00e9s avec des symboles religieux\u00a0\">Les bijoux personnalis\u00e9s avec des symboles religieux\u00a0<\/a><\/li><li class='ez-toc-page-1 ez-toc-heading-level-2'><a class=\"ez-toc-link ez-toc-heading-7\" href=\"https:\/\/www.marmottine.fr\/mag\/guides\/bijoux-personnalises\/choisir-selon-occasion\/pour-une-communion\/#Les_bijoux_personnalises_de_vie\" title=\"Les bijoux personnalis\u00e9s de vie\">Les bijoux personnalis\u00e9s de vie<\/a><\/li><li class='ez-toc-page-1 ez-toc-heading-level-2'><a class=\"ez-toc-link ez-toc-heading-8\" href=\"https:\/\/www.marmottine.fr\/mag\/guides\/bijoux-personnalises\/choisir-selon-occasion\/pour-une-communion\/#Les_bijoux_personnalises_classiques\" title=\"Les bijoux personnalis\u00e9s classiques\u00a0\">Les bijoux personnalis\u00e9s classiques\u00a0<\/a><\/li><li class='ez-toc-page-1 ez-toc-heading-level-2'><a class=\"ez-toc-link ez-toc-heading-9\" href=\"https:\/\/www.marmottine.fr\/mag\/guides\/bijoux-personnalises\/choisir-selon-occasion\/pour-une-communion\/#Les_autres_bijoux_personnalises_pour_communion\" title=\"Les autres bijoux personnalis\u00e9s pour communion\u00a0\">Les autres bijoux personnalis\u00e9s pour communion\u00a0<\/a><\/li><li class='ez-toc-page-1 ez-toc-heading-level-2'><a class=\"ez-toc-link ez-toc-heading-10\" href=\"https:\/\/www.marmottine.fr\/mag\/guides\/bijoux-personnalises\/choisir-selon-occasion\/pour-une-communion\/#Matieres_et_formes_des_bijoux_personnalises_pour_une_communion\" title=\"Mati\u00e8res et formes des bijoux personnalis\u00e9s pour une communion\u00a0\">Mati\u00e8res et formes des bijoux personnalis\u00e9s pour une communion\u00a0<\/a><ul class='ez-toc-list-level-3' ><li class='ez-toc-heading-level-3'><a class=\"ez-toc-link ez-toc-heading-11\" href=\"https:\/\/www.marmottine.fr\/mag\/guides\/bijoux-personnalises\/choisir-selon-occasion\/pour-une-communion\/#Les_matieres_et_pierres\" title=\"Les mati\u00e8res et pierres\u00a0\">Les mati\u00e8res et pierres\u00a0<\/a><\/li><li class='ez-toc-page-1 ez-toc-heading-level-3'><a class=\"ez-toc-link ez-toc-heading-12\" href=\"https:\/\/www.marmottine.fr\/mag\/guides\/bijoux-personnalises\/choisir-selon-occasion\/pour-une-communion\/#La_valeur_eternelle_de_lor\" title=\"La valeur \u00e9ternelle de l&rsquo;or\u00a0\">La valeur \u00e9ternelle de l&rsquo;or\u00a0<\/a><\/li><li class='ez-toc-page-1 ez-toc-heading-level-3'><a class=\"ez-toc-link ez-toc-heading-13\" href=\"https:\/\/www.marmottine.fr\/mag\/guides\/bijoux-personnalises\/choisir-selon-occasion\/pour-une-communion\/#Formes_de_nos_bijoux_personnalises_pour_communion\" title=\"Formes de nos bijoux personnalis\u00e9s pour communion\u00a0\">Formes de nos bijoux personnalis\u00e9s pour communion\u00a0<\/a><\/li><\/ul><\/li><\/ul><\/li><\/ul><\/nav><\/div>\n\n<figure id=\"attachment_789\" aria-describedby=\"caption-attachment-789\" style=\"width: 1200px\" class=\"wp-caption alignnone\"><img loading=\"lazy\" decoding=\"async\" class=\"size-full wp-image-789\" src=\"https:\/\/www.marmottine.fr\/mag\/wp-content\/uploads\/2024\/10\/medaille-ange-communion.jpg\" alt=\"medaille ange communion\" width=\"1200\" height=\"800\" srcset=\"https:\/\/www.marmottine.fr\/mag\/wp-content\/uploads\/2024\/10\/medaille-ange-communion.jpg 1200w, https:\/\/www.marmottine.fr\/mag\/wp-content\/uploads\/2024\/10\/medaille-ange-communion-300x200.jpg 300w, https:\/\/www.marmottine.fr\/mag\/wp-content\/uploads\/2024\/10\/medaille-ange-communion-1024x683.jpg 1024w, https:\/\/www.marmottine.fr\/mag\/wp-content\/uploads\/2024\/10\/medaille-ange-communion-768x512.jpg 768w\" sizes=\"(max-width: 1200px) 100vw, 1200px\" \/><figcaption id=\"caption-attachment-789\" class=\"wp-caption-text\">medaille ange communion<\/figcaption><\/figure>\n<p><span style=\"font-weight: 400;\">Une communion est avant tout <\/span><b>une c\u00e9r\u00e9monie religieuse<\/b><span style=\"font-weight: 400;\"> qui donne l&rsquo;occasion de <span style=\"text-decoration: underline;\">r\u00e9unir toute la famille<\/span>. Lors de cette c\u00e9l\u00e9bration, il est coutume d&rsquo;offrir un cadeau \u00e0 l&rsquo;enfant qui fait sa communion. Parrain, marraine, parents se concertent et s&rsquo;unissent la plupart du temps pour se prononcer sur la nature du cadeau. <a href=\"https:\/\/www.marmottine.fr\/mag\/guides\/bijoux-personnalises\/choisir-selon-occasion\">Le bijou personnalis\u00e9 pour cette occasion particuli\u00e8re<\/a> demeure un <\/span><b>pr\u00e9sent \u00e9ternel<\/b><span style=\"font-weight: 400;\"> pour la communiante ou le communiant qui le conservera toute sa vie. Nous avons r\u00e9dig\u00e9 ce guide complet pour vous aider, vous conseiller sur le choix d&rsquo;un bijou personnalis\u00e9 pour une communion.\u00a0<\/span><\/p>\n<h2><span class=\"ez-toc-section\" id=\"Un_bijou_personnalise_pour_un_jour_unique\"><\/span><b>Un bijou personnalis\u00e9 pour un jour unique\u00a0<\/b><span class=\"ez-toc-section-end\"><\/span><\/h2>\n<p><span style=\"font-weight: 400;\">Pour s\u00e9lectionner un <span style=\"text-decoration: underline;\">bijou personnalis\u00e9 pour une communion<\/span>, gardons \u00e0 l&rsquo;esprit trois \u00e9l\u00e9ments qui d\u00e9terminent le choix :\u00a0<\/span><\/p>\n<ul>\n<li style=\"font-weight: 400;\" aria-level=\"1\"><span style=\"font-weight: 400;\">la communion est une c\u00e9r\u00e9monie religieuse<\/span><\/li>\n<li style=\"font-weight: 400;\" aria-level=\"1\"><span style=\"font-weight: 400;\">la communion est un jour particulier<\/span><\/li>\n<li style=\"font-weight: 400;\" aria-level=\"1\"><span style=\"font-weight: 400;\">l&rsquo;\u00e2ge de l&rsquo;enfant est \u00e0 consid\u00e9rer<\/span><\/li>\n<\/ul>\n<h3><span class=\"ez-toc-section\" id=\"La_communion_fete_religieuse\"><\/span><b>La communion, f\u00eate religieuse\u00a0<\/b><span class=\"ez-toc-section-end\"><\/span><\/h3>\n<p><span style=\"font-weight: 400;\">La communion est une f\u00eate religieuse et marque dans la vie de l&rsquo;enfant <\/span><b>une \u00e9tape primordiale dans son parcours spirituel<\/b><span style=\"font-weight: 400;\">. Il est guid\u00e9 dans son cheminement religieux par son parrain et sa marraine d&rsquo;une part, par ses parents d&rsquo;autre part. <\/span><b>Le bijou de communion symbolise aussi le lien fort<\/b><span style=\"font-weight: 400;\">, l&rsquo;attachement entre les adultes protecteurs qui se sont engag\u00e9s et l&rsquo;enfant.<\/span><\/p>\n<h3><span class=\"ez-toc-section\" id=\"La_communion_un_jour_singulier_dans_une_vie\"><\/span><b>La communion, un jour singulier dans une vie\u00a0<\/b><span class=\"ez-toc-section-end\"><\/span><\/h3>\n<p><span style=\"font-weight: 400;\">La communion est souvent <\/span><b>une grande f\u00eate familiale<\/b><span style=\"font-weight: 400;\"> durant laquelle l&rsquo;enfant retrouve ses cousins, oncles, tantes&#8230; Il vit une <span style=\"text-decoration: underline;\">journ\u00e9e inoubliable<\/span>, qui lui est consacr\u00e9e et qui participe \u00e0 l&rsquo;unit\u00e9 de sa famille. Le bijou choisi pour ce jour singulier doit \u00eatre unique, personnalis\u00e9. L&rsquo;enfant devenu adulte se souvient de ce jour et porte g\u00e9n\u00e9ralement tr\u00e8s longtemps le bijou offert, parfois toute la vie.<\/span><\/p>\n<h3><span class=\"ez-toc-section\" id=\"Petite_communion_ou_profession_de_foi_le_bijou_doit_tenir_compte_lage_de_lenfant\"><\/span><b>Petite communion ou profession de foi : le bijou doit tenir compte l&rsquo;\u00e2ge de l&rsquo;enfant\u00a0<\/b><span class=\"ez-toc-section-end\"><\/span><\/h3>\n<p><span style=\"font-weight: 400;\">Le <span style=\"text-decoration: underline;\">cadeau personnalis\u00e9<\/span> pour une communion doit tout de m\u00eame concorder avec l&rsquo;\u00e2ge de l&rsquo;enfant. Quel \u00e2ge a l&rsquo;enfant ? L&rsquo;enfant fait-il sa premi\u00e8re communion, appel\u00e9e autrefois communion priv\u00e9e ou petite communion ? Elle est c\u00e9l\u00e9br\u00e9e vers l&rsquo;\u00e2ge de 8 ou 9 ans selon les dioc\u00e8ses. Ou bien est-il plus \u00e2g\u00e9 ? La communion solennelle, la grande communion ou encore la profession de foi a lieu lorsque l&rsquo;enfant atteint 11 ou 12 ans. Il faut int\u00e9grer cet \u00e9l\u00e9ment, l&rsquo;enfant de 8 ans appr\u00e9ciera certains cadeaux qu&rsquo;un pr\u00e9adolescent de 11\/12 ans n&rsquo;acceptera plus.\u00a0<\/span><\/p>\n<p><span style=\"font-weight: 400;\">Le bijou personnalis\u00e9 pour une communion doit donc r\u00e9pondre \u00e0 ces trois exigences simultan\u00e9ment. Plusieurs cat\u00e9gories de <span style=\"text-decoration: underline;\">bijoux personnalis\u00e9s<\/span> semblent correspondre aux caract\u00e9ristiques d&rsquo;une communion :<\/span><\/p>\n<ul>\n<li style=\"font-weight: 400;\" aria-level=\"1\"><span style=\"font-weight: 400;\">les bijoux personnalis\u00e9s avec des symboles religieux<\/span><\/li>\n<li style=\"font-weight: 400;\" aria-level=\"1\"><span style=\"font-weight: 400;\">les bijoux personnalis\u00e9s de vie symbolisant les \u00e9tapes de l&rsquo;enfant<\/span><\/li>\n<li style=\"font-weight: 400;\" aria-level=\"1\"><span style=\"font-weight: 400;\">les bijoux personnalis\u00e9s classiques<\/span><\/li>\n<li style=\"font-weight: 400;\" aria-level=\"1\"><span style=\"font-weight: 400;\">les autres bijoux personnalis\u00e9s<\/span><\/li>\n<\/ul>\n<h2><span class=\"ez-toc-section\" id=\"Les_bijoux_personnalises_avec_des_symboles_religieux\"><\/span><b>Les bijoux personnalis\u00e9s avec des symboles religieux\u00a0<\/b><span class=\"ez-toc-section-end\"><\/span><\/h2>\n<figure id=\"attachment_790\" aria-describedby=\"caption-attachment-790\" style=\"width: 1200px\" class=\"wp-caption alignnone\"><img loading=\"lazy\" decoding=\"async\" class=\"size-full wp-image-790\" src=\"https:\/\/www.marmottine.fr\/mag\/wp-content\/uploads\/2024\/10\/medaille-vierge-communion.jpg\" alt=\"medaille vierge communion\" width=\"1200\" height=\"800\" srcset=\"https:\/\/www.marmottine.fr\/mag\/wp-content\/uploads\/2024\/10\/medaille-vierge-communion.jpg 1200w, https:\/\/www.marmottine.fr\/mag\/wp-content\/uploads\/2024\/10\/medaille-vierge-communion-300x200.jpg 300w, https:\/\/www.marmottine.fr\/mag\/wp-content\/uploads\/2024\/10\/medaille-vierge-communion-1024x683.jpg 1024w, https:\/\/www.marmottine.fr\/mag\/wp-content\/uploads\/2024\/10\/medaille-vierge-communion-768x512.jpg 768w\" sizes=\"(max-width: 1200px) 100vw, 1200px\" \/><figcaption id=\"caption-attachment-790\" class=\"wp-caption-text\">medaille vierge communion<\/figcaption><\/figure>\n<p><span style=\"font-weight: 400;\">Que ce soit pour une <span style=\"text-decoration: underline;\">communion priv\u00e9e ou pour une communion solennelle<\/span>, le bijou personnalis\u00e9 aux motifs religieux garde <\/span><b>une place importante dans le choix des parents<\/b><span style=\"font-weight: 400;\">. Vous pourrez visualiser le <\/span><b>vaste choix de symboles religieux<\/b><span style=\"font-weight: 400;\"> dans notre catalogue : ange, arbre, christ, colombe, croix, \u00e9toile, vierge, Saint-Christophe ou la m\u00e9daille miraculeuse. Ils apportent une forte valeur spirituelle. Les symboles religieux s&rsquo;associent \u00e0 plusieurs bijoux pour cr\u00e9er un objet personnalis\u00e9 : bracelets, colliers, m\u00e9dailles, pendentifs ou boucles d&rsquo;oreilles. Pour les familles pratiquantes et croyantes, le <span style=\"text-decoration: underline;\">bijou personnalis\u00e9 religieux<\/span> pour une communion conserve une place primordiale dans <\/span><b>la tradition familiale<\/b><span style=\"font-weight: 400;\">.<\/span><\/p>\n<h2><span class=\"ez-toc-section\" id=\"Les_bijoux_personnalises_de_vie\"><\/span><b>Les bijoux personnalis\u00e9s de vie<\/b><span class=\"ez-toc-section-end\"><\/span><\/h2>\n<p><span style=\"font-weight: 400;\">Notre boutique en ligne d\u00e9finit les bijoux de cette cat\u00e9gorie par tous les bijoux personnalis\u00e9s qui indiquent : le pr\u00e9nom de l&rsquo;enfant, <\/span><b>les nombres cl\u00e9s de sa vie<\/b><span style=\"font-weight: 400;\"> : la date de naissance, la date de la communion, mais \u00e9galement les empreintes de main ou de pied de l&rsquo;enfant, des textes ou des dessins personnels&#8230;\u00a0 Ils sont d\u00e9clin\u00e9s en jetons, pendentifs, m\u00e9dailles, plaques, pastilles, galets, gourmettes, bracelets, bracelets cha\u00eenes, bracelets cordons&#8230; Ils peuvent se combiner avec des motifs religieux.<\/span><\/p>\n<h2><span class=\"ez-toc-section\" id=\"Les_bijoux_personnalises_classiques\"><\/span><b>Les bijoux personnalis\u00e9s classiques\u00a0<\/b><span class=\"ez-toc-section-end\"><\/span><\/h2>\n<p><span style=\"font-weight: 400;\">Parrain et marraine, parents, grands-parents, si vous \u00eates \u00e0 la recherche d&rsquo;un bijou personnalis\u00e9 pour communion, n&rsquo;oubliez pas les grands classiques. Parmi eux, la montre conserve toujours une place \u00e0 part. Malgr\u00e9 l&rsquo;av\u00e8nement des portables et la baisse d&rsquo;int\u00e9r\u00eat qu&rsquo;elle subit, la montre reste toutefois <\/span><b>un symbole fort dans la vie d&rsquo;un enfant<\/b><span style=\"font-weight: 400;\">. C&rsquo;est le bijou id\u00e9al pour une telle cons\u00e9cration. Il est possible de la personnaliser en y ajoutant une gravure avec un texte au choix.\u00a0<\/span><\/p>\n<h2><span class=\"ez-toc-section\" id=\"Les_autres_bijoux_personnalises_pour_communion\"><\/span><b>Les autres bijoux personnalis\u00e9s pour communion\u00a0<\/b><span class=\"ez-toc-section-end\"><\/span><\/h2>\n<figure id=\"attachment_788\" aria-describedby=\"caption-attachment-788\" style=\"width: 1200px\" class=\"wp-caption alignnone\"><img loading=\"lazy\" decoding=\"async\" class=\"size-full wp-image-788\" src=\"https:\/\/www.marmottine.fr\/mag\/wp-content\/uploads\/2024\/10\/gourmette-communion.jpg\" alt=\"gourmette communion\" width=\"1200\" height=\"800\" srcset=\"https:\/\/www.marmottine.fr\/mag\/wp-content\/uploads\/2024\/10\/gourmette-communion.jpg 1200w, https:\/\/www.marmottine.fr\/mag\/wp-content\/uploads\/2024\/10\/gourmette-communion-300x200.jpg 300w, https:\/\/www.marmottine.fr\/mag\/wp-content\/uploads\/2024\/10\/gourmette-communion-1024x683.jpg 1024w, https:\/\/www.marmottine.fr\/mag\/wp-content\/uploads\/2024\/10\/gourmette-communion-768x512.jpg 768w\" sizes=\"(max-width: 1200px) 100vw, 1200px\" \/><figcaption id=\"caption-attachment-788\" class=\"wp-caption-text\">gourmette communion<\/figcaption><\/figure>\n<p><span style=\"font-weight: 400;\">Les <\/span><b>bijoux personnalis\u00e9s pour filles ou pour gar\u00e7ons<\/b><span style=\"font-weight: 400;\"> sont pr\u00e9sents dans notre offre, ils se distinguent en bracelets roses, bracelets bleus, boucles d&rsquo;oreilles, bracelet jonc pour adolescente, colliers, pendentifs avec symbole f\u00e9minin ou masculin. D&rsquo;autres bijoux et d&rsquo;autres motifs peuvent composer un bijou personnalis\u00e9 pour communion priv\u00e9e ou <span style=\"text-decoration: underline;\">pour profession de foi<\/span> : bracelets, m\u00e9dailles ou collier avec signe astrologique, c\u0153ur, tr\u00e8fle, papillon, nuage, pi, rond&#8230;\u00a0<\/span><\/p>\n<h2><span class=\"ez-toc-section\" id=\"Matieres_et_formes_des_bijoux_personnalises_pour_une_communion\"><\/span><b>Mati\u00e8res et formes des bijoux personnalis\u00e9s pour une communion\u00a0<\/b><span class=\"ez-toc-section-end\"><\/span><\/h2>\n<h3><span class=\"ez-toc-section\" id=\"Les_matieres_et_pierres\"><\/span><b>Les mati\u00e8res et pierres\u00a0<\/b><span class=\"ez-toc-section-end\"><\/span><\/h3>\n<p><span style=\"font-weight: 400;\">Tous nos bijoux personnalis\u00e9s pour communion sont fabriqu\u00e9s dans plusieurs mati\u00e8res : argent, argent plaqu\u00e9 rhodi\u00e9, tissu liberty, cuir, cordon polyester, or, or blanc 9 ou 18 carats, or jaune 9 ou 18 carats, plaqu\u00e9 or, or rose 18 carats. Certains portent une ou des perles de culture, des perles blanches. Les bijoux personnalis\u00e9s les plus pr\u00e9cieux sont incrust\u00e9s de pierres pr\u00e9cieuses authentiques : \u00e9meraude, diamant ou rubis.<\/span><\/p>\n<h3><span class=\"ez-toc-section\" id=\"La_valeur_eternelle_de_lor\"><\/span><b>La valeur \u00e9ternelle de l&rsquo;or\u00a0<\/b><span class=\"ez-toc-section-end\"><\/span><\/h3>\n<p><span style=\"font-weight: 400;\">L&rsquo;or et l&rsquo;argent rencontrent toujours un grand succ\u00e8s lorsqu&rsquo;il s&rsquo;agit d&rsquo;acheter un bijou personnalis\u00e9 pour une c\u00e9l\u00e9bration religieuse. Ils sont toujours associ\u00e9s <span style=\"text-decoration: underline;\">aux grands \u00e9v\u00e8nements<\/span>, \u00e0 la long\u00e9vit\u00e9, \u00e0 la qualit\u00e9. Toutefois, les bracelets en cuir, en tissu liberty plaisent davantage aux adolescents. Plus dans l&rsquo;air du temps, ils sont plus faciles \u00e0 porter au quotidien et s&rsquo;harmonisent avec toutes les tenues vestimentaires des jeunes.\u00a0<\/span><\/p>\n<h3><span class=\"ez-toc-section\" id=\"Formes_de_nos_bijoux_personnalises_pour_communion\"><\/span><b>Formes de nos bijoux personnalis\u00e9s pour communion\u00a0<\/b><span class=\"ez-toc-section-end\"><\/span><\/h3>\n<p><span style=\"font-weight: 400;\">Enfin, tous nos bijoux personnalis\u00e9s pour communion sont disponibles <span style=\"text-decoration: underline;\">dans une multitude de formes,<\/span> par exemple : arbre de vie ajour\u00e9, pendentif croix d\u00e9tour\u00e9, m\u00e9daille vierge en relief, m\u00e9daille vierge design ou art d\u00e9co, m\u00e9daille croix en n\u00e9gatif, typographies vari\u00e9es pour textes et nombres, bracelets cordons, cha\u00eenes ajustables, fermoir par mousqueton, cha\u00eene mailles cheval altern\u00e9es, mailles for\u00e7at, mailles jaseron&#8230;<\/span><\/p>\n<p><span style=\"font-weight: 400;\">Parrain, marraine, parents, n&rsquo;h\u00e9sitez pas \u00e0 nous consulter pour<\/span><a href=\"https:\/\/www.marmottine.fr\/mag\/guides\/bijoux-personnalises\/choisir-selon-occasion\/pour-une-communion\/quel-bijou-choisir-pour-un-cadeau-de-communion\"><b> cr\u00e9er le plus beau bijou personnalis\u00e9 de communion<\/b><\/a><span style=\"font-weight: 400;\"> pour votre filleule, filleul, enfant afin de c\u00e9l\u00e9brer ce jour unique.\u00a0<\/span><\/p>\n","protected":false},"excerpt":{"rendered":"<p>Quels sont les bijoux personnalis\u00e9s pour une communion ?\u00a0 Une communion est avant tout une c\u00e9r\u00e9monie religieuse qui donne l&rsquo;occasion [&hellip;]<\/p>\n","protected":false},"author":4,"featured_media":789,"parent":440,"menu_order":1,"comment_status":"closed","ping_status":"closed","template":"","meta":{"site-sidebar-layout":"default","site-content-layout":"","ast-site-content-layout":"default","site-content-style":"default","site-sidebar-style":"default","ast-global-header-display":"","ast-banner-title-visibility":"","ast-main-header-display":"","ast-hfb-above-header-display":"","ast-hfb-below-header-display":"","ast-hfb-mobile-header-display":"","site-post-title":"","ast-breadcrumbs-content":"","ast-featured-img":"","footer-sml-layout":"","theme-transparent-header-meta":"default","adv-header-id-meta":"","stick-header-meta":"","header-above-stick-meta":"","header-main-stick-meta":"","header-below-stick-meta":"","astra-migrate-meta-layouts":"set","ast-page-background-enabled":"default","ast-page-background-meta":{"desktop":{"background-color":"var(--ast-global-color-4)","background-image":"","background-repeat":"repeat","background-position":"center center","background-size":"auto","background-attachment":"scroll","background-type":"","background-media":"","overlay-type":"","overlay-color":"","overlay-gradient":""},"tablet":{"background-color":"","background-image":"","background-repeat":"repeat","background-position":"center center","background-size":"auto","background-attachment":"scroll","background-type":"","background-media":"","overlay-type":"","overlay-color":"","overlay-gradient":""},"mobile":{"background-color":"","background-image":"","background-repeat":"repeat","background-position":"center center","background-size":"auto","background-attachment":"scroll","background-type":"","background-media":"","overlay-type":"","overlay-color":"","overlay-gradient":""}},"ast-content-background-meta":{"desktop":{"background-color":"var(--ast-global-color-5)","background-image":"","background-repeat":"repeat","background-position":"center center","background-size":"auto","background-attachment":"scroll","background-type":"","background-media":"","overlay-type":"","overlay-color":"","overlay-gradient":""},"tablet":{"background-color":"var(--ast-global-color-5)","background-image":"","background-repeat":"repeat","background-position":"center center","background-size":"auto","background-attachment":"scroll","background-type":"","background-media":"","overlay-type":"","overlay-color":"","overlay-gradient":""},"mobile":{"background-color":"var(--ast-global-color-5)","background-image":"","background-repeat":"repeat","background-position":"center center","background-size":"auto","background-attachment":"scroll","background-type":"","background-media":"","overlay-type":"","overlay-color":"","overlay-gradient":""}},"footnotes":""},"aioseo_notices":[],"_links":{"self":[{"href":"https:\/\/www.marmottine.fr\/mag\/wp-json\/wp\/v2\/pages\/786"}],"collection":[{"href":"https:\/\/www.marmottine.fr\/mag\/wp-json\/wp\/v2\/pages"}],"about":[{"href":"https:\/\/www.marmottine.fr\/mag\/wp-json\/wp\/v2\/types\/page"}],"author":[{"embeddable":true,"href":"https:\/\/www.marmottine.fr\/mag\/wp-json\/wp\/v2\/users\/4"}],"replies":[{"embeddable":true,"href":"https:\/\/www.marmottine.fr\/mag\/wp-json\/wp\/v2\/comments?post=786"}],"version-history":[{"count":3,"href":"https:\/\/www.marmottine.fr\/mag\/wp-json\/wp\/v2\/pages\/786\/revisions"}],"predecessor-version":[{"id":1280,"href":"https:\/\/www.marmottine.fr\/mag\/wp-json\/wp\/v2\/pages\/786\/revisions\/1280"}],"up":[{"embeddable":true,"href":"https:\/\/www.marmottine.fr\/mag\/wp-json\/wp\/v2\/pages\/440"}],"wp:featuredmedia":[{"embeddable":true,"href":"https:\/\/www.marmottine.fr\/mag\/wp-json\/wp\/v2\/media\/789"}],"wp:attachment":[{"href":"https:\/\/www.marmottine.fr\/mag\/wp-json\/wp\/v2\/media?parent=786"}],"curies":[{"name":"wp","href":"https:\/\/api.w.org\/{rel}","templated":true}]}}