{"id":780,"date":"2024-10-08T10:41:08","date_gmt":"2024-10-08T08:41:08","guid":{"rendered":"https:\/\/www.marmottine.fr\/mag\/?page_id=780"},"modified":"2024-10-11T08:34:13","modified_gmt":"2024-10-11T06:34:13","slug":"pour-un-anniversaire","status":"publish","type":"page","link":"https:\/\/www.marmottine.fr\/mag\/guides\/bijoux-personnalises\/choisir-selon-occasion\/pour-un-anniversaire","title":{"rendered":"Quels sont les bijoux personnalis\u00e9s pour un anniversaire ?"},"content":{"rendered":"<h1><span class=\"ez-toc-section\" id=\"Quels_sont_les_bijoux_personnalises_pour_un_anniversaire\"><\/span><b>Quels sont les bijoux personnalis\u00e9s pour un anniversaire ?<\/b><span class=\"ez-toc-section-end\"><\/span><\/h1><div id=\"ez-toc-container\" class=\"ez-toc-v2_0_69_1 counter-hierarchy ez-toc-counter ez-toc-grey ez-toc-container-direction\">\n<div class=\"ez-toc-title-container\">\n<p class=\"ez-toc-title\" style=\"cursor:inherit\">Sommaire<\/p>\n<span class=\"ez-toc-title-toggle\"><a href=\"#\" class=\"ez-toc-pull-right ez-toc-btn ez-toc-btn-xs ez-toc-btn-default ez-toc-toggle\" aria-label=\"Toggle Table of Content\"><span class=\"ez-toc-js-icon-con\"><span class=\"\"><span class=\"eztoc-hide\" style=\"display:none;\">Toggle<\/span><span class=\"ez-toc-icon-toggle-span\"><svg style=\"fill: #999;color:#999\" xmlns=\"http:\/\/www.w3.org\/2000\/svg\" class=\"list-377408\" width=\"20px\" height=\"20px\" viewBox=\"0 0 24 24\" fill=\"none\"><path d=\"M6 6H4v2h2V6zm14 0H8v2h12V6zM4 11h2v2H4v-2zm16 0H8v2h12v-2zM4 16h2v2H4v-2zm16 0H8v2h12v-2z\" fill=\"currentColor\"><\/path><\/svg><svg style=\"fill: #999;color:#999\" class=\"arrow-unsorted-368013\" xmlns=\"http:\/\/www.w3.org\/2000\/svg\" width=\"10px\" height=\"10px\" viewBox=\"0 0 24 24\" version=\"1.2\" baseProfile=\"tiny\"><path d=\"M18.2 9.3l-6.2-6.3-6.2 6.3c-.2.2-.3.4-.3.7s.1.5.3.7c.2.2.4.3.7.3h11c.3 0 .5-.1.7-.3.2-.2.3-.5.3-.7s-.1-.5-.3-.7zM5.8 14.7l6.2 6.3 6.2-6.3c.2-.2.3-.5.3-.7s-.1-.5-.3-.7c-.2-.2-.4-.3-.7-.3h-11c-.3 0-.5.1-.7.3-.2.2-.3.5-.3.7s.1.5.3.7z\"\/><\/svg><\/span><\/span><\/span><\/a><\/span><\/div>\n<nav><ul class='ez-toc-list ez-toc-list-level-1 ' ><li class='ez-toc-page-1 ez-toc-heading-level-1'><a class=\"ez-toc-link ez-toc-heading-1\" href=\"https:\/\/www.marmottine.fr\/mag\/guides\/bijoux-personnalises\/choisir-selon-occasion\/pour-un-anniversaire\/#Quels_sont_les_bijoux_personnalises_pour_un_anniversaire\" title=\"Quels sont les bijoux personnalis\u00e9s pour un anniversaire ?\">Quels sont les bijoux personnalis\u00e9s pour un anniversaire ?<\/a><ul class='ez-toc-list-level-2' ><li class='ez-toc-heading-level-2'><a class=\"ez-toc-link ez-toc-heading-2\" href=\"https:\/\/www.marmottine.fr\/mag\/guides\/bijoux-personnalises\/choisir-selon-occasion\/pour-un-anniversaire\/#Quest-ce_quun_bijou_personnalise\" title=\"Qu\u2019est-ce qu\u2019un bijou personnalis\u00e9 ?\">Qu\u2019est-ce qu\u2019un bijou personnalis\u00e9 ?<\/a><\/li><li class='ez-toc-page-1 ez-toc-heading-level-2'><a class=\"ez-toc-link ez-toc-heading-3\" href=\"https:\/\/www.marmottine.fr\/mag\/guides\/bijoux-personnalises\/choisir-selon-occasion\/pour-un-anniversaire\/#Pourquoi_le_bijou_personnalise_est_parfait_pour_un_anniversaire\" title=\"Pourquoi le bijou personnalis\u00e9 est parfait pour un anniversaire ?\">Pourquoi le bijou personnalis\u00e9 est parfait pour un anniversaire ?<\/a><\/li><li class='ez-toc-page-1 ez-toc-heading-level-2'><a class=\"ez-toc-link ez-toc-heading-4\" href=\"https:\/\/www.marmottine.fr\/mag\/guides\/bijoux-personnalises\/choisir-selon-occasion\/pour-un-anniversaire\/#A_qui_offrir_un_bijou_personnalise_a_loccasion_dun_anniversaire\" title=\"\u00c0 qui offrir un bijou personnalis\u00e9 \u00e0 l\u2019occasion d\u2019un anniversaire ?\">\u00c0 qui offrir un bijou personnalis\u00e9 \u00e0 l\u2019occasion d\u2019un anniversaire ?<\/a><\/li><li class='ez-toc-page-1 ez-toc-heading-level-2'><a class=\"ez-toc-link ez-toc-heading-5\" href=\"https:\/\/www.marmottine.fr\/mag\/guides\/bijoux-personnalises\/choisir-selon-occasion\/pour-un-anniversaire\/#Comment_bien_choisir_un_bijou_personnalise_pour_un_anniversaire\" title=\"Comment bien choisir un bijou personnalis\u00e9 pour un anniversaire ?\">Comment bien choisir un bijou personnalis\u00e9 pour un anniversaire ?<\/a><ul class='ez-toc-list-level-3' ><li class='ez-toc-heading-level-3'><a class=\"ez-toc-link ez-toc-heading-6\" href=\"https:\/\/www.marmottine.fr\/mag\/guides\/bijoux-personnalises\/choisir-selon-occasion\/pour-un-anniversaire\/#Le_type_de_bijoux\" title=\"Le type de bijoux\">Le type de bijoux<\/a><\/li><li class='ez-toc-page-1 ez-toc-heading-level-3'><a class=\"ez-toc-link ez-toc-heading-7\" href=\"https:\/\/www.marmottine.fr\/mag\/guides\/bijoux-personnalises\/choisir-selon-occasion\/pour-un-anniversaire\/#Le_materiau\" title=\"Le mat\u00e9riau\">Le mat\u00e9riau<\/a><\/li><li class='ez-toc-page-1 ez-toc-heading-level-3'><a class=\"ez-toc-link ez-toc-heading-8\" href=\"https:\/\/www.marmottine.fr\/mag\/guides\/bijoux-personnalises\/choisir-selon-occasion\/pour-un-anniversaire\/#Le_message_a_transmettre\" title=\"Le message \u00e0 transmettre\">Le message \u00e0 transmettre<\/a><\/li><li class='ez-toc-page-1 ez-toc-heading-level-3'><a class=\"ez-toc-link ez-toc-heading-9\" href=\"https:\/\/www.marmottine.fr\/mag\/guides\/bijoux-personnalises\/choisir-selon-occasion\/pour-un-anniversaire\/#Le_budget\" title=\"Le budget\">Le budget<\/a><\/li><\/ul><\/li><li class='ez-toc-page-1 ez-toc-heading-level-2'><a class=\"ez-toc-link ez-toc-heading-10\" href=\"https:\/\/www.marmottine.fr\/mag\/guides\/bijoux-personnalises\/choisir-selon-occasion\/pour-un-anniversaire\/#Comment_bien_entretenir_un_bijou_personnalise\" title=\"Comment bien entretenir un bijou personnalis\u00e9 ?\">Comment bien entretenir un bijou personnalis\u00e9 ?<\/a><\/li><\/ul><\/li><\/ul><\/nav><\/div>\n\n<figure id=\"attachment_784\" aria-describedby=\"caption-attachment-784\" style=\"width: 1200px\" class=\"wp-caption alignnone\"><img loading=\"lazy\" decoding=\"async\" class=\"size-full wp-image-784\" src=\"https:\/\/www.marmottine.fr\/mag\/wp-content\/uploads\/2024\/10\/montre-personnalisee.jpg\" alt=\"montre personnalisee\" width=\"1200\" height=\"800\" srcset=\"https:\/\/www.marmottine.fr\/mag\/wp-content\/uploads\/2024\/10\/montre-personnalisee.jpg 1200w, https:\/\/www.marmottine.fr\/mag\/wp-content\/uploads\/2024\/10\/montre-personnalisee-300x200.jpg 300w, https:\/\/www.marmottine.fr\/mag\/wp-content\/uploads\/2024\/10\/montre-personnalisee-1024x683.jpg 1024w, https:\/\/www.marmottine.fr\/mag\/wp-content\/uploads\/2024\/10\/montre-personnalisee-768x512.jpg 768w\" sizes=\"(max-width: 1200px) 100vw, 1200px\" \/><figcaption id=\"caption-attachment-784\" class=\"wp-caption-text\">montre personnalisee<\/figcaption><\/figure>\n<p><span style=\"font-weight: 400;\">L\u2019anniversaire est une f\u00eate importante qui doit \u00eatre souhait\u00e9e chaque ann\u00e9e. Seulement, il est parfois difficile de trouver de nouvelles id\u00e9es de cadeaux \u00e0 faire pour cette occasion. Alors plut\u00f4t que d\u2019offrir quelque chose que la personne poss\u00e8de d\u00e9j\u00e0, <a href=\"https:\/\/www.marmottine.fr\/mag\/guides\/bijoux-personnalises\/choisir-selon-occasion\">pourquoi ne pas opter pour un bijou personnalis\u00e9 ?<\/a> Vous h\u00e9sitez encore ? D\u00e9couvrez toutes les raisons qui vous convaincront d\u2019opter pour un tel cadeau.<\/span><\/p>\n<h2><span class=\"ez-toc-section\" id=\"Quest-ce_quun_bijou_personnalise\"><\/span><b>Qu\u2019est-ce qu\u2019un bijou personnalis\u00e9 ?<\/b><span class=\"ez-toc-section-end\"><\/span><\/h2>\n<p><span style=\"font-weight: 400;\">Avant toute chose, il convient de rappeler <\/span><b>ce qu\u2019est un bijou personnalis\u00e9.<\/b><span style=\"font-weight: 400;\"> En effet, m\u00eame s\u2019il existe <span style=\"text-decoration: underline;\">beaucoup de choix en mati\u00e8re de bijoux<\/span>, la plupart d\u2019entre eux se ressemblent fortement. Ainsi, si vous voulez offrir un cadeau unique \u00e0 une personne importante pour vous, vous ne pouvez pas vous contenter de choisir un simple accessoire. C\u2019est l\u00e0 que la personnalisation intervient.<\/span><\/p>\n<p><span style=\"font-weight: 400;\">Gr\u00e2ce \u00e0 diff\u00e9rentes techniques de gravures, vous pouvez obtenir une pi\u00e8ce vraiment unique et qui fera plaisir \u00e0 coup s\u00fbr. L\u2019avantage de la <\/span><b>personnalisation de bijou<\/b><span style=\"font-weight: 400;\"> est que vous n\u2019avez presque aucune limite, si ce n\u2019est le nombre de caract\u00e8res selon la taille du bijou.<\/span><\/p>\n<p><span style=\"font-weight: 400;\">Voici quelques exemples de ce que vous pouvez faire graver sur un bijou personnalis\u00e9 :<\/span><\/p>\n<ul>\n<li><span style=\"font-weight: 400;\"> Des initiales<\/span><\/li>\n<li><span style=\"font-weight: 400;\"> Un pr\u00e9nom<\/span><\/li>\n<li><span style=\"font-weight: 400;\"> Une date de naissance<\/span><\/li>\n<li><span style=\"font-weight: 400;\"> Une date importante<\/span><\/li>\n<li><span style=\"font-weight: 400;\"> Un motif<\/span><\/li>\n<li><span style=\"font-weight: 400;\"> Une photo\u2026<\/span><\/li>\n<\/ul>\n<p><span style=\"font-weight: 400;\">Comme vous pouvez le constater, les possibilit\u00e9s sont infinies !<\/span><\/p>\n<h2><span class=\"ez-toc-section\" id=\"Pourquoi_le_bijou_personnalise_est_parfait_pour_un_anniversaire\"><\/span><b>Pourquoi le bijou personnalis\u00e9 est parfait pour un anniversaire ?<\/b><span class=\"ez-toc-section-end\"><\/span><\/h2>\n<figure id=\"attachment_783\" aria-describedby=\"caption-attachment-783\" style=\"width: 1200px\" class=\"wp-caption alignnone\"><img loading=\"lazy\" decoding=\"async\" class=\"size-full wp-image-783\" src=\"https:\/\/www.marmottine.fr\/mag\/wp-content\/uploads\/2024\/10\/medaille-personnalisee-femme-arbre-de-vie.jpg\" alt=\"medaille personnalisee femme arbre de vie\" width=\"1200\" height=\"800\" srcset=\"https:\/\/www.marmottine.fr\/mag\/wp-content\/uploads\/2024\/10\/medaille-personnalisee-femme-arbre-de-vie.jpg 1200w, https:\/\/www.marmottine.fr\/mag\/wp-content\/uploads\/2024\/10\/medaille-personnalisee-femme-arbre-de-vie-300x200.jpg 300w, https:\/\/www.marmottine.fr\/mag\/wp-content\/uploads\/2024\/10\/medaille-personnalisee-femme-arbre-de-vie-1024x683.jpg 1024w, https:\/\/www.marmottine.fr\/mag\/wp-content\/uploads\/2024\/10\/medaille-personnalisee-femme-arbre-de-vie-768x512.jpg 768w\" sizes=\"(max-width: 1200px) 100vw, 1200px\" \/><figcaption id=\"caption-attachment-783\" class=\"wp-caption-text\">medaille personnalisee femme arbre de vie<\/figcaption><\/figure>\n<p><span style=\"font-weight: 400;\">Pourquoi le bijou personnalis\u00e9 se pr\u00eate bien \u00e0 une f\u00eate comme un anniversaire ? Tout simplement pour <\/span><b>son originalit\u00e9 et son unicit\u00e9<\/b><span style=\"font-weight: 400;\">. Plut\u00f4t que de choisir un cadeau vu et revu qui ne fera pas forc\u00e9ment plaisir ou que la personne aura peut-\u00eatre d\u00e9j\u00e0 en sa possession, pensez au bijou personnalis\u00e9.<\/span><\/p>\n<p><span style=\"font-weight: 400;\">Avec ce type de bijou, vous allez pouvoir <\/span><b>faire passer un beau message<\/b><span style=\"font-weight: 400;\">. La personne \u00e0 qui vous l&rsquo;offrirez sera touch\u00e9e par l\u2019attention que vous lui portez et surtout pour le travail de recherche que vous avez fait sp\u00e9cialement pour elle. Le bijou personnalis\u00e9 est, ce que l\u2019on appelle, une valeur s\u00fbre en mati\u00e8re de cadeau. C\u2019est une tr\u00e8s belle surprise qui \u00e9merveillera et surprendra la personne concern\u00e9e. Vous pourrez lire son \u00e9tonnement et sa joie dans son regard lorsqu\u2019elle ouvrira son cadeau d\u2019anniversaire.<\/span><\/p>\n<p><b>D\u00e9licat, \u00e9l\u00e9gant et hautement symbolique<\/b><span style=\"font-weight: 400;\">, le bijou personnalis\u00e9 est de plus en plus tendance ces derni\u00e8res ann\u00e9es. Il serait donc dommage de ne pas profiter de ce bel effet de surprise pour l\u2019anniversaire de tous vos proches !<\/span><\/p>\n<h2><span class=\"ez-toc-section\" id=\"A_qui_offrir_un_bijou_personnalise_a_loccasion_dun_anniversaire\"><\/span><b>\u00c0 qui offrir un bijou personnalis\u00e9 \u00e0 l\u2019occasion d\u2019un anniversaire ?<\/b><span class=\"ez-toc-section-end\"><\/span><\/h2>\n<p><span style=\"font-weight: 400;\">Vous devez s\u00fbrement vous dire que les <span style=\"text-decoration: underline;\">bijoux personnalis\u00e9s<\/span> ne sont pas vraiment adapt\u00e9s \u00e0 tout le monde. Toutefois, vous avez tort. De nos jours, <\/span><b>tout le monde porte des bijoux<\/b><span style=\"font-weight: 400;\">. Autrefois, ils \u00e9taient surtout r\u00e9serv\u00e9s aux femmes fortun\u00e9es. Mais la tendance s\u2019est invers\u00e9e et aujourd\u2019hui m\u00eames les hommes et les enfants en portent au quotidien.<\/span><\/p>\n<p><span style=\"font-weight: 400;\">En d\u2019autres termes, qu\u2019il s\u2019agisse de l\u2019anniversaire de votre mari ou femme, de votre p\u00e8re ou m\u00e8re, d\u2019un de vos enfants ou m\u00eame d\u2019un de vos proches, le <\/span><b>bijou personnalis\u00e9 sera parfait<\/b><span style=\"font-weight: 400;\"> pour toutes ces personnes. \u00c0 condition, bien s\u00fbr, de <span style=\"text-decoration: underline;\">choisir le bon accessoire<\/span> en fonction de la personne.<\/span><\/p>\n<p><span style=\"font-weight: 400;\">Les bijoux font partie des cadeaux qui sont le plus offerts, notamment \u00e0 l&rsquo;occasion des anniversaires. Alors pourquoi ne pas en profiter pour en faire de m\u00eame, mais en choisissant un bijou personnalis\u00e9 ?<\/span><\/p>\n<h2><span class=\"ez-toc-section\" id=\"Comment_bien_choisir_un_bijou_personnalise_pour_un_anniversaire\"><\/span><b>Comment bien choisir un bijou personnalis\u00e9 pour un anniversaire ?<\/b><span class=\"ez-toc-section-end\"><\/span><\/h2>\n<figure id=\"attachment_782\" aria-describedby=\"caption-attachment-782\" style=\"width: 1200px\" class=\"wp-caption alignnone\"><img loading=\"lazy\" decoding=\"async\" class=\"size-full wp-image-782\" src=\"https:\/\/www.marmottine.fr\/mag\/wp-content\/uploads\/2024\/10\/jonc-personnalise-enfant.jpg\" alt=\"jonc personnalise enfant\" width=\"1200\" height=\"800\" srcset=\"https:\/\/www.marmottine.fr\/mag\/wp-content\/uploads\/2024\/10\/jonc-personnalise-enfant.jpg 1200w, https:\/\/www.marmottine.fr\/mag\/wp-content\/uploads\/2024\/10\/jonc-personnalise-enfant-300x200.jpg 300w, https:\/\/www.marmottine.fr\/mag\/wp-content\/uploads\/2024\/10\/jonc-personnalise-enfant-1024x683.jpg 1024w, https:\/\/www.marmottine.fr\/mag\/wp-content\/uploads\/2024\/10\/jonc-personnalise-enfant-768x512.jpg 768w\" sizes=\"(max-width: 1200px) 100vw, 1200px\" \/><figcaption id=\"caption-attachment-782\" class=\"wp-caption-text\">jonc personnalise enfant<\/figcaption><\/figure>\n<p><span style=\"font-weight: 400;\">Maintenant que vous savez pourquoi le bijou personnalis\u00e9 est <\/span><b>le cadeau id\u00e9al<\/b><span style=\"font-weight: 400;\"> pour un anniversaire, vous devez choisir le bon. Pour ce faire, il y a plusieurs crit\u00e8res que vous devez prendre en compte dont voici les principaux :<\/span><\/p>\n<h3><span class=\"ez-toc-section\" id=\"Le_type_de_bijoux\"><\/span><b>Le type de bijoux<\/b><span class=\"ez-toc-section-end\"><\/span><\/h3>\n<p><span style=\"font-weight: 400;\">Il existe un <span style=\"text-decoration: underline;\">grand choix de bijoux<\/span> : bagues, boucles d\u2019oreilles, colliers, pendentifs, bracelets, gourmettes, chevali\u00e8res\u2026 Par cons\u00e9quent, vous devez bien choisir le type <span style=\"text-decoration: underline;\">en fonction des go\u00fbts<\/span> de la personne \u00e0 qui vous allez offrir ce cadeau. Selon le sexe et l\u2019\u00e2ge de cette personne, le cadeau ne sera pas le m\u00eame. Et pour cause, pour un jeune enfant, le bracelet fin et l\u00e9ger est beaucoup plus adapt\u00e9 qu\u2019une bague ou des boucles d\u2019oreilles.<\/span><\/p>\n<h3><span class=\"ez-toc-section\" id=\"Le_materiau\"><\/span><b>Le mat\u00e9riau<\/b><span class=\"ez-toc-section-end\"><\/span><\/h3>\n<p><span style=\"font-weight: 400;\">La mati\u00e8re du bijou personnalis\u00e9 est un \u00e9l\u00e9ment important. Vous avez le choix entre l\u2019or, l\u2019argent, le plaqu\u00e9 or ou l\u2019acier inoxydable. Au niveau des bracelets, par exemple, les cordons et autres rubans sont particuli\u00e8rement appr\u00e9ci\u00e9s des femmes et des enfants. Prenez bien le temps de choisir la mati\u00e8re de votre bijou personnalis\u00e9, car cela va influer aussi bien sur son prix que sur sa robustesse.<\/span><\/p>\n<h3><span class=\"ez-toc-section\" id=\"Le_message_a_transmettre\"><\/span><b>Le message \u00e0 transmettre<\/b><span class=\"ez-toc-section-end\"><\/span><\/h3>\n<p><span style=\"font-weight: 400;\">Apr\u00e8s avoir choisi le bon type de bijou et sa mati\u00e8re, il faut penser \u00e0 sa personnalisation. On retrouve <\/span><b>plusieurs techniques de gravure<\/b><span style=\"font-weight: 400;\">, certaines offrent plus ou moins de pr\u00e9cision et des d\u00e9tails plus importants. N\u2019h\u00e9sitez pas \u00e0 vous renseigner sur la m\u00e9thode employ\u00e9e ainsi que sur les possibilit\u00e9s qui s\u2019offrent \u00e0 vous. En effet, en fonction de la gravure, vous ne pourrez choisir que des caract\u00e8res. Pour graver une photo, par exemple, il faut employer une technique de gravure tr\u00e8s pr\u00e9cise.<\/span><\/p>\n<h3><span class=\"ez-toc-section\" id=\"Le_budget\"><\/span><b>Le budget<\/b><span class=\"ez-toc-section-end\"><\/span><\/h3>\n<p><span style=\"font-weight: 400;\">Le dernier crit\u00e8re de s\u00e9lection concerne votre budget. Il y a des bijoux \u00e0 tous les prix et ceux en or sont plus chers que les autres. N\u2019oubliez pas, non plus, que la personnalisation ajoute un co\u00fbt suppl\u00e9mentaire \u00e0 prendre en compte. Quoi qu\u2019il en soit, quel que soit votre budget, sachez que vous n\u2019aurez aucun mal \u00e0 trouver un beau <span style=\"text-decoration: underline;\">bijou personnalis\u00e9 \u00e0 offrir<\/span> pour un anniversaire.<\/span><\/p>\n<h2><span class=\"ez-toc-section\" id=\"Comment_bien_entretenir_un_bijou_personnalise\"><\/span><b>Comment bien entretenir un bijou personnalis\u00e9 ?<\/b><span class=\"ez-toc-section-end\"><\/span><\/h2>\n<p><span style=\"font-weight: 400;\">Certaines mati\u00e8res peuvent s\u2019ab\u00eemer ou se rayer facilement tandis que d&rsquo;autres, comme l\u2019or ou l\u2019argent, sont beaucoup <\/span><b>plus robustes et durables<\/b><span style=\"font-weight: 400;\">. Mais peu importe la mati\u00e8re que vous choisissez, sachez que les bijoux doivent toujours \u00eatre r\u00e9guli\u00e8rement nettoy\u00e9s et bien rang\u00e9s. Pour le nettoyage de vos bijoux, n\u2019utilisez jamais de produits chimiques. Un peu d\u2019eau ti\u00e8de savonneuse sera beaucoup plus efficace et plus doux.<\/span><\/p>\n<p><span style=\"font-weight: 400;\">Si la date d\u2019anniversaire de l\u2019un de vos proches arrive bient\u00f4t, vous savez exactement comment <span style=\"text-decoration: underline;\">choisir le cadeau parfait<\/span> ! Alors commencez par d\u00e9finir votre budget et \u00e0 vous renseigner sur les go\u00fbts de votre ami(e) en mati\u00e8re de bijoux. Et n&rsquo;oubliez pas que si vous d\u00e9cidez d&rsquo;offrir une bague, vous devrez \u00e9galement vous renseigner sur la taille des doigts de la personne concern\u00e9e.<\/span><\/p>\n","protected":false},"excerpt":{"rendered":"<p>Quels sont les bijoux personnalis\u00e9s pour un anniversaire ? L\u2019anniversaire est une f\u00eate importante qui doit \u00eatre souhait\u00e9e chaque ann\u00e9e. [&hellip;]<\/p>\n","protected":false},"author":4,"featured_media":784,"parent":440,"menu_order":0,"comment_status":"closed","ping_status":"closed","template":"","meta":{"site-sidebar-layout":"default","site-content-layout":"","ast-site-content-layout":"default","site-content-style":"default","site-sidebar-style":"default","ast-global-header-display":"","ast-banner-title-visibility":"","ast-main-header-display":"","ast-hfb-above-header-display":"","ast-hfb-below-header-display":"","ast-hfb-mobile-header-display":"","site-post-title":"","ast-breadcrumbs-content":"","ast-featured-img":"","footer-sml-layout":"","theme-transparent-header-meta":"default","adv-header-id-meta":"","stick-header-meta":"","header-above-stick-meta":"","header-main-stick-meta":"","header-below-stick-meta":"","astra-migrate-meta-layouts":"set","ast-page-background-enabled":"default","ast-page-background-meta":{"desktop":{"background-color":"var(--ast-global-color-4)","background-image":"","background-repeat":"repeat","background-position":"center center","background-size":"auto","background-attachment":"scroll","background-type":"","background-media":"","overlay-type":"","overlay-color":"","overlay-gradient":""},"tablet":{"background-color":"","background-image":"","background-repeat":"repeat","background-position":"center center","background-size":"auto","background-attachment":"scroll","background-type":"","background-media":"","overlay-type":"","overlay-color":"","overlay-gradient":""},"mobile":{"background-color":"","background-image":"","background-repeat":"repeat","background-position":"center center","background-size":"auto","background-attachment":"scroll","background-type":"","background-media":"","overlay-type":"","overlay-color":"","overlay-gradient":""}},"ast-content-background-meta":{"desktop":{"background-color":"var(--ast-global-color-5)","background-image":"","background-repeat":"repeat","background-position":"center center","background-size":"auto","background-attachment":"scroll","background-type":"","background-media":"","overlay-type":"","overlay-color":"","overlay-gradient":""},"tablet":{"background-color":"var(--ast-global-color-5)","background-image":"","background-repeat":"repeat","background-position":"center center","background-size":"auto","background-attachment":"scroll","background-type":"","background-media":"","overlay-type":"","overlay-color":"","overlay-gradient":""},"mobile":{"background-color":"var(--ast-global-color-5)","background-image":"","background-repeat":"repeat","background-position":"center center","background-size":"auto","background-attachment":"scroll","background-type":"","background-media":"","overlay-type":"","overlay-color":"","overlay-gradient":""}},"footnotes":""},"aioseo_notices":[],"_links":{"self":[{"href":"https:\/\/www.marmottine.fr\/mag\/wp-json\/wp\/v2\/pages\/780"}],"collection":[{"href":"https:\/\/www.marmottine.fr\/mag\/wp-json\/wp\/v2\/pages"}],"about":[{"href":"https:\/\/www.marmottine.fr\/mag\/wp-json\/wp\/v2\/types\/page"}],"author":[{"embeddable":true,"href":"https:\/\/www.marmottine.fr\/mag\/wp-json\/wp\/v2\/users\/4"}],"replies":[{"embeddable":true,"href":"https:\/\/www.marmottine.fr\/mag\/wp-json\/wp\/v2\/comments?post=780"}],"version-history":[{"count":2,"href":"https:\/\/www.marmottine.fr\/mag\/wp-json\/wp\/v2\/pages\/780\/revisions"}],"predecessor-version":[{"id":785,"href":"https:\/\/www.marmottine.fr\/mag\/wp-json\/wp\/v2\/pages\/780\/revisions\/785"}],"up":[{"embeddable":true,"href":"https:\/\/www.marmottine.fr\/mag\/wp-json\/wp\/v2\/pages\/440"}],"wp:featuredmedia":[{"embeddable":true,"href":"https:\/\/www.marmottine.fr\/mag\/wp-json\/wp\/v2\/media\/784"}],"wp:attachment":[{"href":"https:\/\/www.marmottine.fr\/mag\/wp-json\/wp\/v2\/media?parent=780"}],"curies":[{"name":"wp","href":"https:\/\/api.w.org\/{rel}","templated":true}]}}