{"id":660,"date":"2024-05-21T10:18:21","date_gmt":"2024-05-21T08:18:21","guid":{"rendered":"https:\/\/www.marmottine.fr\/mag\/?page_id=660"},"modified":"2024-05-21T15:49:43","modified_gmt":"2024-05-21T13:49:43","slug":"instants-plaisirs","status":"publish","type":"page","link":"https:\/\/www.marmottine.fr\/mag\/guides\/bijoux-personnalises\/par-marque\/instants-plaisirs","title":{"rendered":"Quels genres de bijoux personnalis\u00e9s peut-on trouver chez Instants Plaisirs ?"},"content":{"rendered":"<h1><span class=\"ez-toc-section\" id=\"Quels_genres_de_bijoux_personnalises_peut-on_trouver_chez_Instants_Plaisirs\"><\/span>Quels genres de bijoux personnalis\u00e9s peut-on trouver chez Instants Plaisirs ?<span class=\"ez-toc-section-end\"><\/span><\/h1><div id=\"ez-toc-container\" class=\"ez-toc-v2_0_69_1 counter-hierarchy ez-toc-counter ez-toc-grey ez-toc-container-direction\">\n<div class=\"ez-toc-title-container\">\n<p class=\"ez-toc-title\" style=\"cursor:inherit\">Sommaire<\/p>\n<span class=\"ez-toc-title-toggle\"><a href=\"#\" class=\"ez-toc-pull-right ez-toc-btn ez-toc-btn-xs ez-toc-btn-default ez-toc-toggle\" aria-label=\"Toggle Table of Content\"><span class=\"ez-toc-js-icon-con\"><span class=\"\"><span class=\"eztoc-hide\" style=\"display:none;\">Toggle<\/span><span class=\"ez-toc-icon-toggle-span\"><svg style=\"fill: #999;color:#999\" xmlns=\"http:\/\/www.w3.org\/2000\/svg\" class=\"list-377408\" width=\"20px\" height=\"20px\" viewBox=\"0 0 24 24\" fill=\"none\"><path d=\"M6 6H4v2h2V6zm14 0H8v2h12V6zM4 11h2v2H4v-2zm16 0H8v2h12v-2zM4 16h2v2H4v-2zm16 0H8v2h12v-2z\" fill=\"currentColor\"><\/path><\/svg><svg style=\"fill: #999;color:#999\" class=\"arrow-unsorted-368013\" xmlns=\"http:\/\/www.w3.org\/2000\/svg\" width=\"10px\" height=\"10px\" viewBox=\"0 0 24 24\" version=\"1.2\" baseProfile=\"tiny\"><path d=\"M18.2 9.3l-6.2-6.3-6.2 6.3c-.2.2-.3.4-.3.7s.1.5.3.7c.2.2.4.3.7.3h11c.3 0 .5-.1.7-.3.2-.2.3-.5.3-.7s-.1-.5-.3-.7zM5.8 14.7l6.2 6.3 6.2-6.3c.2-.2.3-.5.3-.7s-.1-.5-.3-.7c-.2-.2-.4-.3-.7-.3h-11c-.3 0-.5.1-.7.3-.2.2-.3.5-.3.7s.1.5.3.7z\"\/><\/svg><\/span><\/span><\/span><\/a><\/span><\/div>\n<nav><ul class='ez-toc-list ez-toc-list-level-1 ' ><li class='ez-toc-page-1 ez-toc-heading-level-1'><a class=\"ez-toc-link ez-toc-heading-1\" href=\"https:\/\/www.marmottine.fr\/mag\/guides\/bijoux-personnalises\/par-marque\/instants-plaisirs\/#Quels_genres_de_bijoux_personnalises_peut-on_trouver_chez_Instants_Plaisirs\" title=\"Quels genres de bijoux personnalis\u00e9s peut-on trouver chez Instants Plaisirs ?\">Quels genres de bijoux personnalis\u00e9s peut-on trouver chez Instants Plaisirs ?<\/a><ul class='ez-toc-list-level-2' ><li class='ez-toc-heading-level-2'><a class=\"ez-toc-link ez-toc-heading-2\" href=\"https:\/\/www.marmottine.fr\/mag\/guides\/bijoux-personnalises\/par-marque\/instants-plaisirs\/#Ou_sont_fabriques_les_bijoux_Instants_Plaisirs\" title=\"O\u00f9 sont fabriqu\u00e9s les bijoux Instants Plaisirs\u00a0?\">O\u00f9 sont fabriqu\u00e9s les bijoux Instants Plaisirs\u00a0?<\/a><\/li><li class='ez-toc-page-1 ez-toc-heading-level-2'><a class=\"ez-toc-link ez-toc-heading-3\" href=\"https:\/\/www.marmottine.fr\/mag\/guides\/bijoux-personnalises\/par-marque\/instants-plaisirs\/#Quels_sont_les_bijoux_personnalises_de_la_marque_Instants_Plaisirs\" title=\"Quels sont les bijoux personnalis\u00e9s de la marque Instants Plaisirs\u00a0?\">Quels sont les bijoux personnalis\u00e9s de la marque Instants Plaisirs\u00a0?<\/a><\/li><li class='ez-toc-page-1 ez-toc-heading-level-2'><a class=\"ez-toc-link ez-toc-heading-4\" href=\"https:\/\/www.marmottine.fr\/mag\/guides\/bijoux-personnalises\/par-marque\/instants-plaisirs\/#Quels_sont_les_materiaux_utilises_pour_les_bijoux_Instants_Plaisirs\" title=\"Quels sont les mat\u00e9riaux utilis\u00e9s pour les bijoux Instants Plaisirs\u00a0?\">Quels sont les mat\u00e9riaux utilis\u00e9s pour les bijoux Instants Plaisirs\u00a0?<\/a><\/li><li class='ez-toc-page-1 ez-toc-heading-level-2'><a class=\"ez-toc-link ez-toc-heading-5\" href=\"https:\/\/www.marmottine.fr\/mag\/guides\/bijoux-personnalises\/par-marque\/instants-plaisirs\/#Comment_choisir_sa_pierre_chez_Instants_Plaisirs\" title=\"Comment choisir sa pierre chez Instants Plaisirs\u00a0?\">Comment choisir sa pierre chez Instants Plaisirs\u00a0?<\/a><\/li><li class='ez-toc-page-1 ez-toc-heading-level-2'><a class=\"ez-toc-link ez-toc-heading-6\" href=\"https:\/\/www.marmottine.fr\/mag\/guides\/bijoux-personnalises\/par-marque\/instants-plaisirs\/#Que_propose_la_collection_de_bijoux_personnalisables_Instants_Plaisirs\" title=\"Que propose la collection de bijoux personnalisables Instants Plaisirs\u00a0?\">Que propose la collection de bijoux personnalisables Instants Plaisirs\u00a0?<\/a><\/li><li class='ez-toc-page-1 ez-toc-heading-level-2'><a class=\"ez-toc-link ez-toc-heading-7\" href=\"https:\/\/www.marmottine.fr\/mag\/guides\/bijoux-personnalises\/par-marque\/instants-plaisirs\/#Que_peut-on_graver_sur_un_bijou_Instants_Plaisirs\" title=\"Que peut-on graver sur un bijou Instants Plaisirs\u00a0?\">Que peut-on graver sur un bijou Instants Plaisirs\u00a0?<\/a><\/li><li class='ez-toc-page-1 ez-toc-heading-level-2'><a class=\"ez-toc-link ez-toc-heading-8\" href=\"https:\/\/www.marmottine.fr\/mag\/guides\/bijoux-personnalises\/par-marque\/instants-plaisirs\/#Comment_offrir_un_bijou_personnalise_de_la_marque_Instants_Plaisirs\" title=\"Comment offrir un bijou personnalis\u00e9 de la marque Instants Plaisirs ?\">Comment offrir un bijou personnalis\u00e9 de la marque Instants Plaisirs ?<\/a><\/li><\/ul><\/li><\/ul><\/nav><\/div>\n\n<figure id=\"attachment_340\" aria-describedby=\"caption-attachment-340\" style=\"width: 800px\" class=\"wp-caption alignnone\"><img loading=\"lazy\" decoding=\"async\" class=\"size-full wp-image-340\" src=\"https:\/\/www.marmottine.fr\/mag\/wp-content\/uploads\/2024\/03\/jonc-argent-ado-personnalise.jpg\" alt=\"jonc argent ado personnalis\u00e9\" width=\"800\" height=\"800\" srcset=\"https:\/\/www.marmottine.fr\/mag\/wp-content\/uploads\/2024\/03\/jonc-argent-ado-personnalise.jpg 800w, https:\/\/www.marmottine.fr\/mag\/wp-content\/uploads\/2024\/03\/jonc-argent-ado-personnalise-300x300.jpg 300w, https:\/\/www.marmottine.fr\/mag\/wp-content\/uploads\/2024\/03\/jonc-argent-ado-personnalise-150x150.jpg 150w, https:\/\/www.marmottine.fr\/mag\/wp-content\/uploads\/2024\/03\/jonc-argent-ado-personnalise-768x768.jpg 768w\" sizes=\"(max-width: 800px) 100vw, 800px\" \/><figcaption id=\"caption-attachment-340\" class=\"wp-caption-text\">jonc argent ado personnalis\u00e9<\/figcaption><\/figure>\n<p>Parmi <strong><a href=\"https:\/\/www.marmottine.fr\/mag\/guides\/bijoux-personnalises#Quels_bijoux_personnalises_choisir_par_marque\">les marques de bijoux personnalis\u00e9s<\/a><\/strong>, Instants Plaisirs est un incontournable. Cette jeune marque rennaise cr\u00e9\u00e9e en 2014 s\u2019est impos\u00e9e sur le net avec des bijoux fantaisie tr\u00e8s abordables et en proposant toute une gamme de bijoux personnalis\u00e9s pas chers. Les m\u00e9taux utilis\u00e9s sont essentiellement de l\u2019argent, du plaqu\u00e9 or et de l\u2019acier. Les gravures sont ex\u00e9cut\u00e9es par l\u2019\u00e9quipe dans l\u2019atelier de Rennes. Si la marque organise occasionnellement des ventes physiques, on la trouve principalement sur sa boutique en ligne.<\/p>\n<h2><span class=\"ez-toc-section\" id=\"Ou_sont_fabriques_les_bijoux_Instants_Plaisirs\"><\/span>O\u00f9 sont fabriqu\u00e9s les bijoux Instants Plaisirs\u00a0?<span class=\"ez-toc-section-end\"><\/span><\/h2>\n<p>L\u2019histoire de la marque de bijoux Instants Plaisirs est une histoire de famille. Quand Aurore cr\u00e9e sa marque en 2014 depuis son domicile, elle est loin de se douter que 10 ans plus tard c\u2019est au c\u0153ur de Rennes, en Bretagne, dans des bureaux d\u00e9di\u00e9s, que partiront tous les bijoux personnalis\u00e9s grav\u00e9s sur place.<\/p>\n<p>Entre temps, l\u2019ont rejointe son mari, son fr\u00e8res et d\u2019autres collaborateurs qui donnent vie \u00e0 la cr\u00e9ation et la personnalisation de bijoux abordables pour femme et enfant, avec en ligne de mire la volont\u00e9 de susciter des instants de plaisirs.<\/p>\n<p>Pari gagn\u00e9 pour cette jeune femme dont l\u2019entreprise figure dans le top 5 des marques de bijoux personnalis\u00e9s sur Internet.<\/p>\n<h2><span class=\"ez-toc-section\" id=\"Quels_sont_les_bijoux_personnalises_de_la_marque_Instants_Plaisirs\"><\/span>Quels sont les bijoux personnalis\u00e9s de la marque Instants Plaisirs\u00a0?<span class=\"ez-toc-section-end\"><\/span><\/h2>\n<p>La marque rennaise propose principalement des bijoux pour femme, et quelques-uns pour enfants.<\/p>\n<p>Tous les mod\u00e8les de bijoux sont repr\u00e9sent\u00e9s, des plus classiques aux plus inattendus\u00a0: bagues, boucles d\u2019oreilles, bagues d\u2019oreilles, bracelets, joncs, colliers, cha\u00eenes de cheville, charm\u2019s, cha\u00eenes, pendentifs, rallonges, et m\u00eame des piercings.<\/p>\n<p>En plus de ce choix impressionnant, Instants Plaisirs propose des collections qui correspondent \u00e0 des tendances ou des \u00e9v\u00e9nements\u00a0:<\/p>\n<ul>\n<li>Les bijoux signes astrologiques\u00a0: avec diff\u00e9rentes repr\u00e9sentations des signes du zodiaque et des constellations<\/li>\n<li>Les bijoux empierr\u00e9s\u00a0: les pierres subliment n\u2019importe quel bijou<\/li>\n<li>Les bijoux lettres et initiales\u00a0: seules ou en pampilles, les lettres apportent la touche finale d\u2019un bijou<\/li>\n<li>Les coffrets de bijoux\u00a0: ils permettent d\u2019offrir une parure compl\u00e8te<\/li>\n<li>Les bijoux de naissance\u00a0: on y trouve de jolies id\u00e9es de cadeaux pour une jeune maman<\/li>\n<li>Les bijoux de bapt\u00eame\u00a0: des m\u00e9dailles de bapt\u00eame originales<\/li>\n<li>Les bijoux de c\u00e9r\u00e9monie\u00a0: des id\u00e9es de bijoux chics et tendance pour accompagner une tenue<\/li>\n<\/ul>\n<h2><span class=\"ez-toc-section\" id=\"Quels_sont_les_materiaux_utilises_pour_les_bijoux_Instants_Plaisirs\"><\/span>Quels sont les mat\u00e9riaux utilis\u00e9s pour les bijoux Instants Plaisirs\u00a0?<span class=\"ez-toc-section-end\"><\/span><\/h2>\n<p>Pour proposer des bijoux tr\u00e8s abordables, la marque s\u2019est concentr\u00e9e sur 3 mat\u00e9riaux principaux\u00a0:<\/p>\n<ul>\n<li>Des bijoux en plaqu\u00e9 or\u00a03 microns\u00a0: moins cher que l\u2019or, les bijoux en plaqu\u00e9 font illusion et permettent de faire des cadeaux tendance dans un budget ma\u00eetris\u00e9<\/li>\n<li>Des bijoux en argent 925\u00a0: l\u2019argent est un m\u00e9tal pr\u00e9cieux encore abordable. Les bijoux en argent sont lumineux et s\u2019accordent bien avec des zircons.<\/li>\n<li>Des bijoux en acier inoxydable\u00a0: ils proposent des prix mini pour des bijoux fantaisie \u00e0 s\u2019offrir sans compter en fonction de son humeur.<\/li>\n<\/ul>\n<h2><span class=\"ez-toc-section\" id=\"Comment_choisir_sa_pierre_chez_Instants_Plaisirs\"><\/span>Comment choisir sa pierre chez Instants Plaisirs\u00a0?<span class=\"ez-toc-section-end\"><\/span><\/h2>\n<p>La boutique propose un large choix de pierres naturelles aux vertus diff\u00e9rentes, pour compl\u00e9ter une parure, et liste les bienfaits de chacune.<\/p>\n<p><u>Choisir sa pierre en fonction de ses vertus bienfaisantes<\/u>\u00a0: agate mousse, amazonite, am\u00e9thyste, apatite, aventurine, calc\u00e9doine, grenat vert, kunzite, larimar, nacre, onyx, opale rose, pierre de lune, pierre de soleil, quartz rose, rhodocrosite, sodalite, tourmaline, labradorite, grenat, citrine, perle d\u2019eau douce, cornaline, lapis lazuli, \u0153il de tigre, aigue marine, jaspe dalmatien, malachite, jaspe vert.\u00a0 Chacune de ces pierres \u00e9tant naturelle, elle rend le bijou qu\u2019elle accompagne unique. Si on la choisit en fonction de ses propri\u00e9t\u00e9s reconnues, elle aura un pouvoir bienfaisant en la portant.<\/p>\n<p><u>Choisir sa pierre selon son signe astrologique<\/u>\u00a0: Instants Plaisirs propose une classification int\u00e9ressante des pierres associ\u00e9es aux signes du zodiaque. En effet, il est connu que chaque signe refl\u00e8te des traits de caract\u00e8res particuliers. En associant ces sp\u00e9cificit\u00e9s \u00e0 celles des pierres fines, la marque propose \u00e0 ses clientes une \u00e9tape sup\u00e9rieure dans la personnalisation, qui est tr\u00e8s int\u00e9ressante.<\/p>\n<h2><span class=\"ez-toc-section\" id=\"Que_propose_la_collection_de_bijoux_personnalisables_Instants_Plaisirs\"><\/span>Que propose la collection de bijoux personnalisables Instants Plaisirs\u00a0?<span class=\"ez-toc-section-end\"><\/span><\/h2>\n<ul>\n<li>Des pendentifs \u00e0 graver\u00a0: ronds ou en forme de c\u0153ur, simples ou d\u00e9cor\u00e9s, ils se pr\u00eatent \u00e0 toutes les personnalisations souhait\u00e9es.<\/li>\n<li>Des colliers \u00e0 personnaliser\u00a0: certains mod\u00e8les incluent la cha\u00eene pour offrir un collier complet. La cha\u00eene fait partie de la personnalisation, en donnant le style du bijou final.<\/li>\n<li>Des bracelets\u00a0\u00e0 personnaliser\u00a0: bracelet gourmette, m\u00e9daille ronde ou breloque, libre au client d\u2019apporter sa touche personnelle en faisant graver le texte de son choix.<\/li>\n<li>Des charm\u2019s \u00e0 graver\u00a0: ce type de mod\u00e8le est int\u00e9ressant car son mousqueton permet de l\u2019accrocher facilement partout.<\/li>\n<\/ul>\n<h2><span class=\"ez-toc-section\" id=\"Que_peut-on_graver_sur_un_bijou_Instants_Plaisirs\"><\/span>Que peut-on graver sur un bijou Instants Plaisirs\u00a0?<span class=\"ez-toc-section-end\"><\/span><\/h2>\n<p>Il existe deux mani\u00e8res de personnaliser un bijou Instants Plaisirs\u00a0:<\/p>\n<p><u>Avec la gravure d\u2019un texte<\/u>\u00a0: un pr\u00e9nom, une ou plusieurs lettres, un message personnel, une citation, un symbole, ou une date. La boutique propose 5 typographies diff\u00e9rentes pour personnaliser encore plus votre bijou (Moderne, Manuscrit, Roman, Script et Plume). Dans chaque fiche produit, il est pr\u00e9cis\u00e9 le nombre maximum de caract\u00e8res autoris\u00e9s selon la surface \u00e0 graver). La marque propose uniquement une gravure machine.<\/p>\n<p><u>En faisant graver une illustration<\/u>\u00a0: le site internet propose un catalogue de dessins que l\u2019on peut choisir pour graver son bijou. Ces dessins sont des illustrations cr\u00e9\u00e9es par des graphistes, sur des th\u00e9matiques ultra tendances, romantiques et dans l\u2019air du temps. On y trouve notamment les th\u00e8mes des arbres de vie, des fleurs, l\u2019amour, la famille, les signes astrologiques, l\u2019alphabet fleuri, des animaux, ou des illustrations d\u00e9di\u00e9es \u00e0 des personnes (ma\u00eetresse, maman, mamie, nounou) ou \u00e0 des moments (f\u00eate des m\u00e8re, grossesse, naissance).<\/p>\n<h2><span class=\"ez-toc-section\" id=\"Comment_offrir_un_bijou_personnalise_de_la_marque_Instants_Plaisirs\"><\/span>Comment offrir un bijou personnalis\u00e9 de la marque Instants Plaisirs ?<span class=\"ez-toc-section-end\"><\/span><\/h2>\n<p>Le plus simple est de commander sur le site et de se faire livrer en quelques jours.<\/p>\n<p>Pour faire un cadeau de derni\u00e8re minute, le site propose des cartes cadeaux virtuelles de diff\u00e9rents montants allant de 20 \u00e0 200 euros. Compl\u00e8tement d\u00e9mat\u00e9rialis\u00e9e, cette e-carte s\u2019utilise \u00e0 l\u2019aide d\u2019un code \u00e0 fournir au moment de passer commande. Pratique, elle s\u2019adapte \u00e0 toutes les situations car le site propose d\u2019associer sa carte \u00e0 un visuel en fonction de la personne et de l\u2019occasion pour laquelle la carte sera offerte.<\/p>\n<p>Enfin, il est \u00e0 noter que la marque organise ponctuellement des journ\u00e9es showroom en ouvrant ses bureaux de rennes pour recevoir ses clients.<\/p>\n","protected":false},"excerpt":{"rendered":"<p>Quels genres de bijoux personnalis\u00e9s peut-on trouver chez Instants Plaisirs ? Parmi les marques de bijoux personnalis\u00e9s, Instants Plaisirs est [&hellip;]<\/p>\n","protected":false},"author":2,"featured_media":0,"parent":647,"menu_order":16,"comment_status":"closed","ping_status":"closed","template":"","meta":{"site-sidebar-layout":"default","site-content-layout":"","ast-site-content-layout":"default","site-content-style":"default","site-sidebar-style":"default","ast-global-header-display":"","ast-banner-title-visibility":"","ast-main-header-display":"","ast-hfb-above-header-display":"","ast-hfb-below-header-display":"","ast-hfb-mobile-header-display":"","site-post-title":"","ast-breadcrumbs-content":"","ast-featured-img":"","footer-sml-layout":"","theme-transparent-header-meta":"default","adv-header-id-meta":"","stick-header-meta":"","header-above-stick-meta":"","header-main-stick-meta":"","header-below-stick-meta":"","astra-migrate-meta-layouts":"set","ast-page-background-enabled":"default","ast-page-background-meta":{"desktop":{"background-color":"var(--ast-global-color-4)","background-image":"","background-repeat":"repeat","background-position":"center center","background-size":"auto","background-attachment":"scroll","background-type":"","background-media":"","overlay-type":"","overlay-color":"","overlay-gradient":""},"tablet":{"background-color":"","background-image":"","background-repeat":"repeat","background-position":"center center","background-size":"auto","background-attachment":"scroll","background-type":"","background-media":"","overlay-type":"","overlay-color":"","overlay-gradient":""},"mobile":{"background-color":"","background-image":"","background-repeat":"repeat","background-position":"center center","background-size":"auto","background-attachment":"scroll","background-type":"","background-media":"","overlay-type":"","overlay-color":"","overlay-gradient":""}},"ast-content-background-meta":{"desktop":{"background-color":"var(--ast-global-color-5)","background-image":"","background-repeat":"repeat","background-position":"center center","background-size":"auto","background-attachment":"scroll","background-type":"","background-media":"","overlay-type":"","overlay-color":"","overlay-gradient":""},"tablet":{"background-color":"var(--ast-global-color-5)","background-image":"","background-repeat":"repeat","background-position":"center center","background-size":"auto","background-attachment":"scroll","background-type":"","background-media":"","overlay-type":"","overlay-color":"","overlay-gradient":""},"mobile":{"background-color":"var(--ast-global-color-5)","background-image":"","background-repeat":"repeat","background-position":"center center","background-size":"auto","background-attachment":"scroll","background-type":"","background-media":"","overlay-type":"","overlay-color":"","overlay-gradient":""}},"footnotes":""},"aioseo_notices":[],"_links":{"self":[{"href":"https:\/\/www.marmottine.fr\/mag\/wp-json\/wp\/v2\/pages\/660"}],"collection":[{"href":"https:\/\/www.marmottine.fr\/mag\/wp-json\/wp\/v2\/pages"}],"about":[{"href":"https:\/\/www.marmottine.fr\/mag\/wp-json\/wp\/v2\/types\/page"}],"author":[{"embeddable":true,"href":"https:\/\/www.marmottine.fr\/mag\/wp-json\/wp\/v2\/users\/2"}],"replies":[{"embeddable":true,"href":"https:\/\/www.marmottine.fr\/mag\/wp-json\/wp\/v2\/comments?post=660"}],"version-history":[{"count":3,"href":"https:\/\/www.marmottine.fr\/mag\/wp-json\/wp\/v2\/pages\/660\/revisions"}],"predecessor-version":[{"id":687,"href":"https:\/\/www.marmottine.fr\/mag\/wp-json\/wp\/v2\/pages\/660\/revisions\/687"}],"up":[{"embeddable":true,"href":"https:\/\/www.marmottine.fr\/mag\/wp-json\/wp\/v2\/pages\/647"}],"wp:attachment":[{"href":"https:\/\/www.marmottine.fr\/mag\/wp-json\/wp\/v2\/media?parent=660"}],"curies":[{"name":"wp","href":"https:\/\/api.w.org\/{rel}","templated":true}]}}