{"id":656,"date":"2024-05-21T10:16:00","date_gmt":"2024-05-21T08:16:00","guid":{"rendered":"https:\/\/www.marmottine.fr\/mag\/?page_id=656"},"modified":"2024-05-21T15:47:32","modified_gmt":"2024-05-21T13:47:32","slug":"happy-bulle","status":"publish","type":"page","link":"https:\/\/www.marmottine.fr\/mag\/guides\/bijoux-personnalises\/par-marque\/happy-bulle","title":{"rendered":"Quel type de bijou personnaliser choisir chez Happy Bulle ?"},"content":{"rendered":"<h1><span class=\"ez-toc-section\" id=\"Quel_type_de_bijou_personnaliser_choisir_chez_Happy_Bulle\"><\/span>Quel type de bijou personnaliser choisir chez Happy Bulle ?<span class=\"ez-toc-section-end\"><\/span><\/h1><div id=\"ez-toc-container\" class=\"ez-toc-v2_0_69_1 counter-hierarchy ez-toc-counter ez-toc-grey ez-toc-container-direction\">\n<div class=\"ez-toc-title-container\">\n<p class=\"ez-toc-title\" style=\"cursor:inherit\">Sommaire<\/p>\n<span class=\"ez-toc-title-toggle\"><a href=\"#\" class=\"ez-toc-pull-right ez-toc-btn ez-toc-btn-xs ez-toc-btn-default ez-toc-toggle\" aria-label=\"Toggle Table of Content\"><span class=\"ez-toc-js-icon-con\"><span class=\"\"><span class=\"eztoc-hide\" style=\"display:none;\">Toggle<\/span><span class=\"ez-toc-icon-toggle-span\"><svg style=\"fill: #999;color:#999\" xmlns=\"http:\/\/www.w3.org\/2000\/svg\" class=\"list-377408\" width=\"20px\" height=\"20px\" viewBox=\"0 0 24 24\" fill=\"none\"><path d=\"M6 6H4v2h2V6zm14 0H8v2h12V6zM4 11h2v2H4v-2zm16 0H8v2h12v-2zM4 16h2v2H4v-2zm16 0H8v2h12v-2z\" fill=\"currentColor\"><\/path><\/svg><svg style=\"fill: #999;color:#999\" class=\"arrow-unsorted-368013\" xmlns=\"http:\/\/www.w3.org\/2000\/svg\" width=\"10px\" height=\"10px\" viewBox=\"0 0 24 24\" version=\"1.2\" baseProfile=\"tiny\"><path d=\"M18.2 9.3l-6.2-6.3-6.2 6.3c-.2.2-.3.4-.3.7s.1.5.3.7c.2.2.4.3.7.3h11c.3 0 .5-.1.7-.3.2-.2.3-.5.3-.7s-.1-.5-.3-.7zM5.8 14.7l6.2 6.3 6.2-6.3c.2-.2.3-.5.3-.7s-.1-.5-.3-.7c-.2-.2-.4-.3-.7-.3h-11c-.3 0-.5.1-.7.3-.2.2-.3.5-.3.7s.1.5.3.7z\"\/><\/svg><\/span><\/span><\/span><\/a><\/span><\/div>\n<nav><ul class='ez-toc-list ez-toc-list-level-1 ' ><li class='ez-toc-page-1 ez-toc-heading-level-1'><a class=\"ez-toc-link ez-toc-heading-1\" href=\"https:\/\/www.marmottine.fr\/mag\/guides\/bijoux-personnalises\/par-marque\/happy-bulle\/#Quel_type_de_bijou_personnaliser_choisir_chez_Happy_Bulle\" title=\"Quel type de bijou personnaliser choisir chez Happy Bulle ?\">Quel type de bijou personnaliser choisir chez Happy Bulle ?<\/a><ul class='ez-toc-list-level-2' ><li class='ez-toc-heading-level-2'><a class=\"ez-toc-link ez-toc-heading-2\" href=\"https:\/\/www.marmottine.fr\/mag\/guides\/bijoux-personnalises\/par-marque\/happy-bulle\/#Quels_sont_les_bijoux_personnalises_de_la_marque_HappyBulle\" title=\"Quels sont les bijoux personnalis\u00e9s de la marque HappyBulle\u00a0?\">Quels sont les bijoux personnalis\u00e9s de la marque HappyBulle\u00a0?<\/a><\/li><li class='ez-toc-page-1 ez-toc-heading-level-2'><a class=\"ez-toc-link ez-toc-heading-3\" href=\"https:\/\/www.marmottine.fr\/mag\/guides\/bijoux-personnalises\/par-marque\/happy-bulle\/#HappyBulle_transforme_les_dessins_de_vos_enfants_en_bijoux_personnalises\" title=\"HappyBulle transforme les dessins de vos enfants en bijoux personnalis\u00e9s\">HappyBulle transforme les dessins de vos enfants en bijoux personnalis\u00e9s<\/a><\/li><li class='ez-toc-page-1 ez-toc-heading-level-2'><a class=\"ez-toc-link ez-toc-heading-4\" href=\"https:\/\/www.marmottine.fr\/mag\/guides\/bijoux-personnalises\/par-marque\/happy-bulle\/#_HappyBulle_propose_des_bijoux_personnalises_avec_les_premiers_ecrits_des_enfants\" title=\"\u00a0HappyBulle propose des bijoux personnalis\u00e9s avec les premiers \u00e9crits des enfants\">\u00a0HappyBulle propose des bijoux personnalis\u00e9s avec les premiers \u00e9crits des enfants<\/a><\/li><li class='ez-toc-page-1 ez-toc-heading-level-2'><a class=\"ez-toc-link ez-toc-heading-5\" href=\"https:\/\/www.marmottine.fr\/mag\/guides\/bijoux-personnalises\/par-marque\/happy-bulle\/#Des_bijoux_personnalises_HappyBulle_avec_les_empreintes_de_main_ou_de_pied_de_vos_enfants\" title=\"Des bijoux personnalis\u00e9s HappyBulle avec les empreintes de main ou de pied de vos enfants\">Des bijoux personnalis\u00e9s HappyBulle avec les empreintes de main ou de pied de vos enfants<\/a><\/li><li class='ez-toc-page-1 ez-toc-heading-level-2'><a class=\"ez-toc-link ez-toc-heading-6\" href=\"https:\/\/www.marmottine.fr\/mag\/guides\/bijoux-personnalises\/par-marque\/happy-bulle\/#Comment_transmettre_votre_original_a_graver_a_HappyBulle\" title=\"Comment transmettre votre original \u00e0 graver \u00e0 HappyBulle\u00a0?\">Comment transmettre votre original \u00e0 graver \u00e0 HappyBulle\u00a0?<\/a><\/li><li class='ez-toc-page-1 ez-toc-heading-level-2'><a class=\"ez-toc-link ez-toc-heading-7\" href=\"https:\/\/www.marmottine.fr\/mag\/guides\/bijoux-personnalises\/par-marque\/happy-bulle\/#Quels_sont_les_nouveaux_concepts_de_HappyBulle\" title=\"Quels sont les nouveaux concepts de HappyBulle\u00a0?\">Quels sont les nouveaux concepts de HappyBulle\u00a0?<\/a><\/li><li class='ez-toc-page-1 ez-toc-heading-level-2'><a class=\"ez-toc-link ez-toc-heading-8\" href=\"https:\/\/www.marmottine.fr\/mag\/guides\/bijoux-personnalises\/par-marque\/happy-bulle\/#Quels_sont_les_avis_clients_sur_la_marque_HappyBulle\" title=\"Quels sont les avis clients sur la marque HappyBulle\u00a0?\">Quels sont les avis clients sur la marque HappyBulle\u00a0?<\/a><\/li><\/ul><\/li><\/ul><\/nav><\/div>\n\n<p>&nbsp;<\/p>\n<p>&nbsp;<\/p>\n<p><img loading=\"lazy\" decoding=\"async\" class=\"size-full wp-image-497\" src=\"https:\/\/www.marmottine.fr\/mag\/wp-content\/uploads\/2024\/04\/2024-04-05.jpg\" alt=\"M\u00e9daille Signe Astrologique B\u00e9b\u00e9\" width=\"800\" height=\"800\" srcset=\"https:\/\/www.marmottine.fr\/mag\/wp-content\/uploads\/2024\/04\/2024-04-05.jpg 800w, https:\/\/www.marmottine.fr\/mag\/wp-content\/uploads\/2024\/04\/2024-04-05-300x300.jpg 300w, https:\/\/www.marmottine.fr\/mag\/wp-content\/uploads\/2024\/04\/2024-04-05-150x150.jpg 150w, https:\/\/www.marmottine.fr\/mag\/wp-content\/uploads\/2024\/04\/2024-04-05-768x768.jpg 768w\" sizes=\"(max-width: 800px) 100vw, 800px\" \/><\/p>\n<p>HappyBulle est <strong><a href=\"https:\/\/www.marmottine.fr\/mag\/guides\/bijoux-personnalises#Quels_bijoux_personnalises_choisir_par_marque\">une jeune \u00a0marque de bijoux personnalis\u00e9s<\/a><\/strong> qui a b\u00e2ti sa renomm\u00e9e sur une collection de bijoux fantaisie haut de gamme (essentiellement de l\u2019argent et du plaqu\u00e9 or) grav\u00e9s \u00e0 partir des dessins d\u2019enfants fournis par ses clients. Un concept original qui a tout de suite plu \u00e0 une client\u00e8le toujours en qu\u00eate de personnalisation ultime. Par la suite, la marque s\u2019est diversifi\u00e9e dans la reproduction de textes enfantins et d\u2019empreintes de main ou de pieds. HappyBulle propose des bijoux pour femme, homme et enfant (bracelets, colliers, pendentifs, bagues, boucles d\u2019oreilles) mais aussi des accessoires (porte-clefs, badges, pins, d\u00e9corations pour la maison). La marque travaille \u00e9galement d\u2019autres mat\u00e9riaux comme le bois, l\u2019acrylique ou l\u2019acier inoxydable, afin de proposer des id\u00e9es de cadeaux personnalis\u00e9s tr\u00e8s abordables.<\/p>\n<h2><span class=\"ez-toc-section\" id=\"Quels_sont_les_bijoux_personnalises_de_la_marque_HappyBulle\"><\/span>Quels sont les bijoux personnalis\u00e9s de la marque HappyBulle\u00a0?<span class=\"ez-toc-section-end\"><\/span><\/h2>\n<p>Comme pour beaucoup de marques de bijoux, HappyBulle est n\u00e9e d\u2019une id\u00e9e originale d\u2019une jeune maman. En 2011, Doroth\u00e9e grave un dessin de sa fille sur une m\u00e9daille et lui vient alors l\u2019id\u00e9e de d\u00e9velopper un concept encore unique en France\u00a0: transformer les dessins d\u2019enfants en bijoux. HappyBulle est lanc\u00e9 et en quelques mois le succ\u00e8s est au rendez-vous. La cr\u00e9atrice sera rejointe par son mari et ensemble, ils vont d\u00e9velopper une marque de bijoux personnalis\u00e9s reconnue pr\u00e8s de Bordeaux.<\/p>\n<p>En plus des dessins d\u2019enfants, HappyBulle grave des textes manuscrits, des empreintes de main et de pied, ainsi que toute sorte d\u2019originaux fournis par ses clients.<\/p>\n<p>Les bijoux personnalis\u00e9s par HappuBulle sont des bracelets (sur cha\u00eene, sur cordon et sur liberty), des colliers, des m\u00e9dailles, des boucles d\u2019oreilles. Mais rapidement, la marque d\u00e9veloppe la gravure sur des accessoires comme les porte-cl\u00e9s et les pins.<\/p>\n<h2><span class=\"ez-toc-section\" id=\"HappyBulle_transforme_les_dessins_de_vos_enfants_en_bijoux_personnalises\"><\/span>HappyBulle transforme les dessins de vos enfants en bijoux personnalis\u00e9s<span class=\"ez-toc-section-end\"><\/span><\/h2>\n<p>Les dessins d\u2019enfants sont un condens\u00e9 d\u2019amour et de tendresse qui n\u2019a pas \u00e9chapp\u00e9 \u00e0 la cr\u00e9atrice de la marque. En fonction de l\u2019\u00e2ge auquel l\u2019\u0153uvre est dessin\u00e9e, celle-ci refl\u00e8te la personnalit\u00e9 de l\u2019enfant, son humeur et sa vision du monde. Combien de dessins d\u2019enfants avez-vous accumul\u00e9 au fil des ann\u00e9es\u00a0? Pourquoi ne pouvez-vous pas vous en s\u00e9parer\u00a0? Tout simplement car ils sont un instantan\u00e9 de vie de vos petits, un lien pr\u00e9cieux vers leur enfance et cette douce p\u00e9riode d\u2019insouciance. C\u2019est pourquoi les mamans adorent les dessins de leurs enfants et y sont aussi attach\u00e9es.<\/p>\n<p>Quelques pr\u00e9cautions s\u2019imposent pour obtenir un bijou dessin d\u2019enfant r\u00e9ussi\u00a0:<\/p>\n<ul>\n<li>Utiliser un dessin r\u00e9alis\u00e9 au feutre fonc\u00e9<\/li>\n<li>Utiliser de pr\u00e9f\u00e9rence une feuille blanche, pour un meilleur contraste<\/li>\n<li>Veillez \u00e0 prendre une photo de qualit\u00e9, celle-ci conditionnera la qualit\u00e9 de la gravure<\/li>\n<\/ul>\n<p>Si vous respecter ces 3 \u00e9tapes, vous avez la certitude d\u2019obtenir un bijou personnalis\u00e9 unique avec le plus beau dessin de votre enfant.<\/p>\n<h2><span class=\"ez-toc-section\" id=\"_HappyBulle_propose_des_bijoux_personnalises_avec_les_premiers_ecrits_des_enfants\"><\/span><strong>\u00a0<\/strong>HappyBulle propose des bijoux personnalis\u00e9s avec les premiers \u00e9crits des enfants<span class=\"ez-toc-section-end\"><\/span><\/h2>\n<p>L\u2019apprentissage de la lecture est une \u00e9tape importante dans l\u2019\u00e9ducation des enfants. Leurs premiers \u00e9crits sont timides, parfois maladroits. Si on est loin des pleins et des d\u00e9li\u00e9s cens\u00e9s \u00eatre maitris\u00e9s au cours moyen, les premiers textes \u00e9crits en cours pr\u00e9paratoire t\u00e9moignent d\u2019une application s\u00e9rieuse absolument attendrissante.<\/p>\n<p>A l\u2019instar des premiers dessins, HappyBulle propose d\u2019immortaliser les premiers \u00e9crits de vos enfants sur des bijoux personnalis\u00e9s par vous\u00a0: m\u00e9daille ou bracelet, porte-cl\u00e9s ou pin\u2019s. Leur pr\u00e9nom, ou un simple \u00ab\u00a0maman je t\u2019aime\u00a0\u00bb \u00e9crit de leur main h\u00e9sitante mais volontaire est une id\u00e9e de cadeau id\u00e9al pour une maman, une grand-m\u00e8re ou un papa.<\/p>\n<p>Ne jetez plus leurs petits mots et r\u00e9cup\u00e9rez leurs premiers cahiers d\u2019\u00e9coliers\u00a0: vous y trouverez peut-\u00eatre l\u2019inspiration pour votre prochain bijou\u00a0!<strong>\u00a0<\/strong><\/p>\n<h2><span class=\"ez-toc-section\" id=\"Des_bijoux_personnalises_HappyBulle_avec_les_empreintes_de_main_ou_de_pied_de_vos_enfants\"><\/span>Des bijoux personnalis\u00e9s HappyBulle avec les empreintes de main ou de pied de vos enfants<span class=\"ez-toc-section-end\"><\/span><\/h2>\n<p>La marque girondine ne s\u2019est pas arr\u00eat\u00e9e en si bon chemin et propose aussi de reproduire les empreintes de main ou de pied de vos enfants, un autre t\u00e9moignage vivant de leur petite enfance dont les clients raffolent. Tout comme pour les dessins, certaines pr\u00e9cautions s\u2019imposent pour r\u00e9ussir le bijou final.<\/p>\n<p>La prise d\u2019empreinte doit se faire avec de la peinture fonc\u00e9e sur un fond blanc, les traits composant l\u2019empreinte doivent \u00eatre bien distincts pour \u00eatre reproduits le plus fid\u00e8lement possible.<\/p>\n<p>Les empreintes de pieds sont particuli\u00e8rement adapt\u00e9es pour les b\u00e9b\u00e9s.<\/p>\n<h2><span class=\"ez-toc-section\" id=\"Comment_transmettre_votre_original_a_graver_a_HappyBulle\"><\/span>Comment transmettre votre original \u00e0 graver \u00e0 HappyBulle\u00a0?<span class=\"ez-toc-section-end\"><\/span><\/h2>\n<p>Une application permet de scanner votre original et de l\u2019int\u00e9grer directement \u00e0 partir de votre mobile sur le module de personnalisation du site. Une solution ultra simple qui a le double avantage d\u2019\u00eatre rapide et efficace.<\/p>\n<p>En deux clics, vous pouvez avoir un aper\u00e7u du bijou final et changer l\u2019original si celui qui a \u00e9t\u00e9 t\u00e9l\u00e9charg\u00e9 ne vous convient pas.<\/p>\n<p>Une autre mani\u00e8re plus classique permet de t\u00e9l\u00e9charger un fichier depuis votre ordinateur sur le site.<\/p>\n<p>Cette facilit\u00e9 d\u2019utilisation est sans aucun doute un \u00e9l\u00e9ment fort du succ\u00e8s de la boutique en ligne.<\/p>\n<h2><span class=\"ez-toc-section\" id=\"Quels_sont_les_nouveaux_concepts_de_HappyBulle\"><\/span>Quels sont les nouveaux concepts de HappyBulle\u00a0?<span class=\"ez-toc-section-end\"><\/span><\/h2>\n<p>La marque bordelaise \u00e9tend son offre \u00e0 des collabs avec des illustratrices et des influenceuses, proposant ainsi des mod\u00e8les originaux et tendance. Une autre mani\u00e8re de concevoir le bijou personnalis\u00e9, en s\u2019inspirant des talents reconnus de professionnels. Ce syst\u00e8me permet \u00e9galement de s\u2019offrir un bijou personnalis\u00e9 par un cr\u00e9ateur, un mod\u00e8le dans l\u2019air du temps, sur lequel on peut ajouter un pr\u00e9nom, une date ou une citation.<\/p>\n<p>La personnalisation \u00e9tant in\u00e9puisable, HappyBulle propose de nouveaux concepts originaux qui m\u00e9ritent qu\u2019on s\u2019y int\u00e9resse\u00a0:<\/p>\n<ul>\n<li>Le concept g\u00e9o map\u00a0: reproduit la carte d\u2019un lieu embl\u00e9matique pour le client sur tout type de support ou bijou.<\/li>\n<li>Le concept ciel \u00e9toil\u00e9\u00a0: permet de retranscrire des constellations<\/li>\n<li>Le concept de profil grav\u00e9\u00a0: dessine le profil d\u2019une personne \u00e0 partir d\u2019une photo<\/li>\n<li>Le concept spotify : grave la page de votre playlist ou titre pr\u00e9f\u00e9r\u00e9<\/li>\n<\/ul>\n<p>Avec ces innovations permanentes, HappyBulle conforte sa position de leader en mati\u00e8re de bijoux personnalis\u00e9s en entr\u00e9e et moyenne gamme.<\/p>\n<h2><span class=\"ez-toc-section\" id=\"Quels_sont_les_avis_clients_sur_la_marque_HappyBulle\"><\/span>Quels sont les avis clients sur la marque HappyBulle\u00a0?<span class=\"ez-toc-section-end\"><\/span><\/h2>\n<p>Sur plus de 30000 avis clients, la marque est tr\u00e8s bien not\u00e9e (4.7\/5), ce qui t\u00e9moigne du s\u00e9rieux de l\u2019entreprise et de l\u2019engagement des clients. La rapidit\u00e9 d\u2019ex\u00e9cution et de livraison sont tr\u00e8s appr\u00e9ci\u00e9es, deux \u00e9l\u00e9ments cl\u00e9s dans l\u2019appr\u00e9ciation d\u2019une boutique en ligne.<\/p>\n<p>De plus, la marque soigne son image avec un packaging ludique et color\u00e9, mettant en valeur le bijou ou l\u2019objet exp\u00e9di\u00e9.<\/p>\n<p>Si l\u2019on ne peut pas v\u00e9ritablement parler de bijouterie, le concept d\u2019HappyBulle en fait tout de m\u00eame un acteur incontournable des bijoux personnalis\u00e9s.<\/p>\n","protected":false},"excerpt":{"rendered":"<p>Quel type de bijou personnaliser choisir chez Happy Bulle ? &nbsp; &nbsp; HappyBulle est une jeune \u00a0marque de bijoux personnalis\u00e9s [&hellip;]<\/p>\n","protected":false},"author":2,"featured_media":0,"parent":647,"menu_order":14,"comment_status":"closed","ping_status":"closed","template":"","meta":{"site-sidebar-layout":"default","site-content-layout":"","ast-site-content-layout":"default","site-content-style":"default","site-sidebar-style":"default","ast-global-header-display":"","ast-banner-title-visibility":"","ast-main-header-display":"","ast-hfb-above-header-display":"","ast-hfb-below-header-display":"","ast-hfb-mobile-header-display":"","site-post-title":"","ast-breadcrumbs-content":"","ast-featured-img":"","footer-sml-layout":"","theme-transparent-header-meta":"default","adv-header-id-meta":"","stick-header-meta":"","header-above-stick-meta":"","header-main-stick-meta":"","header-below-stick-meta":"","astra-migrate-meta-layouts":"set","ast-page-background-enabled":"default","ast-page-background-meta":{"desktop":{"background-color":"var(--ast-global-color-4)","background-image":"","background-repeat":"repeat","background-position":"center center","background-size":"auto","background-attachment":"scroll","background-type":"","background-media":"","overlay-type":"","overlay-color":"","overlay-gradient":""},"tablet":{"background-color":"","background-image":"","background-repeat":"repeat","background-position":"center center","background-size":"auto","background-attachment":"scroll","background-type":"","background-media":"","overlay-type":"","overlay-color":"","overlay-gradient":""},"mobile":{"background-color":"","background-image":"","background-repeat":"repeat","background-position":"center center","background-size":"auto","background-attachment":"scroll","background-type":"","background-media":"","overlay-type":"","overlay-color":"","overlay-gradient":""}},"ast-content-background-meta":{"desktop":{"background-color":"var(--ast-global-color-5)","background-image":"","background-repeat":"repeat","background-position":"center center","background-size":"auto","background-attachment":"scroll","background-type":"","background-media":"","overlay-type":"","overlay-color":"","overlay-gradient":""},"tablet":{"background-color":"var(--ast-global-color-5)","background-image":"","background-repeat":"repeat","background-position":"center center","background-size":"auto","background-attachment":"scroll","background-type":"","background-media":"","overlay-type":"","overlay-color":"","overlay-gradient":""},"mobile":{"background-color":"var(--ast-global-color-5)","background-image":"","background-repeat":"repeat","background-position":"center center","background-size":"auto","background-attachment":"scroll","background-type":"","background-media":"","overlay-type":"","overlay-color":"","overlay-gradient":""}},"footnotes":""},"aioseo_notices":[],"_links":{"self":[{"href":"https:\/\/www.marmottine.fr\/mag\/wp-json\/wp\/v2\/pages\/656"}],"collection":[{"href":"https:\/\/www.marmottine.fr\/mag\/wp-json\/wp\/v2\/pages"}],"about":[{"href":"https:\/\/www.marmottine.fr\/mag\/wp-json\/wp\/v2\/types\/page"}],"author":[{"embeddable":true,"href":"https:\/\/www.marmottine.fr\/mag\/wp-json\/wp\/v2\/users\/2"}],"replies":[{"embeddable":true,"href":"https:\/\/www.marmottine.fr\/mag\/wp-json\/wp\/v2\/comments?post=656"}],"version-history":[{"count":4,"href":"https:\/\/www.marmottine.fr\/mag\/wp-json\/wp\/v2\/pages\/656\/revisions"}],"predecessor-version":[{"id":685,"href":"https:\/\/www.marmottine.fr\/mag\/wp-json\/wp\/v2\/pages\/656\/revisions\/685"}],"up":[{"embeddable":true,"href":"https:\/\/www.marmottine.fr\/mag\/wp-json\/wp\/v2\/pages\/647"}],"wp:attachment":[{"href":"https:\/\/www.marmottine.fr\/mag\/wp-json\/wp\/v2\/media?parent=656"}],"curies":[{"name":"wp","href":"https:\/\/api.w.org\/{rel}","templated":true}]}}