{"id":654,"date":"2024-05-21T10:13:43","date_gmt":"2024-05-21T08:13:43","guid":{"rendered":"https:\/\/www.marmottine.fr\/mag\/?page_id=654"},"modified":"2024-05-21T15:46:32","modified_gmt":"2024-05-21T13:46:32","slug":"atelier-de-famille","status":"publish","type":"page","link":"https:\/\/www.marmottine.fr\/mag\/guides\/bijoux-personnalises\/par-marque\/atelier-de-famille","title":{"rendered":"Comment choisir son bijou personnalis\u00e9 chez Atelier de Famille ?"},"content":{"rendered":"<h1><span class=\"ez-toc-section\" id=\"Comment_choisir_son_bijou_personnalise_chez_Atelier_de_Famille\"><\/span>Comment choisir son bijou personnalis\u00e9 chez Atelier de Famille ?<span class=\"ez-toc-section-end\"><\/span><\/h1><div id=\"ez-toc-container\" class=\"ez-toc-v2_0_69_1 counter-hierarchy ez-toc-counter ez-toc-grey ez-toc-container-direction\">\n<div class=\"ez-toc-title-container\">\n<p class=\"ez-toc-title\" style=\"cursor:inherit\">Sommaire<\/p>\n<span class=\"ez-toc-title-toggle\"><a href=\"#\" class=\"ez-toc-pull-right ez-toc-btn ez-toc-btn-xs ez-toc-btn-default ez-toc-toggle\" aria-label=\"Toggle Table of Content\"><span class=\"ez-toc-js-icon-con\"><span class=\"\"><span class=\"eztoc-hide\" style=\"display:none;\">Toggle<\/span><span class=\"ez-toc-icon-toggle-span\"><svg style=\"fill: #999;color:#999\" xmlns=\"http:\/\/www.w3.org\/2000\/svg\" class=\"list-377408\" width=\"20px\" height=\"20px\" viewBox=\"0 0 24 24\" fill=\"none\"><path d=\"M6 6H4v2h2V6zm14 0H8v2h12V6zM4 11h2v2H4v-2zm16 0H8v2h12v-2zM4 16h2v2H4v-2zm16 0H8v2h12v-2z\" fill=\"currentColor\"><\/path><\/svg><svg style=\"fill: #999;color:#999\" class=\"arrow-unsorted-368013\" xmlns=\"http:\/\/www.w3.org\/2000\/svg\" width=\"10px\" height=\"10px\" viewBox=\"0 0 24 24\" version=\"1.2\" baseProfile=\"tiny\"><path d=\"M18.2 9.3l-6.2-6.3-6.2 6.3c-.2.2-.3.4-.3.7s.1.5.3.7c.2.2.4.3.7.3h11c.3 0 .5-.1.7-.3.2-.2.3-.5.3-.7s-.1-.5-.3-.7zM5.8 14.7l6.2 6.3 6.2-6.3c.2-.2.3-.5.3-.7s-.1-.5-.3-.7c-.2-.2-.4-.3-.7-.3h-11c-.3 0-.5.1-.7.3-.2.2-.3.5-.3.7s.1.5.3.7z\"\/><\/svg><\/span><\/span><\/span><\/a><\/span><\/div>\n<nav><ul class='ez-toc-list ez-toc-list-level-1 ' ><li class='ez-toc-page-1 ez-toc-heading-level-1'><a class=\"ez-toc-link ez-toc-heading-1\" href=\"https:\/\/www.marmottine.fr\/mag\/guides\/bijoux-personnalises\/par-marque\/atelier-de-famille\/#Comment_choisir_son_bijou_personnalise_chez_Atelier_de_Famille\" title=\"Comment choisir son bijou personnalis\u00e9 chez Atelier de Famille ?\">Comment choisir son bijou personnalis\u00e9 chez Atelier de Famille ?<\/a><ul class='ez-toc-list-level-2' ><li class='ez-toc-heading-level-2'><a class=\"ez-toc-link ez-toc-heading-2\" href=\"https:\/\/www.marmottine.fr\/mag\/guides\/bijoux-personnalises\/par-marque\/atelier-de-famille\/#Quelle_est_la_marque_de_bijoux_personnalises_Atelier_de_Famille\" title=\"Quelle est la marque de bijoux personnalis\u00e9s Atelier de Famille\u00a0?\">Quelle est la marque de bijoux personnalis\u00e9s Atelier de Famille\u00a0?<\/a><\/li><li class='ez-toc-page-1 ez-toc-heading-level-2'><a class=\"ez-toc-link ez-toc-heading-3\" href=\"https:\/\/www.marmottine.fr\/mag\/guides\/bijoux-personnalises\/par-marque\/atelier-de-famille\/#Quel_type_de_gravure_sur_bijoux_propose_Atelier_de_Famille\" title=\"Quel type de gravure sur bijoux propose Atelier de Famille\u00a0?\">Quel type de gravure sur bijoux propose Atelier de Famille\u00a0?<\/a><\/li><li class='ez-toc-page-1 ez-toc-heading-level-2'><a class=\"ez-toc-link ez-toc-heading-4\" href=\"https:\/\/www.marmottine.fr\/mag\/guides\/bijoux-personnalises\/par-marque\/atelier-de-famille\/#Quelles_sont_les_medailles_a_personnaliser_de_Atelier_de_Famille\" title=\"Quelles sont les m\u00e9dailles \u00e0 personnaliser de Atelier de Famille\u00a0?\">Quelles sont les m\u00e9dailles \u00e0 personnaliser de Atelier de Famille\u00a0?<\/a><\/li><li class='ez-toc-page-1 ez-toc-heading-level-2'><a class=\"ez-toc-link ez-toc-heading-5\" href=\"https:\/\/www.marmottine.fr\/mag\/guides\/bijoux-personnalises\/par-marque\/atelier-de-famille\/#_Quels_sont_les_colliers_en_argent_massif_proposes_par_Atelier_de_Famille\" title=\"\u00a0Quels sont les colliers en argent massif propos\u00e9s par Atelier de Famille\u00a0?\">\u00a0Quels sont les colliers en argent massif propos\u00e9s par Atelier de Famille\u00a0?<\/a><\/li><li class='ez-toc-page-1 ez-toc-heading-level-2'><a class=\"ez-toc-link ez-toc-heading-6\" href=\"https:\/\/www.marmottine.fr\/mag\/guides\/bijoux-personnalises\/par-marque\/atelier-de-famille\/#Comment_choisir_un_collier_plaque_or_chez_Atelier_de_Famille\" title=\"Comment choisir un collier plaqu\u00e9 or chez Atelier de Famille\u00a0?\">Comment choisir un collier plaqu\u00e9 or chez Atelier de Famille\u00a0?<\/a><\/li><li class='ez-toc-page-1 ez-toc-heading-level-2'><a class=\"ez-toc-link ez-toc-heading-7\" href=\"https:\/\/www.marmottine.fr\/mag\/guides\/bijoux-personnalises\/par-marque\/atelier-de-famille\/#Quels_sont_les_bracelets_homme_a_graver_de_la_marque_Atelier_de_Famille\" title=\"Quels sont les bracelets homme \u00e0 graver de la marque Atelier de Famille\u00a0?\">Quels sont les bracelets homme \u00e0 graver de la marque Atelier de Famille\u00a0?<\/a><\/li><li class='ez-toc-page-1 ez-toc-heading-level-2'><a class=\"ez-toc-link ez-toc-heading-8\" href=\"https:\/\/www.marmottine.fr\/mag\/guides\/bijoux-personnalises\/par-marque\/atelier-de-famille\/#Quelles_sont_les_compositions_de_bijoux_personnalises_proposes_par_Atelier_de_Famille\" title=\"Quelles sont les compositions de bijoux personnalis\u00e9s propos\u00e9s par Atelier de Famille\u00a0?\">Quelles sont les compositions de bijoux personnalis\u00e9s propos\u00e9s par Atelier de Famille\u00a0?<\/a><\/li><\/ul><\/li><\/ul><\/nav><\/div>\n\n<p><img loading=\"lazy\" decoding=\"async\" class=\"alignnone size-full wp-image-272\" src=\"https:\/\/www.marmottine.fr\/mag\/wp-content\/uploads\/2024\/03\/M1095-arbre-de-vie-lucas-800x800-1.jpg\" alt=\"M\u00e9daille arbre de vie en or \u00e0 personnaliser\" width=\"800\" height=\"800\" srcset=\"https:\/\/www.marmottine.fr\/mag\/wp-content\/uploads\/2024\/03\/M1095-arbre-de-vie-lucas-800x800-1.jpg 800w, https:\/\/www.marmottine.fr\/mag\/wp-content\/uploads\/2024\/03\/M1095-arbre-de-vie-lucas-800x800-1-300x300.jpg 300w, https:\/\/www.marmottine.fr\/mag\/wp-content\/uploads\/2024\/03\/M1095-arbre-de-vie-lucas-800x800-1-150x150.jpg 150w, https:\/\/www.marmottine.fr\/mag\/wp-content\/uploads\/2024\/03\/M1095-arbre-de-vie-lucas-800x800-1-768x768.jpg 768w\" sizes=\"(max-width: 800px) 100vw, 800px\" \/><\/p>\n<p>Atelier de Famille est <strong><a href=\"https:\/\/www.marmottine.fr\/mag\/guides\/bijoux-personnalises#Quels_bijoux_personnalises_choisir_par_marque\">une marque de bijoux personnalis\u00e9s<\/a><\/strong> fond\u00e9e en 2005 par une jeune maman qui a embarqu\u00e9 sa famille dans l\u2019aventure. \u00a0Son id\u00e9e \u00e9tait de proposer des bijoux pour homme, femme et enfant grav\u00e9s sur mesure pour faire des cadeaux inoubliables. Presque 20 ans plus tard, Atelier de Famille ce sont 11 boutiques physiques, 1 boutique en ligne, des collections sans cesse renouvel\u00e9es de bijoux personnalis\u00e9s et une collection pour la maison. La marque est devenue incontournable dans le monde de la bijouterie fantaisie haut de gamme.<\/p>\n<h2><span class=\"ez-toc-section\" id=\"Quelle_est_la_marque_de_bijoux_personnalises_Atelier_de_Famille\"><\/span>Quelle est la marque de bijoux personnalis\u00e9s Atelier de Famille\u00a0?<span class=\"ez-toc-section-end\"><\/span><\/h2>\n<p>Comme d\u2019autres marques de bijoux personnalis\u00e9s en fantaisie haut de gamme, Atelier de Famille a vu le jour dans les ann\u00e9es 2000. Karen prend un cong\u00e9 sabbatique pour s\u2019adonner \u00e0 sa passion\u00a0: personnaliser des bijoux par une gravure et les offrir \u00e0 ses proches. Les premiers bijoux sont des bracelets cordons, des m\u00e9dailles et des pendentifs. L\u2019atelier s\u2019installe \u00e0 Asni\u00e8res sur Seine pr\u00e8s de Paris. La fondatrice est vite rejointe par une petite \u00e9quipe qui grave \u00e0 tours de bras des bijoux pour toute la famille. Les bijoux personnalis\u00e9s de la marque sont essentiellement des bijoux en argent et en plaqu\u00e9 or, dans une gamme de prix tr\u00e8s attractive.<\/p>\n<h2><span class=\"ez-toc-section\" id=\"Quel_type_de_gravure_sur_bijoux_propose_Atelier_de_Famille\"><\/span>Quel type de gravure sur bijoux propose Atelier de Famille\u00a0?<span class=\"ez-toc-section-end\"><\/span><\/h2>\n<p>Chose rare dans la bijouterie personnalis\u00e9e, la marque propose deux types de gravure\u00a0:<\/p>\n<ul>\n<li>Une gravure main, offerte au recto du bijou<\/li>\n<li>Une gravure machine, avec plusieurs typographies propos\u00e9es<\/li>\n<\/ul>\n<p>En plus des lettres de l\u2019alphabet, Atelier de Famille propose de graver un symbole, un monogramme ou une illustration.<\/p>\n<p>Ce choix de gravure offre de multiples possibilit\u00e9s et permet au client d\u2019imaginer un bijou vraiment unique, qu\u2019il ne verra sur personne d\u2019autre. L\u2019authenticit\u00e9 de la gravure manuelle est une vraie valeur ajour\u00e9e. Quant \u00e0 la gravure machine, ou gravure joaillier, elle pr\u00e9sente une nettet\u00e9 et un rendu tr\u00e8s professionnels.<\/p>\n<h2><span class=\"ez-toc-section\" id=\"Quelles_sont_les_medailles_a_personnaliser_de_Atelier_de_Famille\"><\/span>Quelles sont les m\u00e9dailles \u00e0 personnaliser de Atelier de Famille\u00a0?<span class=\"ez-toc-section-end\"><\/span><\/h2>\n<p>Les m\u00e9dailles offrent de belles surfaces pour graver un pr\u00e9nom, une date ou un message. La collection de m\u00e9dailles Atelier de Famille est classique et tendance, et se pr\u00eate \u00e0 tous les \u00e9v\u00e9nements.<\/p>\n<ul>\n<li>La <strong>m\u00e9daille religieuse<\/strong>, repr\u00e9sentant la Vierge Marie ou la Croix, est une id\u00e9e parfaite pour faire un cadeau de bapt\u00eame ou de communion.<\/li>\n<li>La <strong>m\u00e9daille simple<\/strong>, lisse et polie au recto comme au verso permet de graver les deux faces comme bon vous semble.<\/li>\n<li>Certaines m\u00e9dailles ont des <strong>formes particuli\u00e8res<\/strong>: surface martel\u00e9e, contour perl\u00e9, en forme de fleur de lotus, ce qui les rend tr\u00e8s originales.<\/li>\n<li>Les <strong>m\u00e9dailles constellation<\/strong> repr\u00e9sentant les signes du zodiaque avec un petit strass sont tr\u00e8s en vogue actuellement.<\/li>\n<\/ul>\n<h2><span class=\"ez-toc-section\" id=\"_Quels_sont_les_colliers_en_argent_massif_proposes_par_Atelier_de_Famille\"><\/span><strong>\u00a0<\/strong>Quels sont les colliers en argent massif propos\u00e9s par Atelier de Famille\u00a0?<span class=\"ez-toc-section-end\"><\/span><\/h2>\n<p>L\u2019autre mat\u00e9riau phare de la marque Atelier de Famille est l\u2019argent 925. M\u00e9tal pr\u00e9cieux moins cher que l\u2019or, l\u2019argent fait son grand retour dans les collections de bijoux. Pratiquement tous les mod\u00e8les de collier de la marque se d\u00e9clinent en argent. Les cha\u00eenes propos\u00e9es sont des cha\u00eenes gourmette ou des cha\u00eenes for\u00e7at. Toutes les gravures sont possibles sur les bijoux en argent.<\/p>\n<p>Le collier en argent massif est un grand classique qui plait toujours. Certaines pierres fines se marient particuli\u00e8rement bien avec la couleur argent, comme l\u2019am\u00e9thyste ou la turquoise.<\/p>\n<p>Un collier en argent massif est facile \u00e0 associer \u00e0 d\u2019autres bijoux.<\/p>\n<p>Seul petit b\u00e9mol\u00a0: l\u2019argent a tendance \u00e0 s\u2019oxyder et \u00e0 noircir. Mais dans ce cas il suffit de nettoyer son bijou \u00e0 l\u2019aide d\u2019une chamoisine pour lui redonner tout son \u00e9clat.<strong>\u00a0<\/strong><\/p>\n<h2><span class=\"ez-toc-section\" id=\"Comment_choisir_un_collier_plaque_or_chez_Atelier_de_Famille\"><\/span>Comment choisir un collier plaqu\u00e9 or chez Atelier de Famille\u00a0?<span class=\"ez-toc-section-end\"><\/span><\/h2>\n<p>Il y a la team argent et la team plaqu\u00e9 or\u00a0! A vous de choisir en fonction de votre colorim\u00e9trie et de votre carnation de peau. Ces derni\u00e8res ann\u00e9es, la couleur or \u00e9tait tr\u00e8s pr\u00e9sente en bijouterie fantaisie et Atelier de Famille propose une large collection de colliers, simples ou doubles, avec des m\u00e9dailles et des pendentifs en plaqu\u00e9 or.<\/p>\n<p>L\u00e0 aussi certaines pierres seront sublim\u00e9es sur un collier en plaqu\u00e9 or, comme la cornaline ou l\u2019amazonite.<\/p>\n<p>Dans tous les cas, votre collier sera personnalis\u00e9 par un pr\u00e9nom, une date, un mot doux, qui le rendra unique.<strong>\u00a0<\/strong><\/p>\n<h2><span class=\"ez-toc-section\" id=\"Quels_sont_les_bracelets_homme_a_graver_de_la_marque_Atelier_de_Famille\"><\/span>Quels sont les bracelets homme \u00e0 graver de la marque Atelier de Famille\u00a0?<span class=\"ez-toc-section-end\"><\/span><\/h2>\n<p>Le <u>bracelet homme \u00e0 graver<\/u> est un grand classique chez Atelier de Famille. La marque de bijoux personnalis\u00e9s s\u2019est tr\u00e8s vite positionn\u00e9e sur la famille et n\u2019a pas oubli\u00e9 les papas, loin de l\u00e0.<\/p>\n<p>Des bracelets en argent personnalis\u00e9s pour homme\u00a0: l\u2019argent est le m\u00e9tal pr\u00e9cieux qui est le plus souvent demand\u00e9 pour les hommes. Il se marie particuli\u00e8rement bien avec les couleurs froides dites masculines comme le bleu, le noir, le marine ou encore le chocolat.<\/p>\n<p>Les <u>bracelets pour homme<\/u> sont g\u00e9n\u00e9ralement mont\u00e9s sur cordon, sur cuir ou sur corde.<\/p>\n<p>Quant aux supports \u00e0 graver, il s\u2019agit de motifs g\u00e9om\u00e9triques simples comme une m\u00e9daille ronde, un disque, une plaque rectangulaire, ou un symbole comme le sigle infini.<\/p>\n<p>A noter les bracelets perles dures (agate, \u0153il de tigre) qui remportent un franc succ\u00e8s aupr\u00e8s des hommes.<\/p>\n<p>Les joncs \u00e0 graver sont \u00e9galement propos\u00e9s pour ces messieurs.<\/p>\n<p>Que ce soit pour la f\u00eate de p\u00e8res, pour la saint Valentin ou pour un anniversaire, le bracelet personnalis\u00e9 en argent pour homme de Atelier de Famille est une id\u00e9e de cadeau tr\u00e8s appr\u00e9ci\u00e9e.<\/p>\n<h2><span class=\"ez-toc-section\" id=\"Quelles_sont_les_compositions_de_bijoux_personnalises_proposes_par_Atelier_de_Famille\"><\/span>Quelles sont les compositions de bijoux personnalis\u00e9s propos\u00e9s par Atelier de Famille\u00a0?<span class=\"ez-toc-section-end\"><\/span><\/h2>\n<p>Les <u>compositions de bijoux<\/u> correspondent \u00e0 la mode des <strong>bijoux accumul\u00e9s<\/strong>, que ce soit autour du cou ou au poignet. Atelier de Famille propose diff\u00e9rents assortiments de bijoux du plus bel effet.<\/p>\n<p><strong>Le trio de m\u00e9dailles<\/strong>\u00a0: m\u00e9daille laurier, m\u00e9daille zodiaque et m\u00e9daille perl\u00e9e, se portent chacune sur une cha\u00eene d\u2019une longueur diff\u00e9rente pour un tomb\u00e9 en cascade sur le d\u00e9collet\u00e9. Une fa\u00e7on de porter ses colliers tr\u00e8s actuelle.<\/p>\n<p><strong>Le duo de m\u00e9dailles sur cha\u00eenes longues<\/strong>\u00a0: plus \u00e9pur\u00e9 mais tout aussi efficace, il permet de graver plusieurs surfaces.<\/p>\n<p><strong>Le trio jonc 3 rangs<\/strong>\u00a0: un bracelet pampille, un jonc au galon de couleur et un jonc perl\u00e9, les trois r\u00e9unis pour un effet visuel et sonore int\u00e9ressant au poignet.<\/p>\n<p><strong>Le trio de bagues<\/strong> : la mode est aux bagues fines, ce qui permet de les accumuler en jouant sur les couleurs.<\/p>\n","protected":false},"excerpt":{"rendered":"<p>Comment choisir son bijou personnalis\u00e9 chez Atelier de Famille ? Atelier de Famille est une marque de bijoux personnalis\u00e9s fond\u00e9e [&hellip;]<\/p>\n","protected":false},"author":2,"featured_media":0,"parent":647,"menu_order":13,"comment_status":"closed","ping_status":"closed","template":"","meta":{"site-sidebar-layout":"default","site-content-layout":"","ast-site-content-layout":"default","site-content-style":"default","site-sidebar-style":"default","ast-global-header-display":"","ast-banner-title-visibility":"","ast-main-header-display":"","ast-hfb-above-header-display":"","ast-hfb-below-header-display":"","ast-hfb-mobile-header-display":"","site-post-title":"","ast-breadcrumbs-content":"","ast-featured-img":"","footer-sml-layout":"","theme-transparent-header-meta":"default","adv-header-id-meta":"","stick-header-meta":"","header-above-stick-meta":"","header-main-stick-meta":"","header-below-stick-meta":"","astra-migrate-meta-layouts":"set","ast-page-background-enabled":"default","ast-page-background-meta":{"desktop":{"background-color":"var(--ast-global-color-4)","background-image":"","background-repeat":"repeat","background-position":"center center","background-size":"auto","background-attachment":"scroll","background-type":"","background-media":"","overlay-type":"","overlay-color":"","overlay-gradient":""},"tablet":{"background-color":"","background-image":"","background-repeat":"repeat","background-position":"center center","background-size":"auto","background-attachment":"scroll","background-type":"","background-media":"","overlay-type":"","overlay-color":"","overlay-gradient":""},"mobile":{"background-color":"","background-image":"","background-repeat":"repeat","background-position":"center center","background-size":"auto","background-attachment":"scroll","background-type":"","background-media":"","overlay-type":"","overlay-color":"","overlay-gradient":""}},"ast-content-background-meta":{"desktop":{"background-color":"var(--ast-global-color-5)","background-image":"","background-repeat":"repeat","background-position":"center center","background-size":"auto","background-attachment":"scroll","background-type":"","background-media":"","overlay-type":"","overlay-color":"","overlay-gradient":""},"tablet":{"background-color":"var(--ast-global-color-5)","background-image":"","background-repeat":"repeat","background-position":"center center","background-size":"auto","background-attachment":"scroll","background-type":"","background-media":"","overlay-type":"","overlay-color":"","overlay-gradient":""},"mobile":{"background-color":"var(--ast-global-color-5)","background-image":"","background-repeat":"repeat","background-position":"center center","background-size":"auto","background-attachment":"scroll","background-type":"","background-media":"","overlay-type":"","overlay-color":"","overlay-gradient":""}},"footnotes":""},"aioseo_notices":[],"_links":{"self":[{"href":"https:\/\/www.marmottine.fr\/mag\/wp-json\/wp\/v2\/pages\/654"}],"collection":[{"href":"https:\/\/www.marmottine.fr\/mag\/wp-json\/wp\/v2\/pages"}],"about":[{"href":"https:\/\/www.marmottine.fr\/mag\/wp-json\/wp\/v2\/types\/page"}],"author":[{"embeddable":true,"href":"https:\/\/www.marmottine.fr\/mag\/wp-json\/wp\/v2\/users\/2"}],"replies":[{"embeddable":true,"href":"https:\/\/www.marmottine.fr\/mag\/wp-json\/wp\/v2\/comments?post=654"}],"version-history":[{"count":3,"href":"https:\/\/www.marmottine.fr\/mag\/wp-json\/wp\/v2\/pages\/654\/revisions"}],"predecessor-version":[{"id":684,"href":"https:\/\/www.marmottine.fr\/mag\/wp-json\/wp\/v2\/pages\/654\/revisions\/684"}],"up":[{"embeddable":true,"href":"https:\/\/www.marmottine.fr\/mag\/wp-json\/wp\/v2\/pages\/647"}],"wp:attachment":[{"href":"https:\/\/www.marmottine.fr\/mag\/wp-json\/wp\/v2\/media?parent=654"}],"curies":[{"name":"wp","href":"https:\/\/api.w.org\/{rel}","templated":true}]}}