{"id":456,"date":"2024-04-09T10:25:56","date_gmt":"2024-04-09T08:25:56","guid":{"rendered":"https:\/\/www.marmottine.fr\/mag\/?page_id=456"},"modified":"2024-04-09T16:23:50","modified_gmt":"2024-04-09T14:23:50","slug":"pour-une-naissance","status":"publish","type":"page","link":"https:\/\/www.marmottine.fr\/mag\/guides\/bijoux-personnalises\/choisir-selon-occasion\/pour-une-naissance","title":{"rendered":"Quels sont les bijoux personnalis\u00e9s pour une naissance ?"},"content":{"rendered":"<h1><span class=\"ez-toc-section\" id=\"Quels_sont_les_bijoux_personnalises_pour_une_naissance\"><\/span>Quels sont les bijoux personnalis\u00e9s pour une naissance\u00a0?<span class=\"ez-toc-section-end\"><\/span><\/h1><div id=\"ez-toc-container\" class=\"ez-toc-v2_0_69_1 counter-hierarchy ez-toc-counter ez-toc-grey ez-toc-container-direction\">\n<div class=\"ez-toc-title-container\">\n<p class=\"ez-toc-title\" style=\"cursor:inherit\">Sommaire<\/p>\n<span class=\"ez-toc-title-toggle\"><a href=\"#\" class=\"ez-toc-pull-right ez-toc-btn ez-toc-btn-xs ez-toc-btn-default ez-toc-toggle\" aria-label=\"Toggle Table of Content\"><span class=\"ez-toc-js-icon-con\"><span class=\"\"><span class=\"eztoc-hide\" style=\"display:none;\">Toggle<\/span><span class=\"ez-toc-icon-toggle-span\"><svg style=\"fill: #999;color:#999\" xmlns=\"http:\/\/www.w3.org\/2000\/svg\" class=\"list-377408\" width=\"20px\" height=\"20px\" viewBox=\"0 0 24 24\" fill=\"none\"><path d=\"M6 6H4v2h2V6zm14 0H8v2h12V6zM4 11h2v2H4v-2zm16 0H8v2h12v-2zM4 16h2v2H4v-2zm16 0H8v2h12v-2z\" fill=\"currentColor\"><\/path><\/svg><svg style=\"fill: #999;color:#999\" class=\"arrow-unsorted-368013\" xmlns=\"http:\/\/www.w3.org\/2000\/svg\" width=\"10px\" height=\"10px\" viewBox=\"0 0 24 24\" version=\"1.2\" baseProfile=\"tiny\"><path d=\"M18.2 9.3l-6.2-6.3-6.2 6.3c-.2.2-.3.4-.3.7s.1.5.3.7c.2.2.4.3.7.3h11c.3 0 .5-.1.7-.3.2-.2.3-.5.3-.7s-.1-.5-.3-.7zM5.8 14.7l6.2 6.3 6.2-6.3c.2-.2.3-.5.3-.7s-.1-.5-.3-.7c-.2-.2-.4-.3-.7-.3h-11c-.3 0-.5.1-.7.3-.2.2-.3.5-.3.7s.1.5.3.7z\"\/><\/svg><\/span><\/span><\/span><\/a><\/span><\/div>\n<nav><ul class='ez-toc-list ez-toc-list-level-1 ' ><li class='ez-toc-page-1 ez-toc-heading-level-1'><a class=\"ez-toc-link ez-toc-heading-1\" href=\"https:\/\/www.marmottine.fr\/mag\/guides\/bijoux-personnalises\/choisir-selon-occasion\/pour-une-naissance\/#Quels_sont_les_bijoux_personnalises_pour_une_naissance\" title=\"Quels sont les bijoux personnalis\u00e9s pour une naissance\u00a0?\">Quels sont les bijoux personnalis\u00e9s pour une naissance\u00a0?<\/a><ul class='ez-toc-list-level-2' ><li class='ez-toc-heading-level-2'><a class=\"ez-toc-link ez-toc-heading-2\" href=\"https:\/\/www.marmottine.fr\/mag\/guides\/bijoux-personnalises\/choisir-selon-occasion\/pour-une-naissance\/#Quel_bijou_de_naissance_personnalise_offrir_a_une_femme_qui_vient_daccoucher\" title=\"Quel bijou de naissance personnalis\u00e9 offrir \u00e0 une femme qui vient d\u2019accoucher\u00a0?\">Quel bijou de naissance personnalis\u00e9 offrir \u00e0 une femme qui vient d\u2019accoucher\u00a0?<\/a><\/li><li class='ez-toc-page-1 ez-toc-heading-level-2'><a class=\"ez-toc-link ez-toc-heading-3\" href=\"https:\/\/www.marmottine.fr\/mag\/guides\/bijoux-personnalises\/choisir-selon-occasion\/pour-une-naissance\/#Quel_bijou_de_naissance_offrir_a_un_bebe\" title=\"Quel bijou de naissance offrir \u00e0 un b\u00e9b\u00e9\u00a0?\">Quel bijou de naissance offrir \u00e0 un b\u00e9b\u00e9\u00a0?<\/a><\/li><li class='ez-toc-page-1 ez-toc-heading-level-2'><a class=\"ez-toc-link ez-toc-heading-4\" href=\"https:\/\/www.marmottine.fr\/mag\/guides\/bijoux-personnalises\/choisir-selon-occasion\/pour-une-naissance\/#Quel_bijou_de_naissance_personnalise_offrir_a_un_bebe_fille\" title=\"Quel bijou de naissance personnalis\u00e9 offrir \u00e0 un b\u00e9b\u00e9 fille\u00a0?\">Quel bijou de naissance personnalis\u00e9 offrir \u00e0 un b\u00e9b\u00e9 fille\u00a0?<\/a><\/li><li class='ez-toc-page-1 ez-toc-heading-level-2'><a class=\"ez-toc-link ez-toc-heading-5\" href=\"https:\/\/www.marmottine.fr\/mag\/guides\/bijoux-personnalises\/choisir-selon-occasion\/pour-une-naissance\/#Quel_bijou_de_naissance_personnalise_offrir_a_un_bebe_garcon\" title=\"Quel bijou de naissance personnalis\u00e9 offrir \u00e0 un b\u00e9b\u00e9 gar\u00e7on\u00a0?\">Quel bijou de naissance personnalis\u00e9 offrir \u00e0 un b\u00e9b\u00e9 gar\u00e7on\u00a0?<\/a><\/li><li class='ez-toc-page-1 ez-toc-heading-level-2'><a class=\"ez-toc-link ez-toc-heading-6\" href=\"https:\/\/www.marmottine.fr\/mag\/guides\/bijoux-personnalises\/choisir-selon-occasion\/pour-une-naissance\/#Qui_offre_un_bijou_personnalise_pour_une_naissance\" title=\"Qui offre un bijou personnalis\u00e9 pour une naissance\u00a0?\">Qui offre un bijou personnalis\u00e9 pour une naissance\u00a0?<\/a><\/li><li class='ez-toc-page-1 ez-toc-heading-level-2'><a class=\"ez-toc-link ez-toc-heading-7\" href=\"https:\/\/www.marmottine.fr\/mag\/guides\/bijoux-personnalises\/choisir-selon-occasion\/pour-une-naissance\/#Peut-on_offrir_un_collier_en_ambre_comme_bijou_de_naissance\" title=\"Peut-on offrir un collier en ambre comme bijou de naissance ?\">Peut-on offrir un collier en ambre comme bijou de naissance ?<\/a><\/li><li class='ez-toc-page-1 ez-toc-heading-level-2'><a class=\"ez-toc-link ez-toc-heading-8\" href=\"https:\/\/www.marmottine.fr\/mag\/guides\/bijoux-personnalises\/choisir-selon-occasion\/pour-une-naissance\/#Quels_sont_les_bijoux_symboliques_pour_une_naissance\" title=\"Quels sont les bijoux symboliques pour une naissance\u00a0?\">Quels sont les bijoux symboliques pour une naissance\u00a0?<\/a><\/li><\/ul><\/li><\/ul><\/nav><\/div>\n\n<figure id=\"attachment_492\" aria-describedby=\"caption-attachment-492\" style=\"width: 800px\" class=\"wp-caption alignnone\"><img loading=\"lazy\" decoding=\"async\" class=\"wp-image-492 size-full\" src=\"https:\/\/www.marmottine.fr\/mag\/wp-content\/uploads\/2024\/04\/2022-04-13.jpg\" alt=\"Bracelet Identit\u00e9 B\u00e9b\u00e9 \u00e0 graver\" width=\"800\" height=\"800\" srcset=\"https:\/\/www.marmottine.fr\/mag\/wp-content\/uploads\/2024\/04\/2022-04-13.jpg 800w, https:\/\/www.marmottine.fr\/mag\/wp-content\/uploads\/2024\/04\/2022-04-13-300x300.jpg 300w, https:\/\/www.marmottine.fr\/mag\/wp-content\/uploads\/2024\/04\/2022-04-13-150x150.jpg 150w, https:\/\/www.marmottine.fr\/mag\/wp-content\/uploads\/2024\/04\/2022-04-13-768x768.jpg 768w\" sizes=\"(max-width: 800px) 100vw, 800px\" \/><figcaption id=\"caption-attachment-492\" class=\"wp-caption-text\">Bracelet Identit\u00e9 B\u00e9b\u00e9 \u00e0 graver<\/figcaption><\/figure>\n<p>Une naissance est <strong><a href=\"https:\/\/www.marmottine.fr\/mag\/guides\/bijoux-personnalises\/choisir-selon-occasion\">l\u2019occasion r\u00eav\u00e9e pour offrir un bijou personnalis\u00e9<\/a><\/strong>, que ce soit au nouveau-n\u00e9 comme \u00e0 sa maman. L\u2019arriv\u00e9e au monde d\u2019un enfant est une f\u00eate qui remplit de joie tous les membres d\u2019une famille. Il est coutume d\u2019offrir un cadeau \u00e0 la <strong>maman<\/strong> pour la \u00ab\u00a0remercier\u00a0\u00bb d\u2019avoir mis au monde un si beau <strong>b\u00e9b\u00e9<\/strong>, mais aussi \u00e0 l\u2019enfant, en souvenir de sa <strong>naissance<\/strong>. Pour l\u2019un comme pour l\u2019autre, il s\u2019agit la plupart du temps d\u2019un bijou, qui sera port\u00e9 imm\u00e9diatement et pour longtemps. Le <strong>bijou personnalis\u00e9<\/strong> s\u2019impose tout naturellement car il va permettre de dater l\u2019\u00e9v\u00e9nement pour l\u2019\u00e9ternit\u00e9.<\/p>\n<h2><span class=\"ez-toc-section\" id=\"Quel_bijou_de_naissance_personnalise_offrir_a_une_femme_qui_vient_daccoucher\"><\/span>Quel bijou de naissance personnalis\u00e9 offrir \u00e0 une femme qui vient d\u2019accoucher\u00a0?<span class=\"ez-toc-section-end\"><\/span><\/h2>\n<p>Apr\u00e8s neuf mois d\u2019attente, b\u00e9b\u00e9 est enfin l\u00e0\u00a0! M\u00eame si la grossesse fut difficile, longue et parfois dangereuse, l\u2019arriv\u00e9e du nouveau-n\u00e9 efface tout comme un tsunami. La joie est immense pour la maman comme pour le papa. Et la <strong>jeune maman<\/strong>, qu\u2019elle soit primipare ou \u00e0 la t\u00eate d\u2019une tribu, m\u00e9rite bien un cadeau de naissance pour immortaliser l\u2019\u00e9v\u00e9nement.<\/p>\n<p>Le <strong>bijou personnalis\u00e9 est l\u2019id\u00e9al pour offrir un bijou de naissance<\/strong> \u00e0 une femme qui vient de mettre au monde un enfant. Car diff\u00e9rentes possibilit\u00e9s de personnalisation vont lui permettre de dater l\u2019\u00e9v\u00e9nement en souvenir.<\/p>\n<p>On pourra par exemple offrir une <strong>bague avec la pierre du mois<\/strong> de naissance de b\u00e9b\u00e9 (attention toutefois aux doigts qui gonflent avec la grossesse, il faudra attendre un peu et commander sa taille habituelle).<\/p>\n<p>Le <strong>bracelet est le bijou de naissance classique<\/strong> surtout s\u2019il est personnalis\u00e9 avec le pr\u00e9nom de l\u2019enfant\u00a0; il en est de m\u00eame avec une <strong>m\u00e9daille ou un pendentif<\/strong>.\u00a0 Le bijou personnalis\u00e9 de naissance pour la maman \u00e9tant amen\u00e9 \u00e0 durer toute la vie, on privil\u00e9giera un bijou en or (or jaune ou or blanc selon ses pr\u00e9f\u00e9rences).<\/p>\n<h2><span class=\"ez-toc-section\" id=\"Quel_bijou_de_naissance_offrir_a_un_bebe\"><\/span>Quel bijou de naissance offrir \u00e0 un b\u00e9b\u00e9\u00a0?<span class=\"ez-toc-section-end\"><\/span><\/h2>\n<p>Dans les jours qui suivent sa venue au monde, b\u00e9b\u00e9 est inond\u00e9 de cadeaux. Entre les grenouill\u00e8res, les jouets, la vaisselle premier \u00e2ge et autres d\u00e9corations pour sa chambre, le bijou personnalis\u00e9 est de loin le cadeau qu\u2019il gardera le plus longtemps (et le moins encombrant).<\/p>\n<p>Le <strong>bracelet identit\u00e9 b\u00e9b\u00e9<\/strong>, ou <strong>gourmette b\u00e9b\u00e9<\/strong>, est le cadeau le plus classique, que l\u2019on offre depuis des g\u00e9n\u00e9rations. Pr\u00e9vu pour leur tout petit poignet, ce bracelet est compos\u00e9 d\u2019une plaque rectangulaire mont\u00e9e sur une cha\u00eene (cha\u00eene gourmette ou cha\u00eene for\u00e7at). Il est d\u2019usage de faire graver son pr\u00e9nom au recto de la plaque et sa date de naissance au verso. Historiquement, ce bijou est en or jaune, mais de nos jours on en trouve en or blanc, en or rose, en argent et m\u00eame en plaqu\u00e9 or dans les bijouteries de haute fantaisie.<\/p>\n<p>La <strong>m\u00e9daille de cou personnalis\u00e9e<\/strong> est l\u2019autre grand classique des bijoux de naissance pour b\u00e9b\u00e9. M\u00e9daille ronde, en or, mont\u00e9e sur cha\u00eene (n\u2019oubliez pas que b\u00e9b\u00e9 n\u2019a pas encore de bijoux, pr\u00e9voyez donc la cha\u00eene b\u00e9b\u00e9 qui va avec afin qu\u2019il puisse porter son cadeau de suite\u00a0!). Le recto de la m\u00e9daille repr\u00e9sente un sujet li\u00e9 \u00e0 l\u2019enfance (nounours, f\u00e9e), un symbole (c\u0153ur, \u00e9toile, tr\u00e8fle), son signe astrologique, ou un saint patron pour les familles religieuses. On fera graver au verso son pr\u00e9nom et sa date de naissance.<\/p>\n<h2><span class=\"ez-toc-section\" id=\"Quel_bijou_de_naissance_personnalise_offrir_a_un_bebe_fille\"><\/span>Quel bijou de naissance personnalis\u00e9 offrir \u00e0 un b\u00e9b\u00e9 fille\u00a0?<span class=\"ez-toc-section-end\"><\/span><\/h2>\n<p>Le choix est tel parmi les bijoux pour enfant, qu\u2019il est possible de choisir un bijou de naissance plus adapt\u00e9 \u00e0 une petite fille. Que ce soit sur un bracelet ou sur une m\u00e9daille, c\u2019est la gravure du sujet ou la forme du bijou qui fera la diff\u00e9rence\u00a0:<\/p>\n<ul>\n<li><u>Un personnage fille<\/u>: \u00a0un pendentif en forme de silhouette fille, une fillette grav\u00e9e sur un m\u00e9daille ou un bracelet.<\/li>\n<li><u>Le sigle f\u00e9minin<\/u>: il affiche le genre de b\u00e9b\u00e9 de mani\u00e8re graphique et discr\u00e8te<\/li>\n<li><u>Un \u00e9l\u00e9ment floral<\/u>: une fleur seule ou un bouquet, ne dit-on pas que les filles naissent dans des roses\u00a0?<\/li>\n<li><u>Un personnage fantastique<\/u>: une f\u00e9e, une sir\u00e8ne ou une licorne sont des icones appropri\u00e9es pour un petite fille<\/li>\n<\/ul>\n<h2><span class=\"ez-toc-section\" id=\"Quel_bijou_de_naissance_personnalise_offrir_a_un_bebe_garcon\"><\/span>Quel bijou de naissance personnalis\u00e9 offrir \u00e0 un b\u00e9b\u00e9 gar\u00e7on\u00a0?<span class=\"ez-toc-section-end\"><\/span><\/h2>\n<figure id=\"attachment_494\" aria-describedby=\"caption-attachment-494\" style=\"width: 800px\" class=\"wp-caption alignnone\"><img loading=\"lazy\" decoding=\"async\" class=\"size-full wp-image-494\" src=\"https:\/\/www.marmottine.fr\/mag\/wp-content\/uploads\/2024\/04\/2023-12-23.jpg\" alt=\"M\u00e9daille Gar\u00e7on en Or \u00e0 personnaliser\" width=\"800\" height=\"800\" srcset=\"https:\/\/www.marmottine.fr\/mag\/wp-content\/uploads\/2024\/04\/2023-12-23.jpg 800w, https:\/\/www.marmottine.fr\/mag\/wp-content\/uploads\/2024\/04\/2023-12-23-300x300.jpg 300w, https:\/\/www.marmottine.fr\/mag\/wp-content\/uploads\/2024\/04\/2023-12-23-150x150.jpg 150w, https:\/\/www.marmottine.fr\/mag\/wp-content\/uploads\/2024\/04\/2023-12-23-768x768.jpg 768w\" sizes=\"(max-width: 800px) 100vw, 800px\" \/><figcaption id=\"caption-attachment-494\" class=\"wp-caption-text\">M\u00e9daille Gar\u00e7on en Or \u00e0 personnaliser<\/figcaption><\/figure>\n<p>Il en est de m\u00eame pour les gar\u00e7ons. Pendant longtemps \u00e9loign\u00e9s des bijoux, les petits gars, \u00e0 l\u2019instar de leur papa, portent de plus en plus de bijoux adapt\u00e9s \u00e0 leur genre et \u00e0 leurs passions.<\/p>\n<ul>\n<li><u>La silhouette d\u2019un petit gar\u00e7on<\/u> en pendentif ou mont\u00e9 sur bracelet est une id\u00e9e simple mais efficace\u00a0!<\/li>\n<li><u>Son signe astrologique <\/u>renvoie aux plan\u00e8tes qui entourent sa naissance et qui, selon certaines croyances, conditionnent son parcours de vie.<\/li>\n<li><u>Un sport<\/u>: ballon de foot, de rugby, voiture, v\u00e9lo,\u2026 la r\u00e9f\u00e9rence \u00e0 un sport pratiqu\u00e9 dans la famille est un joli clin d\u2019\u0153il pour accueillir b\u00e9b\u00e9<\/li>\n<li><u>Un animal<\/u>: chien, chat, \u00e9l\u00e9phant, dauphin, dinosaure\u2026 la liste est longue des animaux au capital sympathie \u00e9norme, que l\u2019on peut reprendre sur un bijou de naissance pour un gar\u00e7onnet<\/li>\n<\/ul>\n<h2><span class=\"ez-toc-section\" id=\"Qui_offre_un_bijou_personnalise_pour_une_naissance\"><\/span>Qui offre un bijou personnalis\u00e9 pour une naissance\u00a0?<span class=\"ez-toc-section-end\"><\/span><\/h2>\n<p>Le bijou fait partie des cadeaux que l\u2019on offre pour c\u00e9l\u00e9brer l\u2019arriv\u00e9e d\u2019un b\u00e9b\u00e9. D\u00e8s lors, tout le monde peu offrir un bijou personnalis\u00e9.<\/p>\n<p><u>Le bijou de naissance pour la maman<\/u>\u00a0: c\u2019est g\u00e9n\u00e9ralement le papa qui offre un bijou pr\u00e9cieux et embl\u00e9matique en souvenir de l\u2019arriv\u00e9e de l\u2019enfant. Un bijou en or, orn\u00e9 de pierres pr\u00e9cieuses (diamant), qu\u2019elle portera au quotidien. L\u2019entourage de la jeune m\u00e8re peut aussi la f\u00e9liciter en lui offrant un bijou personnalis\u00e9, mais dans un registre plus fantaisie, en plaqu\u00e9 or.<\/p>\n<p><u>Le bijou de naissance pour le b\u00e9b\u00e9<\/u>\u00a0: il est une alternative originale \u00e0 toutes les autres id\u00e9es de cadeaux de naissance auxquelles ont est habitu\u00e9s (v\u00eatement premier \u00e2ge, doudou, timbale\u2026). Tout le monde peut l\u2019offrir. Ce peut \u00eatre les grands parents, l\u2019oncle ou la tante, les amies proches.<\/p>\n<h2><span class=\"ez-toc-section\" id=\"Peut-on_offrir_un_collier_en_ambre_comme_bijou_de_naissance\"><\/span>Peut-on offrir un collier en ambre comme bijou de naissance ?<span class=\"ez-toc-section-end\"><\/span><\/h2>\n<p>Le cas du <strong>collier en ambre<\/strong> est particulier. Rappelons que l\u2019ambre n\u2019est pas une pierre mais une r\u00e9sine fossilis\u00e9e. Sa couleur orang\u00e9e translucide est caract\u00e9ristique. On pr\u00eate \u00e0 l\u2019ambre des <strong>vertus apaisantes<\/strong>, notamment lors des pouss\u00e9es dentaires. C\u2019est pourquoi beaucoup de b\u00e9b\u00e9s portent des colliers en perles d\u2019ambre, et c\u2019est m\u00eame devenu une mode depuis quelques d\u00e9cennies.<\/p>\n<p>On voit donc fleurir des bijoux de naissance personnalis\u00e9s mont\u00e9s sur des colliers ou des bracelets en ambre, \u00e0 offrir \u00e0 b\u00e9b\u00e9 d\u00e8s le berceau. C\u2019est une id\u00e9e de cadeau doublement int\u00e9ressante car tr\u00e8s utile\u00a0!<\/p>\n<h2><span class=\"ez-toc-section\" id=\"Quels_sont_les_bijoux_symboliques_pour_une_naissance\"><\/span>Quels sont les bijoux symboliques pour une naissance\u00a0?<span class=\"ez-toc-section-end\"><\/span><\/h2>\n<figure id=\"attachment_497\" aria-describedby=\"caption-attachment-497\" style=\"width: 800px\" class=\"wp-caption alignnone\"><img loading=\"lazy\" decoding=\"async\" class=\"size-full wp-image-497\" src=\"https:\/\/www.marmottine.fr\/mag\/wp-content\/uploads\/2024\/04\/2024-04-05.jpg\" alt=\"M\u00e9daille Signe Astrologique B\u00e9b\u00e9\" width=\"800\" height=\"800\" srcset=\"https:\/\/www.marmottine.fr\/mag\/wp-content\/uploads\/2024\/04\/2024-04-05.jpg 800w, https:\/\/www.marmottine.fr\/mag\/wp-content\/uploads\/2024\/04\/2024-04-05-300x300.jpg 300w, https:\/\/www.marmottine.fr\/mag\/wp-content\/uploads\/2024\/04\/2024-04-05-150x150.jpg 150w, https:\/\/www.marmottine.fr\/mag\/wp-content\/uploads\/2024\/04\/2024-04-05-768x768.jpg 768w\" sizes=\"(max-width: 800px) 100vw, 800px\" \/><figcaption id=\"caption-attachment-497\" class=\"wp-caption-text\">M\u00e9daille Signe Astrologique B\u00e9b\u00e9<\/figcaption><\/figure>\n<p>On l\u2019a vu, le choix est large pour trouver un bijou personnalis\u00e9 \u00e0 offrir \u00e0 l\u2019occasion d\u2019une naissance. Si l\u2019on recherche un bijou vraiment symbolique et porteur de sens par rapport \u00e0 l\u2019\u00e9v\u00e9nement, voici les 4 types de bijoux incontournables\u00a0:<\/p>\n<p><strong>Le signe astrologique<\/strong>\u00a0: pour certaines personnes, le signe du zodiaque influence la personnalit\u00e9 et donc la destin\u00e9e. Un capricorne ne r\u00e9agira pas comme un taureau face aux \u00e9v\u00e9nements. D\u00e8s lors, offrir un bijou de naissance personnalis\u00e9 avec le signe astrologique du b\u00e9b\u00e9 a tout son sens\u00a0!<\/p>\n<p><strong>La pierre de naissance<\/strong>\u00a0: la tr\u00e8s s\u00e9rieuse American Gem Society a \u00e9tabli une liste de pierres pr\u00e9cieuses, pierres fines et pierres organiques correspondant chacune \u00e0 un mois. Cette liste est la r\u00e9f\u00e9rence mondiale en la mati\u00e8re. Depuis quelques ann\u00e9es, les bijoutiers proposent de personnaliser leurs collections avec ces pierres.<\/p>\n<p><strong>La fleur du mois de naissance<\/strong>\u00a0: c\u2019est une tradition tr\u00e8s ancienne un peu tomb\u00e9e dans l\u2019oubli qui refait surface depuis peu. Chaque mois correspond \u00e0 une fleur et \u00e0 son langage propre. Offrir \u00e0 une petite fille un bijou grav\u00e9 de sa fleur du mois est une d\u00e9licate attention.<\/p>\n","protected":false},"excerpt":{"rendered":"<p>Quels sont les bijoux personnalis\u00e9s pour une naissance\u00a0? Une naissance est l\u2019occasion r\u00eav\u00e9e pour offrir un bijou personnalis\u00e9, que ce [&hellip;]<\/p>\n","protected":false},"author":2,"featured_media":492,"parent":440,"menu_order":12,"comment_status":"closed","ping_status":"closed","template":"","meta":{"site-sidebar-layout":"default","site-content-layout":"","ast-site-content-layout":"default","site-content-style":"default","site-sidebar-style":"default","ast-global-header-display":"","ast-banner-title-visibility":"","ast-main-header-display":"","ast-hfb-above-header-display":"","ast-hfb-below-header-display":"","ast-hfb-mobile-header-display":"","site-post-title":"","ast-breadcrumbs-content":"","ast-featured-img":"","footer-sml-layout":"","theme-transparent-header-meta":"default","adv-header-id-meta":"","stick-header-meta":"","header-above-stick-meta":"","header-main-stick-meta":"","header-below-stick-meta":"","astra-migrate-meta-layouts":"set","ast-page-background-enabled":"default","ast-page-background-meta":{"desktop":{"background-color":"var(--ast-global-color-4)","background-image":"","background-repeat":"repeat","background-position":"center center","background-size":"auto","background-attachment":"scroll","background-type":"","background-media":"","overlay-type":"","overlay-color":"","overlay-gradient":""},"tablet":{"background-color":"","background-image":"","background-repeat":"repeat","background-position":"center center","background-size":"auto","background-attachment":"scroll","background-type":"","background-media":"","overlay-type":"","overlay-color":"","overlay-gradient":""},"mobile":{"background-color":"","background-image":"","background-repeat":"repeat","background-position":"center center","background-size":"auto","background-attachment":"scroll","background-type":"","background-media":"","overlay-type":"","overlay-color":"","overlay-gradient":""}},"ast-content-background-meta":{"desktop":{"background-color":"var(--ast-global-color-5)","background-image":"","background-repeat":"repeat","background-position":"center center","background-size":"auto","background-attachment":"scroll","background-type":"","background-media":"","overlay-type":"","overlay-color":"","overlay-gradient":""},"tablet":{"background-color":"var(--ast-global-color-5)","background-image":"","background-repeat":"repeat","background-position":"center center","background-size":"auto","background-attachment":"scroll","background-type":"","background-media":"","overlay-type":"","overlay-color":"","overlay-gradient":""},"mobile":{"background-color":"var(--ast-global-color-5)","background-image":"","background-repeat":"repeat","background-position":"center center","background-size":"auto","background-attachment":"scroll","background-type":"","background-media":"","overlay-type":"","overlay-color":"","overlay-gradient":""}},"footnotes":""},"aioseo_notices":[],"_links":{"self":[{"href":"https:\/\/www.marmottine.fr\/mag\/wp-json\/wp\/v2\/pages\/456"}],"collection":[{"href":"https:\/\/www.marmottine.fr\/mag\/wp-json\/wp\/v2\/pages"}],"about":[{"href":"https:\/\/www.marmottine.fr\/mag\/wp-json\/wp\/v2\/types\/page"}],"author":[{"embeddable":true,"href":"https:\/\/www.marmottine.fr\/mag\/wp-json\/wp\/v2\/users\/2"}],"replies":[{"embeddable":true,"href":"https:\/\/www.marmottine.fr\/mag\/wp-json\/wp\/v2\/comments?post=456"}],"version-history":[{"count":3,"href":"https:\/\/www.marmottine.fr\/mag\/wp-json\/wp\/v2\/pages\/456\/revisions"}],"predecessor-version":[{"id":578,"href":"https:\/\/www.marmottine.fr\/mag\/wp-json\/wp\/v2\/pages\/456\/revisions\/578"}],"up":[{"embeddable":true,"href":"https:\/\/www.marmottine.fr\/mag\/wp-json\/wp\/v2\/pages\/440"}],"wp:featuredmedia":[{"embeddable":true,"href":"https:\/\/www.marmottine.fr\/mag\/wp-json\/wp\/v2\/media\/492"}],"wp:attachment":[{"href":"https:\/\/www.marmottine.fr\/mag\/wp-json\/wp\/v2\/media?parent=456"}],"curies":[{"name":"wp","href":"https:\/\/api.w.org\/{rel}","templated":true}]}}