{"id":448,"date":"2024-04-09T10:12:24","date_gmt":"2024-04-09T08:12:24","guid":{"rendered":"https:\/\/www.marmottine.fr\/mag\/?page_id=448"},"modified":"2024-04-09T16:22:03","modified_gmt":"2024-04-09T14:22:03","slug":"pour-la-saint-valentin","status":"publish","type":"page","link":"https:\/\/www.marmottine.fr\/mag\/guides\/bijoux-personnalises\/choisir-selon-occasion\/pour-la-saint-valentin","title":{"rendered":"Quels sont les bijoux personnalis\u00e9s pour la Saint Valentin ?"},"content":{"rendered":"<h1><span class=\"ez-toc-section\" id=\"Quels_sont_les_bijoux_personnalises_pour_la_Saint_Valentin\"><\/span>Quels sont les bijoux personnalis\u00e9s pour la Saint Valentin\u00a0?<span class=\"ez-toc-section-end\"><\/span><\/h1><div id=\"ez-toc-container\" class=\"ez-toc-v2_0_69_1 counter-hierarchy ez-toc-counter ez-toc-grey ez-toc-container-direction\">\n<div class=\"ez-toc-title-container\">\n<p class=\"ez-toc-title\" style=\"cursor:inherit\">Sommaire<\/p>\n<span class=\"ez-toc-title-toggle\"><a href=\"#\" class=\"ez-toc-pull-right ez-toc-btn ez-toc-btn-xs ez-toc-btn-default ez-toc-toggle\" aria-label=\"Toggle Table of Content\"><span class=\"ez-toc-js-icon-con\"><span class=\"\"><span class=\"eztoc-hide\" style=\"display:none;\">Toggle<\/span><span class=\"ez-toc-icon-toggle-span\"><svg style=\"fill: #999;color:#999\" xmlns=\"http:\/\/www.w3.org\/2000\/svg\" class=\"list-377408\" width=\"20px\" height=\"20px\" viewBox=\"0 0 24 24\" fill=\"none\"><path d=\"M6 6H4v2h2V6zm14 0H8v2h12V6zM4 11h2v2H4v-2zm16 0H8v2h12v-2zM4 16h2v2H4v-2zm16 0H8v2h12v-2z\" fill=\"currentColor\"><\/path><\/svg><svg style=\"fill: #999;color:#999\" class=\"arrow-unsorted-368013\" xmlns=\"http:\/\/www.w3.org\/2000\/svg\" width=\"10px\" height=\"10px\" viewBox=\"0 0 24 24\" version=\"1.2\" baseProfile=\"tiny\"><path d=\"M18.2 9.3l-6.2-6.3-6.2 6.3c-.2.2-.3.4-.3.7s.1.5.3.7c.2.2.4.3.7.3h11c.3 0 .5-.1.7-.3.2-.2.3-.5.3-.7s-.1-.5-.3-.7zM5.8 14.7l6.2 6.3 6.2-6.3c.2-.2.3-.5.3-.7s-.1-.5-.3-.7c-.2-.2-.4-.3-.7-.3h-11c-.3 0-.5.1-.7.3-.2.2-.3.5-.3.7s.1.5.3.7z\"\/><\/svg><\/span><\/span><\/span><\/a><\/span><\/div>\n<nav><ul class='ez-toc-list ez-toc-list-level-1 ' ><li class='ez-toc-page-1 ez-toc-heading-level-1'><a class=\"ez-toc-link ez-toc-heading-1\" href=\"https:\/\/www.marmottine.fr\/mag\/guides\/bijoux-personnalises\/choisir-selon-occasion\/pour-la-saint-valentin\/#Quels_sont_les_bijoux_personnalises_pour_la_Saint_Valentin\" title=\"Quels sont les bijoux personnalis\u00e9s pour la Saint Valentin\u00a0?\">Quels sont les bijoux personnalis\u00e9s pour la Saint Valentin\u00a0?<\/a><ul class='ez-toc-list-level-2' ><li class='ez-toc-heading-level-2'><a class=\"ez-toc-link ez-toc-heading-2\" href=\"https:\/\/www.marmottine.fr\/mag\/guides\/bijoux-personnalises\/choisir-selon-occasion\/pour-la-saint-valentin\/#Pourquoi_le_bijou_personnalise_est_le_cadeau_parfait_pour_la_Saint_Valentin\" title=\"Pourquoi le bijou personnalis\u00e9\u00a0est le cadeau parfait pour la Saint Valentin\u00a0?\">Pourquoi le bijou personnalis\u00e9\u00a0est le cadeau parfait pour la Saint Valentin\u00a0?<\/a><\/li><li class='ez-toc-page-1 ez-toc-heading-level-2'><a class=\"ez-toc-link ez-toc-heading-3\" href=\"https:\/\/www.marmottine.fr\/mag\/guides\/bijoux-personnalises\/choisir-selon-occasion\/pour-la-saint-valentin\/#Quel_bijou_personnalise_offrir_pour_la_Saint_Valentin_a_une_femme\" title=\"Quel bijou personnalis\u00e9 offrir pour la Saint Valentin \u00e0 une femme\u00a0?\">Quel bijou personnalis\u00e9 offrir pour la Saint Valentin \u00e0 une femme\u00a0?<\/a><\/li><li class='ez-toc-page-1 ez-toc-heading-level-2'><a class=\"ez-toc-link ez-toc-heading-4\" href=\"https:\/\/www.marmottine.fr\/mag\/guides\/bijoux-personnalises\/choisir-selon-occasion\/pour-la-saint-valentin\/#_Quel_bijou_personnalise_offrir_pour_la_Saint_Valentin_a_un_homme\" title=\"\u00a0Quel bijou personnalis\u00e9 offrir pour la Saint Valentin \u00e0 un homme\u00a0?\">\u00a0Quel bijou personnalis\u00e9 offrir pour la Saint Valentin \u00e0 un homme\u00a0?<\/a><\/li><li class='ez-toc-page-1 ez-toc-heading-level-2'><a class=\"ez-toc-link ez-toc-heading-5\" href=\"https:\/\/www.marmottine.fr\/mag\/guides\/bijoux-personnalises\/choisir-selon-occasion\/pour-la-saint-valentin\/#Pourquoi_offrir_un_bracelet_de_couple_pour_la_Saint_Valentin\" title=\"Pourquoi offrir un bracelet de couple pour la Saint Valentin\u00a0?\">Pourquoi offrir un bracelet de couple pour la Saint Valentin\u00a0?<\/a><\/li><li class='ez-toc-page-1 ez-toc-heading-level-2'><a class=\"ez-toc-link ez-toc-heading-6\" href=\"https:\/\/www.marmottine.fr\/mag\/guides\/bijoux-personnalises\/choisir-selon-occasion\/pour-la-saint-valentin\/#A_quel_moment_offrir_un_bijou_personnalise_pour_la_Saint_Valentin\" title=\"A quel moment offrir un bijou personnalis\u00e9 pour la Saint Valentin ?\">A quel moment offrir un bijou personnalis\u00e9 pour la Saint Valentin ?<\/a><\/li><li class='ez-toc-page-1 ez-toc-heading-level-2'><a class=\"ez-toc-link ez-toc-heading-7\" href=\"https:\/\/www.marmottine.fr\/mag\/guides\/bijoux-personnalises\/choisir-selon-occasion\/pour-la-saint-valentin\/#Quel_est_le_bijou_de_la_Saint-Valentin_qui_se_vend_le_plus\" title=\"Quel est le bijou de la Saint-Valentin qui se vend le plus ?\">Quel est le bijou de la Saint-Valentin qui se vend le plus ?<\/a><\/li><li class='ez-toc-page-1 ez-toc-heading-level-2'><a class=\"ez-toc-link ez-toc-heading-8\" href=\"https:\/\/www.marmottine.fr\/mag\/guides\/bijoux-personnalises\/choisir-selon-occasion\/pour-la-saint-valentin\/#Quel_bijou_personnalise_offrir_pour_une_premiere_Saint-Valentin\" title=\"Quel bijou personnalis\u00e9 offrir pour une premi\u00e8re Saint-Valentin\u00a0?\">Quel bijou personnalis\u00e9 offrir pour une premi\u00e8re Saint-Valentin\u00a0?<\/a><\/li><\/ul><\/li><\/ul><\/nav><\/div>\n\n<figure id=\"attachment_474\" aria-describedby=\"caption-attachment-474\" style=\"width: 800px\" class=\"wp-caption alignnone\"><img loading=\"lazy\" decoding=\"async\" class=\"size-full wp-image-474\" src=\"https:\/\/www.marmottine.fr\/mag\/wp-content\/uploads\/2024\/04\/medaille-amour-zoom.jpg\" alt=\"M\u00e9daille d'Amour en Or\" width=\"800\" height=\"800\" srcset=\"https:\/\/www.marmottine.fr\/mag\/wp-content\/uploads\/2024\/04\/medaille-amour-zoom.jpg 800w, https:\/\/www.marmottine.fr\/mag\/wp-content\/uploads\/2024\/04\/medaille-amour-zoom-300x300.jpg 300w, https:\/\/www.marmottine.fr\/mag\/wp-content\/uploads\/2024\/04\/medaille-amour-zoom-150x150.jpg 150w, https:\/\/www.marmottine.fr\/mag\/wp-content\/uploads\/2024\/04\/medaille-amour-zoom-768x768.jpg 768w\" sizes=\"(max-width: 800px) 100vw, 800px\" \/><figcaption id=\"caption-attachment-474\" class=\"wp-caption-text\">M\u00e9daille d&rsquo;Amour en Or<\/figcaption><\/figure>\n<p>Chaque ann\u00e9e, la Saint Valentin est c\u00e9l\u00e9br\u00e9e le 14 f\u00e9vrier, partout dans le monde. C\u2019est la f\u00eate des amoureux par excellence, qu\u2019ils soient en couple depuis longtemps ou jeunes mari\u00e9s. Et c\u2019est surtout<strong><a href=\"https:\/\/www.marmottine.fr\/mag\/guides\/bijoux-personnalises\/choisir-selon-occasion\"> l\u2019occasion d\u2019offrir un bijou personnalis\u00e9<\/a> <\/strong>\u00e0 son \u00e2me s\u0153ur, en t\u00e9moignage de son amour \u00e9ternel. Comme tous les autres bijoux, les mod\u00e8les que l\u2019on offre lors de la Saint Valentin r\u00e9pondent \u00e0 des tendances, c\u2019est ce que nous allons voir dans ce chapitre d\u00e9di\u00e9 aux bijoux des amoureux.<\/p>\n<h2><span class=\"ez-toc-section\" id=\"Pourquoi_le_bijou_personnalise_est_le_cadeau_parfait_pour_la_Saint_Valentin\"><\/span>Pourquoi le bijou personnalis\u00e9\u00a0est le cadeau parfait pour la Saint Valentin\u00a0?<span class=\"ez-toc-section-end\"><\/span><\/h2>\n<p>Dans le top 5 des id\u00e9es de cadeau pour la Saint Valentin, on note les fleurs, la lingerie, les chocolats, un d\u00eener aux chandelles mais c\u2019est le <strong>bijou personnalis\u00e9<\/strong> arrive en t\u00eate, aussi bien pour les hommes que pour les femmes\u00a0!<\/p>\n<p>Pour un <strong>jeune couple<\/strong>, le bijou permet de <strong>d\u00e9clarer sa flamme<\/strong> de mani\u00e8re romantique, en gravant un message d\u2019amour ou une invitation \u00e0 entamer une relation s\u00e9rieuse. Et pour de <strong>vieux amants<\/strong>, s\u2019offrir un bijou pour la f\u00eate des amoureux est une fa\u00e7on de <strong>sceller son amour<\/strong> avec une gravure dans le m\u00e9tal pr\u00e9cieux.<\/p>\n<p>Dans les deux cas, il s\u2019agit d\u2019un <strong>bijou unique et personnel<\/strong>, imagin\u00e9 avec tendresse pour l\u2019\u00eatre aim\u00e9, parfois m\u00eame r\u00e9alis\u00e9 dans le plus grand secret pour faire une surprise inattendue.<\/p>\n<p>Alors pour que \u00ab\u00a0Amour\u00a0\u00bb rime avec \u00ab\u00a0Toujours\u00a0\u00bb, offrez-vous un bijou personnalis\u00e9 pour la Saint Valentin\u00a0!<\/p>\n<h2><span class=\"ez-toc-section\" id=\"Quel_bijou_personnalise_offrir_pour_la_Saint_Valentin_a_une_femme\"><\/span>Quel bijou personnalis\u00e9 offrir pour la Saint Valentin \u00e0 une femme\u00a0?<span class=\"ez-toc-section-end\"><\/span><\/h2>\n<figure id=\"attachment_473\" aria-describedby=\"caption-attachment-473\" style=\"width: 800px\" class=\"wp-caption alignnone\"><img loading=\"lazy\" decoding=\"async\" class=\"size-full wp-image-473\" src=\"https:\/\/www.marmottine.fr\/mag\/wp-content\/uploads\/2024\/04\/gros-galet-photo.jpg\" alt=\"Pendentif Empreinte Digitale\" width=\"800\" height=\"800\" srcset=\"https:\/\/www.marmottine.fr\/mag\/wp-content\/uploads\/2024\/04\/gros-galet-photo.jpg 800w, https:\/\/www.marmottine.fr\/mag\/wp-content\/uploads\/2024\/04\/gros-galet-photo-300x300.jpg 300w, https:\/\/www.marmottine.fr\/mag\/wp-content\/uploads\/2024\/04\/gros-galet-photo-150x150.jpg 150w, https:\/\/www.marmottine.fr\/mag\/wp-content\/uploads\/2024\/04\/gros-galet-photo-768x768.jpg 768w\" sizes=\"(max-width: 800px) 100vw, 800px\" \/><figcaption id=\"caption-attachment-473\" class=\"wp-caption-text\">Pendentif Empreinte Digitale<\/figcaption><\/figure>\n<p>Les femmes raffolent des bijoux et adorent qu\u2019on leur en offre. Ce n\u2019est pas bien compliqu\u00e9 de trouver un cadeau qui leur plaira. Cependant un bijou offert pour la f\u00eate des amoureux r\u00e9pond \u00e0 des crit\u00e8res li\u00e9s \u00e0 l\u2019\u00e9v\u00e9nement.<\/p>\n<ul>\n<li><u>Un diamant<\/u>: \u00ab\u00a0Diamonds are a girl\u2019s best friend\u201d chantait Marylin, et ce n\u2019est pas pour rien. Le diamant symbolise ce qu\u2019il y a de plus pur, de plus parfait et de plus pr\u00e9cieux. C\u2019est pourquoi on le retrouve souvent sur des bijoux pour d\u00e9clarer son amour.<\/li>\n<li><u>Une m\u00e9daille d\u2019Amour<\/u>: la collection M\u00e9daille d\u2019Amour de Augis d\u00e9cline les quelques vers de la po\u00e9tesse Rosemonde G\u00e9rard \u00ab\u00a0je t\u2019aime aujourd\u2019hui plus qu\u2019hier et bien moins que demain\u00a0\u00bb. Mod\u00e8le ultra connu dans les ann\u00e9es 1910 puis 1970, il refait surface au cou des peoples actuellement.<\/li>\n<li><u>Un pendentif avec l\u2019empreinte digitale de l\u2019\u00eatre aim\u00e9<\/u>: plus fort que tous les mots, porter son empreinte est une mani\u00e8re de s\u2019appartenir mutuellement. Faites graver la v\u00f4tre pour lui appartenir \u00e0 tout jamais\u00a0!<\/li>\n<li><u>Un bracelet avec un message d\u2019amour<\/u>: gravez vos petits surnoms (<em>chaton, ch\u00e9ri, amour, b\u00e9b\u00e9<\/em>) ou une d\u00e9claration (<em>jtm, je t\u2019aime pour toujours, forever yours<\/em>\u2026)<\/li>\n<\/ul>\n<h2><span class=\"ez-toc-section\" id=\"_Quel_bijou_personnalise_offrir_pour_la_Saint_Valentin_a_un_homme\"><\/span>\u00a0Quel bijou personnalis\u00e9 offrir pour la Saint Valentin \u00e0 un homme\u00a0?<span class=\"ez-toc-section-end\"><\/span><\/h2>\n<p>Les hommes sont moins d\u00e9monstratifs que les femmes. Pas de souci, les bijoux s\u2019adaptent \u00e0 la situation et deviennent vecteurs de votre amour de mani\u00e8re plus discr\u00e8te. Parmi les id\u00e9es de cadeaux les plus command\u00e9s pour les hommes, on retiendra\u00a0:<\/p>\n<ul>\n<li>Une <strong>m\u00e9daille carr\u00e9e ou rectangulaire<\/strong> avec une gravure personnelle. Pas besoin d\u2019\u00e9crire une dissertation, quelques mots suffisent pour transformer ce bijou en un pr\u00e9cieux t\u00e9moignage de votre amour (<em>un seul \u00eatre vous manque, et tout est d\u00e9peupl\u00e9<\/em>)<\/li>\n<li>Un <strong>bracelet cuir et vos initiales<\/strong> communes grav\u00e9es sur le fermoir.<\/li>\n<li>Un <strong>bracelet cordon<\/strong> avec un m\u00e9daillon central grav\u00e9 de vos deux pr\u00e9noms.<\/li>\n<li>Des <strong>boutons de manchettes grav\u00e9s<\/strong>: avec ses initiales ou un message cod\u00e9 (JTM, YOU, ME).<\/li>\n<\/ul>\n<h2><span class=\"ez-toc-section\" id=\"Pourquoi_offrir_un_bracelet_de_couple_pour_la_Saint_Valentin\"><\/span>Pourquoi offrir un bracelet de couple pour la Saint Valentin\u00a0?<span class=\"ez-toc-section-end\"><\/span><\/h2>\n<p>C\u2019est la grande tendance depuis peu\u00a0: s\u2019offrir un <strong>bijou duo<\/strong> (souvent un bracelet, parfois un collier). L\u2019id\u00e9e est de porter chacun un bijou qui r\u00e9pond \u00e0 l\u2019autre, soit un bijou identique, soit deux bijoux compl\u00e9mentaires. La gravure participe \u00e0 ce dialogue amoureux et ces bijoux se portent comme des porte-bonheurs.<\/p>\n<p><u>Le bracelet infini<\/u>\u00a0: g\u00e9n\u00e9ralement mont\u00e9 sur cordon, le sigle infini \u00e9voque \u00e0 lui seul l\u2019\u00e9ternit\u00e9 de votre amour. En argent ou en or, il peut accueillir la gravure de vos deux pr\u00e9noms ou un court message (<em>Love, forever, pour toujours<\/em>\u2026)<\/p>\n<p><u>Le pendentif c\u0153ur coup\u00e9 en deux<\/u>\u00a0: Le c\u0153ur est LE symbole de l\u2019amour. Porter chacun la moiti\u00e9 d\u2019un c\u0153ur qui bat pour deux est une mani\u00e8re de s\u2019appartenir mutuellement.<\/p>\n<p><u>Le duo amoureux<\/u>\u00a0: le m\u00eame m\u00e9daillon mont\u00e9 de deux fa\u00e7ons diff\u00e9rentes, en bracelet pour l\u2019un, en collier pour l\u2019autre. Deux versions d\u2019un m\u00eame bijou pour un amour unique.<\/p>\n<p><u>La m\u00e9daille g\u00e9olocalis\u00e9e<\/u>\u00a0: faites graver sur une m\u00e9daille identique les coordonn\u00e9es GPS du lieu de votre rencontre\u00a0! Un code unique qui n\u2019appartient qu\u2019\u00e0 vous\u00a0!<\/p>\n<h2><span class=\"ez-toc-section\" id=\"A_quel_moment_offrir_un_bijou_personnalise_pour_la_Saint_Valentin\"><\/span>A quel moment offrir un bijou personnalis\u00e9 pour la Saint Valentin ?<span class=\"ez-toc-section-end\"><\/span><\/h2>\n<figure id=\"attachment_472\" aria-describedby=\"caption-attachment-472\" style=\"width: 800px\" class=\"wp-caption alignnone\"><img loading=\"lazy\" decoding=\"async\" class=\"size-full wp-image-472\" src=\"https:\/\/www.marmottine.fr\/mag\/wp-content\/uploads\/2024\/04\/2024-02-04.jpg\" alt=\"Bague je t'aime\" width=\"800\" height=\"800\" srcset=\"https:\/\/www.marmottine.fr\/mag\/wp-content\/uploads\/2024\/04\/2024-02-04.jpg 800w, https:\/\/www.marmottine.fr\/mag\/wp-content\/uploads\/2024\/04\/2024-02-04-300x300.jpg 300w, https:\/\/www.marmottine.fr\/mag\/wp-content\/uploads\/2024\/04\/2024-02-04-150x150.jpg 150w, https:\/\/www.marmottine.fr\/mag\/wp-content\/uploads\/2024\/04\/2024-02-04-768x768.jpg 768w\" sizes=\"(max-width: 800px) 100vw, 800px\" \/><figcaption id=\"caption-attachment-472\" class=\"wp-caption-text\">Bague je t&rsquo;aime<\/figcaption><\/figure>\n<p>Si le cadeau est important, la mani\u00e8re de l\u2019offrir l\u2019est tout autant\u00a0! En la mati\u00e8re, chacun son style\u00a0:<\/p>\n<ul>\n<li>Les pragmatiques se l\u2019offrent au r\u00e9veil, pour bien d\u00e9marre la journ\u00e9e.<\/li>\n<li>Les galants font livrer des fleurs au centre desquelles le bijou est cach\u00e9.<\/li>\n<li>Les fantasques organisent une mise en sc\u00e8ne pour offrir le bijou dans un lieu inattendu (en haut de la Tour Eiffel, lors d\u2019une plong\u00e9e sous-marine).<\/li>\n<li>Les romantiques attendent le d\u00eener dans un restaurant gastronomique pour le glisser sous la serviette de table.<\/li>\n<li>Les ins\u00e9parables se rendent ensemble en bijouterie pour choisir leur bijou duo et se l\u2019offrir imm\u00e9diatement.<\/li>\n<\/ul>\n<h2><span class=\"ez-toc-section\" id=\"Quel_est_le_bijou_de_la_Saint-Valentin_qui_se_vend_le_plus\"><\/span>Quel est le bijou de la Saint-Valentin qui se vend le plus ?<span class=\"ez-toc-section-end\"><\/span><\/h2>\n<p>La t\u00eate des ventes d\u00e9but f\u00e9vrier est incontestablement <strong>le c\u0153ur<\/strong>, sous toutes ses formes. Petit ou gros, en argent ou en or, c\u0153ur simple ou deux c\u0153urs entrelac\u00e9s, en pendentif ou en m\u00e9daille, en collier ou en bracelet, en bague, en boucles d\u2019oreilles, le c\u0153ur se d\u00e9cline \u00e0 l\u2019infini pour la Saint-Valentin car il \u00e9voque \u00e0 lui seul l\u2019Amour.<\/p>\n<p>Selon sa forme, on le personnalisera diff\u00e9remment. Un c\u0153ur plein offre une belle surface de gravure et permet de graver un texte. Un c\u0153ur ajour\u00e9 est int\u00e9ressant car il permet de graver le bord du c\u0153ur, un peu comme une frise qui signe le bijou.<\/p>\n<p>Le c\u0153ur peut \u00eatre sublim\u00e9 par une pierre pr\u00e9cieuse, ou carr\u00e9ment pav\u00e9 de diamants, si l\u2019on est tr\u00e8s tr\u00e8s amoureux (!).<\/p>\n<p>Enfin, le c\u0153ur se fait moderne quand il est stylis\u00e9 et trait\u00e9 de mani\u00e8re graphique, pour un bijou contemporain.<\/p>\n<h2><span class=\"ez-toc-section\" id=\"Quel_bijou_personnalise_offrir_pour_une_premiere_Saint-Valentin\"><\/span>Quel bijou personnalis\u00e9 offrir pour une premi\u00e8re Saint-Valentin\u00a0?<span class=\"ez-toc-section-end\"><\/span><\/h2>\n<p>La premi\u00e8re fois que des amoureux f\u00eatent la saint Valentin est toujours un moment \u00e9mouvant, qu\u2019ils soient ensemble depuis peu ou depuis plusieurs mois. S\u2019offrir un bijou \u00e0 cette occasion est une excellente id\u00e9e qui permettra de tester l\u2019intensit\u00e9 de la relation avec la complicit\u00e9 de Cupidon.<\/p>\n<p>Pour rester soft, le mieux est de parier sur <strong>un bijou tendance et classique<\/strong>, comme le bracelet grav\u00e9 d\u2019un pr\u00e9nom. C\u2019est un bijou ind\u00e9modable qui plait et vous \u00eates s\u00fbr de ne pas faire de faux pas. On offrira un <strong>bracelet perles<\/strong> fa\u00e7on tib\u00e9tain pour un homme, et un <strong>bracelet cha\u00eene<\/strong> pour une femme.<\/p>\n<p>Si cette premi\u00e8re Saint Valentin annonce les pr\u00e9mices d\u2019une relation amoureuse durable, c\u2019est l\u2019occasion ou jamais d\u2019offrir <strong>un bijou avec un message<\/strong> subliminal (<em>you\u2019re my only one<\/em>) ou une d\u00e9claration (<em>veux-tu m\u2019\u00e9pouser\u00a0?<\/em>). Ajoutez la pierre du mois de votre rencontre pour personnaliser le bijou, et le tour est jou\u00e9\u00a0!<\/p>\n","protected":false},"excerpt":{"rendered":"<p>Quels sont les bijoux personnalis\u00e9s pour la Saint Valentin\u00a0? Chaque ann\u00e9e, la Saint Valentin est c\u00e9l\u00e9br\u00e9e le 14 f\u00e9vrier, partout [&hellip;]<\/p>\n","protected":false},"author":2,"featured_media":474,"parent":440,"menu_order":8,"comment_status":"closed","ping_status":"closed","template":"","meta":{"site-sidebar-layout":"default","site-content-layout":"","ast-site-content-layout":"default","site-content-style":"default","site-sidebar-style":"default","ast-global-header-display":"","ast-banner-title-visibility":"","ast-main-header-display":"","ast-hfb-above-header-display":"","ast-hfb-below-header-display":"","ast-hfb-mobile-header-display":"","site-post-title":"","ast-breadcrumbs-content":"","ast-featured-img":"","footer-sml-layout":"","theme-transparent-header-meta":"default","adv-header-id-meta":"","stick-header-meta":"","header-above-stick-meta":"","header-main-stick-meta":"","header-below-stick-meta":"","astra-migrate-meta-layouts":"set","ast-page-background-enabled":"default","ast-page-background-meta":{"desktop":{"background-color":"var(--ast-global-color-4)","background-image":"","background-repeat":"repeat","background-position":"center center","background-size":"auto","background-attachment":"scroll","background-type":"","background-media":"","overlay-type":"","overlay-color":"","overlay-gradient":""},"tablet":{"background-color":"","background-image":"","background-repeat":"repeat","background-position":"center center","background-size":"auto","background-attachment":"scroll","background-type":"","background-media":"","overlay-type":"","overlay-color":"","overlay-gradient":""},"mobile":{"background-color":"","background-image":"","background-repeat":"repeat","background-position":"center center","background-size":"auto","background-attachment":"scroll","background-type":"","background-media":"","overlay-type":"","overlay-color":"","overlay-gradient":""}},"ast-content-background-meta":{"desktop":{"background-color":"var(--ast-global-color-5)","background-image":"","background-repeat":"repeat","background-position":"center center","background-size":"auto","background-attachment":"scroll","background-type":"","background-media":"","overlay-type":"","overlay-color":"","overlay-gradient":""},"tablet":{"background-color":"var(--ast-global-color-5)","background-image":"","background-repeat":"repeat","background-position":"center center","background-size":"auto","background-attachment":"scroll","background-type":"","background-media":"","overlay-type":"","overlay-color":"","overlay-gradient":""},"mobile":{"background-color":"var(--ast-global-color-5)","background-image":"","background-repeat":"repeat","background-position":"center center","background-size":"auto","background-attachment":"scroll","background-type":"","background-media":"","overlay-type":"","overlay-color":"","overlay-gradient":""}},"footnotes":""},"aioseo_notices":[],"_links":{"self":[{"href":"https:\/\/www.marmottine.fr\/mag\/wp-json\/wp\/v2\/pages\/448"}],"collection":[{"href":"https:\/\/www.marmottine.fr\/mag\/wp-json\/wp\/v2\/pages"}],"about":[{"href":"https:\/\/www.marmottine.fr\/mag\/wp-json\/wp\/v2\/types\/page"}],"author":[{"embeddable":true,"href":"https:\/\/www.marmottine.fr\/mag\/wp-json\/wp\/v2\/users\/2"}],"replies":[{"embeddable":true,"href":"https:\/\/www.marmottine.fr\/mag\/wp-json\/wp\/v2\/comments?post=448"}],"version-history":[{"count":6,"href":"https:\/\/www.marmottine.fr\/mag\/wp-json\/wp\/v2\/pages\/448\/revisions"}],"predecessor-version":[{"id":574,"href":"https:\/\/www.marmottine.fr\/mag\/wp-json\/wp\/v2\/pages\/448\/revisions\/574"}],"up":[{"embeddable":true,"href":"https:\/\/www.marmottine.fr\/mag\/wp-json\/wp\/v2\/pages\/440"}],"wp:featuredmedia":[{"embeddable":true,"href":"https:\/\/www.marmottine.fr\/mag\/wp-json\/wp\/v2\/media\/474"}],"wp:attachment":[{"href":"https:\/\/www.marmottine.fr\/mag\/wp-json\/wp\/v2\/media?parent=448"}],"curies":[{"name":"wp","href":"https:\/\/api.w.org\/{rel}","templated":true}]}}