{"id":257,"date":"2024-04-09T12:09:31","date_gmt":"2024-04-09T10:09:31","guid":{"rendered":"https:\/\/www.marmottine.fr\/mag\/?page_id=257"},"modified":"2024-04-09T16:42:18","modified_gmt":"2024-04-09T14:42:18","slug":"juifs","status":"publish","type":"page","link":"https:\/\/www.marmottine.fr\/mag\/guides\/bijoux-personnalises\/types\/juifs","title":{"rendered":"Quels sont les types de bijoux personnalis\u00e9s juifs ?"},"content":{"rendered":"<h1><span class=\"ez-toc-section\" id=\"Quels_sont_les_types_de_bijoux_personnalises_juifs\"><\/span>Quels sont les types de bijoux personnalis\u00e9s juifs ?<span class=\"ez-toc-section-end\"><\/span><\/h1><div id=\"ez-toc-container\" class=\"ez-toc-v2_0_69_1 counter-hierarchy ez-toc-counter ez-toc-grey ez-toc-container-direction\">\n<div class=\"ez-toc-title-container\">\n<p class=\"ez-toc-title\" style=\"cursor:inherit\">Sommaire<\/p>\n<span class=\"ez-toc-title-toggle\"><a href=\"#\" class=\"ez-toc-pull-right ez-toc-btn ez-toc-btn-xs ez-toc-btn-default ez-toc-toggle\" aria-label=\"Toggle Table of Content\"><span class=\"ez-toc-js-icon-con\"><span class=\"\"><span class=\"eztoc-hide\" style=\"display:none;\">Toggle<\/span><span class=\"ez-toc-icon-toggle-span\"><svg style=\"fill: #999;color:#999\" xmlns=\"http:\/\/www.w3.org\/2000\/svg\" class=\"list-377408\" width=\"20px\" height=\"20px\" viewBox=\"0 0 24 24\" fill=\"none\"><path d=\"M6 6H4v2h2V6zm14 0H8v2h12V6zM4 11h2v2H4v-2zm16 0H8v2h12v-2zM4 16h2v2H4v-2zm16 0H8v2h12v-2z\" fill=\"currentColor\"><\/path><\/svg><svg style=\"fill: #999;color:#999\" class=\"arrow-unsorted-368013\" xmlns=\"http:\/\/www.w3.org\/2000\/svg\" width=\"10px\" height=\"10px\" viewBox=\"0 0 24 24\" version=\"1.2\" baseProfile=\"tiny\"><path d=\"M18.2 9.3l-6.2-6.3-6.2 6.3c-.2.2-.3.4-.3.7s.1.5.3.7c.2.2.4.3.7.3h11c.3 0 .5-.1.7-.3.2-.2.3-.5.3-.7s-.1-.5-.3-.7zM5.8 14.7l6.2 6.3 6.2-6.3c.2-.2.3-.5.3-.7s-.1-.5-.3-.7c-.2-.2-.4-.3-.7-.3h-11c-.3 0-.5.1-.7.3-.2.2-.3.5-.3.7s.1.5.3.7z\"\/><\/svg><\/span><\/span><\/span><\/a><\/span><\/div>\n<nav><ul class='ez-toc-list ez-toc-list-level-1 ' ><li class='ez-toc-page-1 ez-toc-heading-level-1'><a class=\"ez-toc-link ez-toc-heading-1\" href=\"https:\/\/www.marmottine.fr\/mag\/guides\/bijoux-personnalises\/types\/juifs\/#Quels_sont_les_types_de_bijoux_personnalises_juifs\" title=\"Quels sont les types de bijoux personnalis\u00e9s juifs ?\">Quels sont les types de bijoux personnalis\u00e9s juifs ?<\/a><ul class='ez-toc-list-level-2' ><li class='ez-toc-heading-level-2'><a class=\"ez-toc-link ez-toc-heading-2\" href=\"https:\/\/www.marmottine.fr\/mag\/guides\/bijoux-personnalises\/types\/juifs\/#Quels_sont_les_bijoux_traditionnels_juifs\" title=\"Quels sont les bijoux traditionnels juifs\u00a0?\">Quels sont les bijoux traditionnels juifs\u00a0?<\/a><\/li><li class='ez-toc-page-1 ez-toc-heading-level-2'><a class=\"ez-toc-link ez-toc-heading-3\" href=\"https:\/\/www.marmottine.fr\/mag\/guides\/bijoux-personnalises\/types\/juifs\/#A_quelle_occasion_offrir_des_bijoux_personnalises_juifs_messianiques\" title=\"A quelle occasion offrir des bijoux personnalis\u00e9s juifs messianiques\u00a0?\">A quelle occasion offrir des bijoux personnalis\u00e9s juifs messianiques\u00a0?<\/a><\/li><li class='ez-toc-page-1 ez-toc-heading-level-2'><a class=\"ez-toc-link ez-toc-heading-4\" href=\"https:\/\/www.marmottine.fr\/mag\/guides\/bijoux-personnalises\/types\/juifs\/#Le_cas_du_collier_personnalise_hebreu\" title=\"Le cas du collier personnalis\u00e9 h\u00e9breu\">Le cas du collier personnalis\u00e9 h\u00e9breu<\/a><\/li><li class='ez-toc-page-1 ez-toc-heading-level-2'><a class=\"ez-toc-link ez-toc-heading-5\" href=\"https:\/\/www.marmottine.fr\/mag\/guides\/bijoux-personnalises\/types\/juifs\/#Pourquoi_choisir_un_collier_prenom_hebreu_en_or\" title=\"Pourquoi choisir un collier pr\u00e9nom h\u00e9breu en or\u00a0?\">Pourquoi choisir un collier pr\u00e9nom h\u00e9breu en or\u00a0?<\/a><\/li><li class='ez-toc-page-1 ez-toc-heading-level-2'><a class=\"ez-toc-link ez-toc-heading-6\" href=\"https:\/\/www.marmottine.fr\/mag\/guides\/bijoux-personnalises\/types\/juifs\/#Quelle_est_la_signification_dun_bracelet_personnalise_juif_avec_un_fil_rouge\" title=\"Quelle est la signification d\u2019un bracelet personnalis\u00e9 juif avec un fil rouge\u00a0?\">Quelle est la signification d\u2019un bracelet personnalis\u00e9 juif avec un fil rouge\u00a0?<\/a><\/li><li class='ez-toc-page-1 ez-toc-heading-level-2'><a class=\"ez-toc-link ez-toc-heading-7\" href=\"https:\/\/www.marmottine.fr\/mag\/guides\/bijoux-personnalises\/types\/juifs\/#Comment_acheter_des_bijoux_personnalises_juifs_en_ligne\" title=\"Comment acheter des bijoux personnalis\u00e9s juifs en ligne\u00a0?\">Comment acheter des bijoux personnalis\u00e9s juifs en ligne\u00a0?<\/a><\/li><\/ul><\/li><\/ul><\/nav><\/div>\n\n<figure id=\"attachment_366\" aria-describedby=\"caption-attachment-366\" style=\"width: 800px\" class=\"wp-caption alignnone\"><img loading=\"lazy\" decoding=\"async\" class=\"size-full wp-image-366\" src=\"https:\/\/www.marmottine.fr\/mag\/wp-content\/uploads\/2024\/03\/bracelet-etoile-de-David-personnalise.jpg\" alt=\"bracelet \u00e9toile de David personnalis\u00e9\" width=\"800\" height=\"800\" srcset=\"https:\/\/www.marmottine.fr\/mag\/wp-content\/uploads\/2024\/03\/bracelet-etoile-de-David-personnalise.jpg 800w, https:\/\/www.marmottine.fr\/mag\/wp-content\/uploads\/2024\/03\/bracelet-etoile-de-David-personnalise-300x300.jpg 300w, https:\/\/www.marmottine.fr\/mag\/wp-content\/uploads\/2024\/03\/bracelet-etoile-de-David-personnalise-150x150.jpg 150w, https:\/\/www.marmottine.fr\/mag\/wp-content\/uploads\/2024\/03\/bracelet-etoile-de-David-personnalise-768x768.jpg 768w\" sizes=\"(max-width: 800px) 100vw, 800px\" \/><figcaption id=\"caption-attachment-366\" class=\"wp-caption-text\">bracelet \u00e9toile de David personnalis\u00e9<\/figcaption><\/figure>\n<p>Les <strong>bijoux personnalis\u00e9s juifs<\/strong> ont pris une place pr\u00e9dominante <strong><a href=\"https:\/\/www.marmottine.fr\/mag\/guides\/bijoux-personnalises\/types\">parmi les types de bijoux personnalis\u00e9s<\/a><\/strong>. \u00a0A l\u2019instar des autres religions messianiques, la religion juive est empreinte de symboles tout aussi importants les uns que les autres. Pour comprendre quels sont les types de bijoux personnalis\u00e9s juifs, il est important de comprendre l\u2019influence de la <u>Kabbale<\/u> ou de la <u>Torah<\/u>, le livre religieux du peuple isra\u00e9lien. De nombreux symboles sont ainsi devenus des incontournables, repris sur plusieurs supports pour manifester, de mani\u00e8re plus ou moins ostentatoire, sa foi. Le bijou en est le moyen le plus personnel et le plus intime.<\/p>\n<h2><span class=\"ez-toc-section\" id=\"Quels_sont_les_bijoux_traditionnels_juifs\"><\/span>Quels sont les bijoux traditionnels juifs\u00a0?<span class=\"ez-toc-section-end\"><\/span><\/h2>\n<p>Les bijoux traditionnels juifs reprennent les symboles du juda\u00efsme expliqu\u00e9s dans les textes sacr\u00e9s. Il en existe plusieurs mais on note un r\u00e9el int\u00e9r\u00eat pour 5 d\u2019entre eux, fr\u00e9quemment repris en bijouterie\u00a0:<\/p>\n<ul>\n<li><strong>L\u2019Etoile de David<\/strong>, ou \u00ab\u00a0maghen dawid\u00a0\u00bb en h\u00e9breu, encore appel\u00e9e sceau de Salomon, est la fameuse \u00e9toile \u00e0 6 branches tristement utilis\u00e9e pendant Shoah. C\u2019est le symbole par excellence du juda\u00efsme, l\u2019\u00e9toile que poss\u00e8de toute personne de confession juive, en pendentif, bracelet, m\u00e9daille, boucle d\u2019oreille ou autre bijou.<\/li>\n<li><strong>La Menorah<\/strong>, le <u>chandelier \u00e0 7 branches<\/u> du Temple de J\u00e9rusalem, est un symbole fort du juda\u00efsme. On le retrouve dans les synagogues ainsi que dans les int\u00e9rieurs des maisons. C\u2019est donc tout naturellement qu\u2019il est apparu sur des bijoux, en pendentif seul ou grav\u00e9 sur une m\u00e9daille.<\/li>\n<li><strong>La Khamsa<\/strong>, ou <u>Main de Fatima<\/u>, ou encore <u>Main de Myriam<\/u>, qui signifie \u00ab\u00a05\u00a0\u00bb en h\u00e9breu (mais aussi en arabe) fait r\u00e9f\u00e9rence aux cinq doigts de la main et aux cinq livres de la Torah. Tr\u00e8s pr\u00e9sente dans le Maghreb, celle qu\u2019on appelle aussi la <u>Main de Fatma<\/u> r\u00e9sonne comme symbole culturel aussi bien pour une personne juive qu\u2019une personne musulmane. Elle est devenue un symbole r\u00e9gional.<\/li>\n<li><strong>Le Ha\u00ef<\/strong> est un <u>mot h\u00e9breu<\/u> compos\u00e9 de deux lettres (het et youd) qui signifie \u00ab\u00a0vivant\u00a0\u00bb. Son graphisme tr\u00e8s esth\u00e9tique \u00e9voquant la calligraphie en fait un symbole souvent repr\u00e9sent\u00e9 en bijouterie. Les deux lettres sont d\u00e9coup\u00e9es dans le m\u00e9tal pr\u00e9cieux et mont\u00e9es sur une b\u00e9li\u00e8re ou accroch\u00e9es \u00e0 une cha\u00eene. La mode des colliers pr\u00e9noms et colliers lettre n\u2019est pas \u00e9trang\u00e8re \u00e0 cet engouement.<\/li>\n<li><strong>L\u2019Ep\u00e9e de G\u00e9d\u00e9on<\/strong>: elle se porte comme un talisman. Du nom d\u2019un personnage du <u>Livre des Juges<\/u>, elle \u00e9voque la protection de Dieu. Moins courant, et moins connu, ce symbole de la religion juive se pr\u00eate pourtant bien l\u2019exercice du bijou, l\u2019\u00e9p\u00e9e ayant elle-m\u00eame la forme d\u2019un pendentif long et pointu.<\/li>\n<\/ul>\n<h2><span class=\"ez-toc-section\" id=\"A_quelle_occasion_offrir_des_bijoux_personnalises_juifs_messianiques\"><\/span>A quelle occasion offrir des bijoux personnalis\u00e9s juifs messianiques\u00a0?<span class=\"ez-toc-section-end\"><\/span><\/h2>\n<p>De nombreuses f\u00eates juives sont id\u00e9ales pour offrir un bijou personnalis\u00e9 afin d\u2019immortaliser l\u2019\u00e9v\u00e9nement. La <strong>Bar Mitsvah<\/strong>, ou <strong>Bat Mitsvah<\/strong> pour les filles, en est l\u2019exemple parfait. Toute autre date importante (un anniversaire, un mariage, une naissance) est propice \u00e0 offrir un bijou en rapport avec sa religion. Porter un bijou juda\u00efque est une mani\u00e8re d\u2019afficher son appartenance \u00e0 cette religion mais aussi \u00e0 une culture \u00e0 l\u2019identit\u00e9 forte. Filles comme gar\u00e7ons, jeunes ou vieux, tous portent une \u00e9toile de David de mani\u00e8re plus ou moins discr\u00e8te, en pendentif, ou en bracelet.<\/p>\n<h2><span class=\"ez-toc-section\" id=\"Le_cas_du_collier_personnalise_hebreu\"><\/span>Le cas du collier personnalis\u00e9 h\u00e9breu<span class=\"ez-toc-section-end\"><\/span><\/h2>\n<p>Comme on l\u2019a vu pr\u00e9c\u00e9demment, le mot h\u00e9breu \u00ab\u00a0Ha\u00ef\u00a0\u00bb est en soit un pendentif que l\u2019on rencontre fr\u00e9quemment en bijouterie. Mais la mode des colliers pr\u00e9noms est pass\u00e9e par l\u00e0\u00a0! La <u>religion juive<\/u> est plus qu\u2019une religion, c\u2019est une culture tr\u00e8s forte dot\u00e9e d\u2019une linguistique propre, <strong>l\u2019h\u00e9breu<\/strong>. Les personnes tr\u00e8s pratiquantes le parlent et l\u2019\u00e9crivent.<\/p>\n<p>D\u00e8s lors, porter un collier pr\u00e9nom h\u00e9breu fait partie des bijoux personnalis\u00e9s juifs de plus en plus port\u00e9s par les femmes comme par les enfants, un collier branch\u00e9 et ind\u00e9modable que l\u2019on trouve en argent et en plaqu\u00e9 or mais aussi en or, pour le porter longtemps.\u00a0 L\u2019h\u00e9breu a son propre alphabet avec des caract\u00e8res distinctifs qui rappellent la calligraphie. Les colliers pr\u00e9nom h\u00e9breu sont tr\u00e8s esth\u00e9tiques car le texte est en lui-m\u00eame un motif.<\/p>\n<h2><span class=\"ez-toc-section\" id=\"Pourquoi_choisir_un_collier_prenom_hebreu_en_or\"><\/span>Pourquoi choisir un collier pr\u00e9nom h\u00e9breu en or\u00a0?<span class=\"ez-toc-section-end\"><\/span><\/h2>\n<p>Offrir un <strong>collier pr\u00e9nom h\u00e9breu<\/strong> correspond \u00e0 une grande occasion, que ce soit une f\u00eate juive ou un \u00e9v\u00e9nement important de la vie comme un anniversaire, la r\u00e9ussite \u00e0 un examen, ou la f\u00eate des m\u00e8res. Plus qu\u2019un simple collier, c\u2019est une v\u00e9ritable signature qui marque \u00e9galement son appartenance \u00e0 une culture. Il s\u2019agit bien souvent d\u2019un bijou que l\u2019on a envie de garder toute sa vie, un peu comme un talisman.<\/p>\n<p>C\u2019est pourquoi le choix de l\u2019or a du sens pour r\u00e9aliser ce genre de bijoux. Il sera m\u00eame parfois rehauss\u00e9 d\u2019une pierre pr\u00e9cieuse pour renforcer le caract\u00e8re unique du collier. En or jaune ou en or blanc, et pourquoi pas en or rose pour \u00eatre tendance, le collier pr\u00e9nom h\u00e9breu tout or est devenu un must des bijoux personnalis\u00e9s juifs.<\/p>\n<h2><span class=\"ez-toc-section\" id=\"Quelle_est_la_signification_dun_bracelet_personnalise_juif_avec_un_fil_rouge\"><\/span>Quelle est la signification d\u2019un bracelet personnalis\u00e9 juif avec un fil rouge\u00a0?<span class=\"ez-toc-section-end\"><\/span><\/h2>\n<p>Il est fr\u00e9quent de rencontrer <u>ce fameux bracelet de fil rouge \u00e9carlate<\/u> qui se porte simplement nou\u00e9 au poignet gauche. A l\u2019origine, il s\u2019agissait d\u2019un fil de laine tout simple. Selon les lois kabbalistiques, ce bracelet rouge se porte au poignet gauche en faisant 7 n\u0153uds. La l\u00e9gende dit qu\u2019il \u00e9loignerait le mauvais \u0153il. M\u00eame si on retrouve cette croyance dans d\u2019autres cultures, de nombreux peoples le portent en faisant r\u00e9f\u00e9rence \u00e0 la <u>Kabbale<\/u>, comme Madonna. C\u2019est en suivant ces influenceurs mondialement connus que la mode du bracelet avec un cordon rouge s\u2019est propag\u00e9e au-del\u00e0 de sa symbolique originelle.<\/p>\n<h2><span class=\"ez-toc-section\" id=\"Comment_acheter_des_bijoux_personnalises_juifs_en_ligne\"><\/span>Comment acheter des bijoux personnalis\u00e9s juifs en ligne\u00a0?<span class=\"ez-toc-section-end\"><\/span><\/h2>\n<p>Les bijoux juifs imagin\u00e9s depuis les textes de la <u>Torah<\/u> ou \u00e0 partir de la <u>Kabbale<\/u>, tradition \u00e9sot\u00e9rique du juda\u00efsme, ne sont pas tous fabriqu\u00e9s en <u>Isra\u00ebl<\/u>. Les bijoutiers du monde entier proposent des bijoux juifs et r\u00e9pondent \u00e0 une demande de plus en plus grande de bijoux personnalis\u00e9s. Tous les symboles de cette religion existent sous forme de pendentif, collier, bracelet, bague et autres boucles d\u2019oreilles. Certaines bijouteries de quartiers en proposent mais, \u00e0 moins d\u2019\u00eatre sp\u00e9cialis\u00e9es, l\u2019offre reste pauvre.<\/p>\n<p>Pour trouver votre bijou personnalis\u00e9 juif id\u00e9al, le mieux est de le rechercher en ligne, o\u00f9 l\u2019offre est immense. \u00a0Nous vous conseillons n\u00e9anmoins de choisir une boutique en ligne bas\u00e9e sur le territoire fran\u00e7ais, pour faciliter les d\u00e9marches de SAV si besoin.<\/p>\n","protected":false},"excerpt":{"rendered":"<p>Quels sont les types de bijoux personnalis\u00e9s juifs ? Les bijoux personnalis\u00e9s juifs ont pris une place pr\u00e9dominante parmi les [&hellip;]<\/p>\n","protected":false},"author":2,"featured_media":366,"parent":247,"menu_order":0,"comment_status":"closed","ping_status":"closed","template":"","meta":{"site-sidebar-layout":"default","site-content-layout":"","ast-site-content-layout":"default","site-content-style":"default","site-sidebar-style":"default","ast-global-header-display":"","ast-banner-title-visibility":"","ast-main-header-display":"","ast-hfb-above-header-display":"","ast-hfb-below-header-display":"","ast-hfb-mobile-header-display":"","site-post-title":"","ast-breadcrumbs-content":"","ast-featured-img":"","footer-sml-layout":"","theme-transparent-header-meta":"default","adv-header-id-meta":"","stick-header-meta":"","header-above-stick-meta":"","header-main-stick-meta":"","header-below-stick-meta":"","astra-migrate-meta-layouts":"set","ast-page-background-enabled":"default","ast-page-background-meta":{"desktop":{"background-color":"var(--ast-global-color-4)","background-image":"","background-repeat":"repeat","background-position":"center center","background-size":"auto","background-attachment":"scroll","background-type":"","background-media":"","overlay-type":"","overlay-color":"","overlay-gradient":""},"tablet":{"background-color":"","background-image":"","background-repeat":"repeat","background-position":"center center","background-size":"auto","background-attachment":"scroll","background-type":"","background-media":"","overlay-type":"","overlay-color":"","overlay-gradient":""},"mobile":{"background-color":"","background-image":"","background-repeat":"repeat","background-position":"center center","background-size":"auto","background-attachment":"scroll","background-type":"","background-media":"","overlay-type":"","overlay-color":"","overlay-gradient":""}},"ast-content-background-meta":{"desktop":{"background-color":"var(--ast-global-color-5)","background-image":"","background-repeat":"repeat","background-position":"center center","background-size":"auto","background-attachment":"scroll","background-type":"","background-media":"","overlay-type":"","overlay-color":"","overlay-gradient":""},"tablet":{"background-color":"var(--ast-global-color-5)","background-image":"","background-repeat":"repeat","background-position":"center center","background-size":"auto","background-attachment":"scroll","background-type":"","background-media":"","overlay-type":"","overlay-color":"","overlay-gradient":""},"mobile":{"background-color":"var(--ast-global-color-5)","background-image":"","background-repeat":"repeat","background-position":"center center","background-size":"auto","background-attachment":"scroll","background-type":"","background-media":"","overlay-type":"","overlay-color":"","overlay-gradient":""}},"footnotes":""},"aioseo_notices":[],"_links":{"self":[{"href":"https:\/\/www.marmottine.fr\/mag\/wp-json\/wp\/v2\/pages\/257"}],"collection":[{"href":"https:\/\/www.marmottine.fr\/mag\/wp-json\/wp\/v2\/pages"}],"about":[{"href":"https:\/\/www.marmottine.fr\/mag\/wp-json\/wp\/v2\/types\/page"}],"author":[{"embeddable":true,"href":"https:\/\/www.marmottine.fr\/mag\/wp-json\/wp\/v2\/users\/2"}],"replies":[{"embeddable":true,"href":"https:\/\/www.marmottine.fr\/mag\/wp-json\/wp\/v2\/comments?post=257"}],"version-history":[{"count":3,"href":"https:\/\/www.marmottine.fr\/mag\/wp-json\/wp\/v2\/pages\/257\/revisions"}],"predecessor-version":[{"id":598,"href":"https:\/\/www.marmottine.fr\/mag\/wp-json\/wp\/v2\/pages\/257\/revisions\/598"}],"up":[{"embeddable":true,"href":"https:\/\/www.marmottine.fr\/mag\/wp-json\/wp\/v2\/pages\/247"}],"wp:featuredmedia":[{"embeddable":true,"href":"https:\/\/www.marmottine.fr\/mag\/wp-json\/wp\/v2\/media\/366"}],"wp:attachment":[{"href":"https:\/\/www.marmottine.fr\/mag\/wp-json\/wp\/v2\/media?parent=257"}],"curies":[{"name":"wp","href":"https:\/\/api.w.org\/{rel}","templated":true}]}}