{"id":251,"date":"2024-04-09T12:12:02","date_gmt":"2024-04-09T10:12:02","guid":{"rendered":"https:\/\/www.marmottine.fr\/mag\/?page_id=251"},"modified":"2024-04-09T16:44:48","modified_gmt":"2024-04-09T14:44:48","slug":"avec-la-pierre-de-naissance","status":"publish","type":"page","link":"https:\/\/www.marmottine.fr\/mag\/guides\/bijoux-personnalises\/types\/avec-la-pierre-de-naissance","title":{"rendered":"Quels sont les types de bijoux personnalis\u00e9s avec la pierre de naissance ?"},"content":{"rendered":"<h1><span class=\"ez-toc-section\" id=\"Quels_sont_les_types_de_bijoux_personnalises_avec_la_pierre_de_naissance\"><\/span>Quels sont les types de bijoux personnalis\u00e9s avec la pierre de naissance ?<span class=\"ez-toc-section-end\"><\/span><\/h1><div id=\"ez-toc-container\" class=\"ez-toc-v2_0_69_1 counter-hierarchy ez-toc-counter ez-toc-grey ez-toc-container-direction\">\n<div class=\"ez-toc-title-container\">\n<p class=\"ez-toc-title\" style=\"cursor:inherit\">Sommaire<\/p>\n<span class=\"ez-toc-title-toggle\"><a href=\"#\" class=\"ez-toc-pull-right ez-toc-btn ez-toc-btn-xs ez-toc-btn-default ez-toc-toggle\" aria-label=\"Toggle Table of Content\"><span class=\"ez-toc-js-icon-con\"><span class=\"\"><span class=\"eztoc-hide\" style=\"display:none;\">Toggle<\/span><span class=\"ez-toc-icon-toggle-span\"><svg style=\"fill: #999;color:#999\" xmlns=\"http:\/\/www.w3.org\/2000\/svg\" class=\"list-377408\" width=\"20px\" height=\"20px\" viewBox=\"0 0 24 24\" fill=\"none\"><path d=\"M6 6H4v2h2V6zm14 0H8v2h12V6zM4 11h2v2H4v-2zm16 0H8v2h12v-2zM4 16h2v2H4v-2zm16 0H8v2h12v-2z\" fill=\"currentColor\"><\/path><\/svg><svg style=\"fill: #999;color:#999\" class=\"arrow-unsorted-368013\" xmlns=\"http:\/\/www.w3.org\/2000\/svg\" width=\"10px\" height=\"10px\" viewBox=\"0 0 24 24\" version=\"1.2\" baseProfile=\"tiny\"><path d=\"M18.2 9.3l-6.2-6.3-6.2 6.3c-.2.2-.3.4-.3.7s.1.5.3.7c.2.2.4.3.7.3h11c.3 0 .5-.1.7-.3.2-.2.3-.5.3-.7s-.1-.5-.3-.7zM5.8 14.7l6.2 6.3 6.2-6.3c.2-.2.3-.5.3-.7s-.1-.5-.3-.7c-.2-.2-.4-.3-.7-.3h-11c-.3 0-.5.1-.7.3-.2.2-.3.5-.3.7s.1.5.3.7z\"\/><\/svg><\/span><\/span><\/span><\/a><\/span><\/div>\n<nav><ul class='ez-toc-list ez-toc-list-level-1 ' ><li class='ez-toc-page-1 ez-toc-heading-level-1'><a class=\"ez-toc-link ez-toc-heading-1\" href=\"https:\/\/www.marmottine.fr\/mag\/guides\/bijoux-personnalises\/types\/avec-la-pierre-de-naissance\/#Quels_sont_les_types_de_bijoux_personnalises_avec_la_pierre_de_naissance\" title=\"Quels sont les types de bijoux personnalis\u00e9s avec la pierre de naissance ?\">Quels sont les types de bijoux personnalis\u00e9s avec la pierre de naissance ?<\/a><ul class='ez-toc-list-level-2' ><li class='ez-toc-heading-level-2'><a class=\"ez-toc-link ez-toc-heading-2\" href=\"https:\/\/www.marmottine.fr\/mag\/guides\/bijoux-personnalises\/types\/avec-la-pierre-de-naissance\/#Quelles_sont_les_pierres_de_naissance_par_mois\" title=\"Quelles sont les pierres de naissance par mois ?\">Quelles sont les pierres de naissance par mois ?<\/a><\/li><li class='ez-toc-page-1 ez-toc-heading-level-2'><a class=\"ez-toc-link ez-toc-heading-3\" href=\"https:\/\/www.marmottine.fr\/mag\/guides\/bijoux-personnalises\/types\/avec-la-pierre-de-naissance\/#Pourquoi_porter_un_bijou_personnalise_avec_une_pierre_de_naissance\" title=\"Pourquoi porter un bijou personnalis\u00e9 avec une pierre de naissance ?\">Pourquoi porter un bijou personnalis\u00e9 avec une pierre de naissance ?<\/a><\/li><li class='ez-toc-page-1 ez-toc-heading-level-2'><a class=\"ez-toc-link ez-toc-heading-4\" href=\"https:\/\/www.marmottine.fr\/mag\/guides\/bijoux-personnalises\/types\/avec-la-pierre-de-naissance\/#Quels_bijoux_offrir_avec_une_pierre_de_naissance\" title=\"Quels bijoux offrir avec une pierre de naissance ?\">Quels bijoux offrir avec une pierre de naissance ?<\/a><\/li><li class='ez-toc-page-1 ez-toc-heading-level-2'><a class=\"ez-toc-link ez-toc-heading-5\" href=\"https:\/\/www.marmottine.fr\/mag\/guides\/bijoux-personnalises\/types\/avec-la-pierre-de-naissance\/#A_quelle_occasion_offrir_un_bijou_personnalise_avec_la_pierre_de_naissance\" title=\"A quelle occasion offrir un bijou personnalis\u00e9 avec la pierre de naissance ?\">A quelle occasion offrir un bijou personnalis\u00e9 avec la pierre de naissance ?<\/a><\/li><li class='ez-toc-page-1 ez-toc-heading-level-2'><a class=\"ez-toc-link ez-toc-heading-6\" href=\"https:\/\/www.marmottine.fr\/mag\/guides\/bijoux-personnalises\/types\/avec-la-pierre-de-naissance\/#Dans_quelle_collection_choisir_son_bijou_avec_sa_pierre_de_naissance\" title=\"Dans quelle collection choisir son bijou avec sa pierre de naissance ?\">Dans quelle collection choisir son bijou avec sa pierre de naissance ?<\/a><\/li><\/ul><\/li><\/ul><\/nav><\/div>\n\n<figure id=\"attachment_393\" aria-describedby=\"caption-attachment-393\" style=\"width: 800px\" class=\"wp-caption alignnone\"><img loading=\"lazy\" decoding=\"async\" class=\"size-full wp-image-393\" src=\"https:\/\/www.marmottine.fr\/mag\/wp-content\/uploads\/2024\/03\/bijou-personnalise-pierre-de-naissance.jpg\" alt=\"bijou personnalis\u00e9 pierre de naissance\" width=\"800\" height=\"800\" srcset=\"https:\/\/www.marmottine.fr\/mag\/wp-content\/uploads\/2024\/03\/bijou-personnalise-pierre-de-naissance.jpg 800w, https:\/\/www.marmottine.fr\/mag\/wp-content\/uploads\/2024\/03\/bijou-personnalise-pierre-de-naissance-300x300.jpg 300w, https:\/\/www.marmottine.fr\/mag\/wp-content\/uploads\/2024\/03\/bijou-personnalise-pierre-de-naissance-150x150.jpg 150w, https:\/\/www.marmottine.fr\/mag\/wp-content\/uploads\/2024\/03\/bijou-personnalise-pierre-de-naissance-768x768.jpg 768w\" sizes=\"(max-width: 800px) 100vw, 800px\" \/><figcaption id=\"caption-attachment-393\" class=\"wp-caption-text\">bijou personnalis\u00e9 pierre de naissance<\/figcaption><\/figure>\n<p><a href=\"https:\/\/www.marmottine.fr\/mag\/guides\/bijoux-personnalises\/types\"><strong>Parmi les types de bijoux personnalis\u00e9s<\/strong><\/a>, ceux avec la <strong>pierre de naissance<\/strong>, ou <strong>pierre du mois<\/strong>, ont fait leur apparition r\u00e9cemment. Encore inexistantes il y a 10 ans, les <u>collections de bijoux personnalis\u00e9s<\/u> avec la <u>pierre de naissance<\/u> font fureur chez les cr\u00e9ateurs de bijoux. Et les clients en redemandent\u00a0! Dans une soci\u00e9t\u00e9 o\u00f9 le bijou personnalis\u00e9 est le moyen d\u2019affirmer sa personnalit\u00e9, porter un bijou orn\u00e9 d\u2019une pierre correspondant \u00e0 son mois de naissance est une mani\u00e8re intime et personnelle de se distinguer des autres.<\/p>\n<h2><span class=\"ez-toc-section\" id=\"Quelles_sont_les_pierres_de_naissance_par_mois\"><\/span>Quelles sont les pierres de naissance par mois ?<span class=\"ez-toc-section-end\"><\/span><\/h2>\n<figure id=\"attachment_392\" aria-describedby=\"caption-attachment-392\" style=\"width: 800px\" class=\"wp-caption alignnone\"><img loading=\"lazy\" decoding=\"async\" class=\"size-full wp-image-392\" src=\"https:\/\/www.marmottine.fr\/mag\/wp-content\/uploads\/2024\/03\/bijou-personnalise-diamant.jpg\" alt=\"bijou personnalis\u00e9 diamant\" width=\"800\" height=\"800\" srcset=\"https:\/\/www.marmottine.fr\/mag\/wp-content\/uploads\/2024\/03\/bijou-personnalise-diamant.jpg 800w, https:\/\/www.marmottine.fr\/mag\/wp-content\/uploads\/2024\/03\/bijou-personnalise-diamant-300x300.jpg 300w, https:\/\/www.marmottine.fr\/mag\/wp-content\/uploads\/2024\/03\/bijou-personnalise-diamant-150x150.jpg 150w, https:\/\/www.marmottine.fr\/mag\/wp-content\/uploads\/2024\/03\/bijou-personnalise-diamant-768x768.jpg 768w\" sizes=\"(max-width: 800px) 100vw, 800px\" \/><figcaption id=\"caption-attachment-392\" class=\"wp-caption-text\">bijou personnalis\u00e9 diamant<\/figcaption><\/figure>\n<p>D\u2019o\u00f9 vient cette classification des gemmes par mois\u00a0? Il existe une liste officielle des pierres de naissance dress\u00e9e d\u00e8s 1912 par la tr\u00e8s s\u00e9rieuse Soci\u00e9t\u00e9 Am\u00e9ricaine des Gemmes (American Gem Society). Depuis, le Conseil de l\u2019Industrie de la Joaillerie (Jewellery Industry Council) a \u00e9labor\u00e9 une nouvelle liste en 1952, elle-m\u00eame revue en 2002 par l\u2019Association Am\u00e9ricaine de Pierres Gemmes (American Gem Trade Association). Ces nouvelles listes tiennent compte de l\u2019\u00e9volution des modes et des nouvelles gemmes d\u00e9couvertes depuis, comme la Tanzanite, qui tend \u00e0 remplacer la pierre du mois de d\u00e9cembre, la topaze bleue.<\/p>\n<p>Ainsi, chaque mois est associ\u00e9 \u00e0 une pierre\u00a0:<\/p>\n<ul>\n<li>Janvier\u00a0: le grenat<\/li>\n<li>F\u00e9vrier\u00a0: l\u2019am\u00e9thyste<\/li>\n<li>Mars\u00a0: l\u2019aigue marine<\/li>\n<li>Avril\u00a0: le diamant<\/li>\n<li>Mai\u00a0: l\u2019\u00e9meraude<\/li>\n<li>Juin\u00a0: la perle<\/li>\n<li>Juillet\u00a0: le rubis<\/li>\n<li>Aout\u00a0: le p\u00e9ridot<\/li>\n<li>Septembre\u00a0: le saphir<\/li>\n<li>Octobre\u00a0: la tourmaline<\/li>\n<li>Novembre\u00a0: la citrine<\/li>\n<li>D\u00e9cembre\u00a0: la topaze bleue (ou la tanzanite)<\/li>\n<\/ul>\n<h2><span class=\"ez-toc-section\" id=\"Pourquoi_porter_un_bijou_personnalise_avec_une_pierre_de_naissance\"><\/span>Pourquoi porter un bijou personnalis\u00e9 avec une pierre de naissance ?<span class=\"ez-toc-section-end\"><\/span><\/h2>\n<p>Si les pierres de naissance ont un tel succ\u00e8s, c\u2019est en partie gr\u00e2ce aux vertus qu\u2019on leur pr\u00eate. D\u00e8s lors, associer une pierre \u00e0 un bijou renforce le pouvoir de s\u00e9duction de ce dernier. Porter la pierre de son mois de naissance est la personnalisation ultime, qui fait sens pour un bijou embl\u00e9matique et personnel. C\u2019est le cadeau id\u00e9al pour un b\u00e9b\u00e9 qui vient de na\u00eetre, mais aussi pour sa maman en souvenir de la naissance de son petit. Pour un cadeau d\u2019anniversaire qui marque une d\u00e9cennie ou la majorit\u00e9, un bijou avec la pierre de son mois de naissance est tout indiqu\u00e9.<\/p>\n<p>Par extension, en bijouterie fantaisie, il est fr\u00e9quent de trouver, en guise de pierres de naissance, des pierres synth\u00e9tiques. Dans ce cas, seule la couleur rappellera la correspondance avec le mois, les vertus pr\u00eat\u00e9es aux vraies pierres \u00e9tant absentes de ces types de bijoux.<\/p>\n<h2><span class=\"ez-toc-section\" id=\"Quels_bijoux_offrir_avec_une_pierre_de_naissance\"><\/span>Quels bijoux offrir avec une pierre de naissance ?<span class=\"ez-toc-section-end\"><\/span><\/h2>\n<p>Tous les bijoux sont personnalisables avec une pierre de naissance, mais il en existe principalement 3 cat\u00e9gories qui se pr\u00eatent \u00e0 l\u2019exercice\u00a0: les bracelets, les colliers et les bagues.<\/p>\n<ol>\n<li>Les bracelets personnalis\u00e9s avec la pierre de naissance\u00a0: mont\u00e9 sur cordon ou sur cha\u00eene, en argent ou en or, ce genre de bracelet sera sublim\u00e9 par une pierre sertie ou accroch\u00e9e en breloque<\/li>\n<li>Les colliers personnalis\u00e9s avec la pierre de naissance\u00a0: en pampille adoss\u00e9e \u00e0 une m\u00e9daille, sertie sur un pendentif, ou encore distill\u00e9e sur une cha\u00eene perl\u00e9e, la pierre pr\u00e9cieuse vient rehausser \u00e9l\u00e9gamment le plus simple des colliers.<\/li>\n<li>Les bagues personnalis\u00e9es avec la pierre de naissance\u00a0: une bague que l\u2019on porte tous les jours est un bijou particulier, qui se porte un peu comme une seconde peau, elle fait partie de notre identit\u00e9. Quoi de plus naturel d\u00e8s lors que d\u2019y apposer sa pierre de naissance\u00a0? Bague de fian\u00e7ailles ou bague pour f\u00eater ses 20 ans, la personnaliser avec sa pierre du mois prend tout son sens.<\/li>\n<\/ol>\n<h2><span class=\"ez-toc-section\" id=\"A_quelle_occasion_offrir_un_bijou_personnalise_avec_la_pierre_de_naissance\"><\/span>A quelle occasion offrir un bijou personnalis\u00e9 avec la pierre de naissance ?<span class=\"ez-toc-section-end\"><\/span><\/h2>\n<figure id=\"attachment_394\" aria-describedby=\"caption-attachment-394\" style=\"width: 800px\" class=\"wp-caption alignnone\"><img loading=\"lazy\" decoding=\"async\" class=\"size-full wp-image-394\" src=\"https:\/\/www.marmottine.fr\/mag\/wp-content\/uploads\/2024\/03\/medaille-personnalisee-pierre-de-naissance.jpg\" alt=\"m\u00e9daille personnalis\u00e9e pierre de naissance\" width=\"800\" height=\"800\" srcset=\"https:\/\/www.marmottine.fr\/mag\/wp-content\/uploads\/2024\/03\/medaille-personnalisee-pierre-de-naissance.jpg 800w, https:\/\/www.marmottine.fr\/mag\/wp-content\/uploads\/2024\/03\/medaille-personnalisee-pierre-de-naissance-300x300.jpg 300w, https:\/\/www.marmottine.fr\/mag\/wp-content\/uploads\/2024\/03\/medaille-personnalisee-pierre-de-naissance-150x150.jpg 150w, https:\/\/www.marmottine.fr\/mag\/wp-content\/uploads\/2024\/03\/medaille-personnalisee-pierre-de-naissance-768x768.jpg 768w\" sizes=\"(max-width: 800px) 100vw, 800px\" \/><figcaption id=\"caption-attachment-394\" class=\"wp-caption-text\">m\u00e9daille personnalis\u00e9e pierre de naissance<\/figcaption><\/figure>\n<p>Toute occasion en rapport avec l\u2019\u00e2ge ou l\u2019identit\u00e9 d\u2019une personne est pr\u00e9texte \u00e0 lui offrir un bijou personnalis\u00e9 avec sa pierre du mois.<\/p>\n<p><strong>La naissance<\/strong> est l\u2019occasion r\u00eav\u00e9e d\u2019offrir un bijou original et diff\u00e9renciant qui change des signes du zodiaque. Pour peu que le b\u00e9b\u00e9 soit n\u00e9 un mois correspondant \u00e0 une pierre pr\u00e9cieuse, c\u2019est l\u2019opportunit\u00e9 de lui offrir son <u>premier diamant<\/u> ou sa <u>premi\u00e8re \u00e9meraude<\/u>\u00a0! Comme il est coutume d\u2019offrir un cadeau \u00e0 une maman qui vient d\u2019accoucher, pourquoi ne pas opter pour un bijou personnalis\u00e9 avec la pierre de naissance de son b\u00e9b\u00e9, en souvenir de l\u2019heureux \u00e9v\u00e9nement\u00a0? Une maman de famille nombreuse peut ainsi collectionner les pierres sur un bijou multicolore\u00a0!<\/p>\n<p><strong>L\u2019anniversaire <\/strong>est \u00e9galement une opportunit\u00e9 pour offrir un bijou avec la pierre du mois de naissance. C\u2019est un clin d\u2019\u0153il pr\u00e9cieux qui ne passe pas inaper\u00e7u. Car finalement, quand on demande autour de soi, peu de gens connaissent leur pierre. Et pourtant ce signe distinctif expliquerait beaucoup de choses quant \u00e0 la personnalit\u00e9 de chacun.<strong>\u00a0<\/strong><\/p>\n<h2><span class=\"ez-toc-section\" id=\"Dans_quelle_collection_choisir_son_bijou_avec_sa_pierre_de_naissance\"><\/span>Dans quelle collection choisir son bijou avec sa pierre de naissance ?<span class=\"ez-toc-section-end\"><\/span><\/h2>\n<p>Pratiquement toutes les marques proposent des <strong>collections de bijoux avec les pierres du mois de naissance<\/strong>. Du tout-venant sur Amazon en passant par les marques de luxe. M\u00eame les marques qui n\u2019utilisent pas de gemmes mais des pierres synth\u00e9tiques comme Swarovski ou Pandora proposent une colorim\u00e9trie correspondante. D\u2019autres surfent sur la mode de la lithoth\u00e9rapie, comme Nature et D\u00e9couverte, pour associer des pierres naturelles \u00e0 des bijoux.<\/p>\n<p>Pour bien choisir votre bijou avec votre pierre de naissance, nous vous conseillons de vous r\u00e9f\u00e9rer \u00e0 la liste officielle des gemmes associ\u00e9s aux mois pour \u00eatre s\u00fbr de commander une <u>vraie pierre<\/u>. Puis prenez votre temps pour trouver la collection qui vous pla\u00eet le plus, tant par sa forme que par sa composition (argent, or). Renseignez-vous \u00e9galement sur la provenance des pierres\u00a0: assurez-vous qu\u2019elles proviennent d\u2019une fili\u00e8re \u00e9thique et qu\u2019elles sont taill\u00e9es correctement, par un lapidaire professionnel.<\/p>\n<p><strong>\u00a0<\/strong><\/p>\n<p><strong>\u00a0<\/strong><\/p>\n","protected":false},"excerpt":{"rendered":"<p>Quels sont les types de bijoux personnalis\u00e9s avec la pierre de naissance ? Parmi les types de bijoux personnalis\u00e9s, ceux [&hellip;]<\/p>\n","protected":false},"author":2,"featured_media":393,"parent":247,"menu_order":6,"comment_status":"closed","ping_status":"closed","template":"","meta":{"site-sidebar-layout":"default","site-content-layout":"","ast-site-content-layout":"default","site-content-style":"default","site-sidebar-style":"default","ast-global-header-display":"","ast-banner-title-visibility":"","ast-main-header-display":"","ast-hfb-above-header-display":"","ast-hfb-below-header-display":"","ast-hfb-mobile-header-display":"","site-post-title":"","ast-breadcrumbs-content":"","ast-featured-img":"","footer-sml-layout":"","theme-transparent-header-meta":"default","adv-header-id-meta":"","stick-header-meta":"","header-above-stick-meta":"","header-main-stick-meta":"","header-below-stick-meta":"","astra-migrate-meta-layouts":"set","ast-page-background-enabled":"default","ast-page-background-meta":{"desktop":{"background-color":"var(--ast-global-color-4)","background-image":"","background-repeat":"repeat","background-position":"center center","background-size":"auto","background-attachment":"scroll","background-type":"","background-media":"","overlay-type":"","overlay-color":"","overlay-gradient":""},"tablet":{"background-color":"","background-image":"","background-repeat":"repeat","background-position":"center center","background-size":"auto","background-attachment":"scroll","background-type":"","background-media":"","overlay-type":"","overlay-color":"","overlay-gradient":""},"mobile":{"background-color":"","background-image":"","background-repeat":"repeat","background-position":"center center","background-size":"auto","background-attachment":"scroll","background-type":"","background-media":"","overlay-type":"","overlay-color":"","overlay-gradient":""}},"ast-content-background-meta":{"desktop":{"background-color":"var(--ast-global-color-5)","background-image":"","background-repeat":"repeat","background-position":"center center","background-size":"auto","background-attachment":"scroll","background-type":"","background-media":"","overlay-type":"","overlay-color":"","overlay-gradient":""},"tablet":{"background-color":"var(--ast-global-color-5)","background-image":"","background-repeat":"repeat","background-position":"center center","background-size":"auto","background-attachment":"scroll","background-type":"","background-media":"","overlay-type":"","overlay-color":"","overlay-gradient":""},"mobile":{"background-color":"var(--ast-global-color-5)","background-image":"","background-repeat":"repeat","background-position":"center center","background-size":"auto","background-attachment":"scroll","background-type":"","background-media":"","overlay-type":"","overlay-color":"","overlay-gradient":""}},"footnotes":""},"aioseo_notices":[],"_links":{"self":[{"href":"https:\/\/www.marmottine.fr\/mag\/wp-json\/wp\/v2\/pages\/251"}],"collection":[{"href":"https:\/\/www.marmottine.fr\/mag\/wp-json\/wp\/v2\/pages"}],"about":[{"href":"https:\/\/www.marmottine.fr\/mag\/wp-json\/wp\/v2\/types\/page"}],"author":[{"embeddable":true,"href":"https:\/\/www.marmottine.fr\/mag\/wp-json\/wp\/v2\/users\/2"}],"replies":[{"embeddable":true,"href":"https:\/\/www.marmottine.fr\/mag\/wp-json\/wp\/v2\/comments?post=251"}],"version-history":[{"count":4,"href":"https:\/\/www.marmottine.fr\/mag\/wp-json\/wp\/v2\/pages\/251\/revisions"}],"predecessor-version":[{"id":603,"href":"https:\/\/www.marmottine.fr\/mag\/wp-json\/wp\/v2\/pages\/251\/revisions\/603"}],"up":[{"embeddable":true,"href":"https:\/\/www.marmottine.fr\/mag\/wp-json\/wp\/v2\/pages\/247"}],"wp:featuredmedia":[{"embeddable":true,"href":"https:\/\/www.marmottine.fr\/mag\/wp-json\/wp\/v2\/media\/393"}],"wp:attachment":[{"href":"https:\/\/www.marmottine.fr\/mag\/wp-json\/wp\/v2\/media?parent=251"}],"curies":[{"name":"wp","href":"https:\/\/api.w.org\/{rel}","templated":true}]}}