{"id":243,"date":"2024-04-09T12:06:34","date_gmt":"2024-04-09T10:06:34","guid":{"rendered":"https:\/\/www.marmottine.fr\/mag\/?page_id=243"},"modified":"2024-04-09T16:41:29","modified_gmt":"2024-04-09T14:41:29","slug":"a-une-maman","status":"publish","type":"page","link":"https:\/\/www.marmottine.fr\/mag\/guides\/bijoux-personnalises\/offrir\/a-une-maman","title":{"rendered":"Quel bijou personnalis\u00e9 offrir \u00e0 une maman ?"},"content":{"rendered":"<h1><span class=\"ez-toc-section\" id=\"Quel_bijou_personnalise_offrir_a_une_maman\"><\/span>Quel bijou personnalis\u00e9 offrir \u00e0 une maman ?<span class=\"ez-toc-section-end\"><\/span><\/h1><div id=\"ez-toc-container\" class=\"ez-toc-v2_0_69_1 counter-hierarchy ez-toc-counter ez-toc-grey ez-toc-container-direction\">\n<div class=\"ez-toc-title-container\">\n<p class=\"ez-toc-title\" style=\"cursor:inherit\">Sommaire<\/p>\n<span class=\"ez-toc-title-toggle\"><a href=\"#\" class=\"ez-toc-pull-right ez-toc-btn ez-toc-btn-xs ez-toc-btn-default ez-toc-toggle\" aria-label=\"Toggle Table of Content\"><span class=\"ez-toc-js-icon-con\"><span class=\"\"><span class=\"eztoc-hide\" style=\"display:none;\">Toggle<\/span><span class=\"ez-toc-icon-toggle-span\"><svg style=\"fill: #999;color:#999\" xmlns=\"http:\/\/www.w3.org\/2000\/svg\" class=\"list-377408\" width=\"20px\" height=\"20px\" viewBox=\"0 0 24 24\" fill=\"none\"><path d=\"M6 6H4v2h2V6zm14 0H8v2h12V6zM4 11h2v2H4v-2zm16 0H8v2h12v-2zM4 16h2v2H4v-2zm16 0H8v2h12v-2z\" fill=\"currentColor\"><\/path><\/svg><svg style=\"fill: #999;color:#999\" class=\"arrow-unsorted-368013\" xmlns=\"http:\/\/www.w3.org\/2000\/svg\" width=\"10px\" height=\"10px\" viewBox=\"0 0 24 24\" version=\"1.2\" baseProfile=\"tiny\"><path d=\"M18.2 9.3l-6.2-6.3-6.2 6.3c-.2.2-.3.4-.3.7s.1.5.3.7c.2.2.4.3.7.3h11c.3 0 .5-.1.7-.3.2-.2.3-.5.3-.7s-.1-.5-.3-.7zM5.8 14.7l6.2 6.3 6.2-6.3c.2-.2.3-.5.3-.7s-.1-.5-.3-.7c-.2-.2-.4-.3-.7-.3h-11c-.3 0-.5.1-.7.3-.2.2-.3.5-.3.7s.1.5.3.7z\"\/><\/svg><\/span><\/span><\/span><\/a><\/span><\/div>\n<nav><ul class='ez-toc-list ez-toc-list-level-1 ' ><li class='ez-toc-page-1 ez-toc-heading-level-1'><a class=\"ez-toc-link ez-toc-heading-1\" href=\"https:\/\/www.marmottine.fr\/mag\/guides\/bijoux-personnalises\/offrir\/a-une-maman\/#Quel_bijou_personnalise_offrir_a_une_maman\" title=\"Quel bijou personnalis\u00e9 offrir \u00e0 une maman ?\">Quel bijou personnalis\u00e9 offrir \u00e0 une maman ?<\/a><ul class='ez-toc-list-level-2' ><li class='ez-toc-heading-level-2'><a class=\"ez-toc-link ez-toc-heading-2\" href=\"https:\/\/www.marmottine.fr\/mag\/guides\/bijoux-personnalises\/offrir\/a-une-maman\/#Le_bijou_personnalise_le_cadeau_ideal_pour_une_maman\" title=\"Le bijou personnalis\u00e9\u00a0: le cadeau id\u00e9al pour une maman\">Le bijou personnalis\u00e9\u00a0: le cadeau id\u00e9al pour une maman<\/a><\/li><li class='ez-toc-page-1 ez-toc-heading-level-2'><a class=\"ez-toc-link ez-toc-heading-3\" href=\"https:\/\/www.marmottine.fr\/mag\/guides\/bijoux-personnalises\/offrir\/a-une-maman\/#Le_bracelet_personnalise_pour_maman\" title=\"Le bracelet personnalis\u00e9 pour maman\">Le bracelet personnalis\u00e9 pour maman<\/a><\/li><li class='ez-toc-page-1 ez-toc-heading-level-2'><a class=\"ez-toc-link ez-toc-heading-4\" href=\"https:\/\/www.marmottine.fr\/mag\/guides\/bijoux-personnalises\/offrir\/a-une-maman\/#Le_collier_personnalise_pour_maman\" title=\"Le collier personnalis\u00e9 pour maman\">Le collier personnalis\u00e9 pour maman<\/a><\/li><li class='ez-toc-page-1 ez-toc-heading-level-2'><a class=\"ez-toc-link ez-toc-heading-5\" href=\"https:\/\/www.marmottine.fr\/mag\/guides\/bijoux-personnalises\/offrir\/a-une-maman\/#Comment_personnaliser_un_bijou_pour_maman\" title=\"Comment personnaliser un bijou pour maman\u00a0?\">Comment personnaliser un bijou pour maman\u00a0?<\/a><\/li><li class='ez-toc-page-1 ez-toc-heading-level-2'><a class=\"ez-toc-link ez-toc-heading-6\" href=\"https:\/\/www.marmottine.fr\/mag\/guides\/bijoux-personnalises\/offrir\/a-une-maman\/#Qui_offre_un_bijou_personnalise_pour_maman\" title=\"Qui offre un bijou personnalis\u00e9 pour maman\u00a0?\">Qui offre un bijou personnalis\u00e9 pour maman\u00a0?<\/a><\/li><li class='ez-toc-page-1 ez-toc-heading-level-2'><a class=\"ez-toc-link ez-toc-heading-7\" href=\"https:\/\/www.marmottine.fr\/mag\/guides\/bijoux-personnalises\/offrir\/a-une-maman\/#A_quelle_occasion_offrir_un_bijou_personnalise_a_une_maman\" title=\"A quelle occasion offrir un bijou personnalis\u00e9 \u00e0 une maman\u00a0?\">A quelle occasion offrir un bijou personnalis\u00e9 \u00e0 une maman\u00a0?<\/a><\/li><li class='ez-toc-page-1 ez-toc-heading-level-2'><a class=\"ez-toc-link ez-toc-heading-8\" href=\"https:\/\/www.marmottine.fr\/mag\/guides\/bijoux-personnalises\/offrir\/a-une-maman\/#Quel_bijou_personnalise_pour_une_future_maman\" title=\"Quel bijou personnalis\u00e9 pour une future maman\u00a0?\">Quel bijou personnalis\u00e9 pour une future maman\u00a0?<\/a><\/li><\/ul><\/li><\/ul><\/nav><\/div>\n\n<figure id=\"attachment_355\" aria-describedby=\"caption-attachment-355\" style=\"width: 800px\" class=\"wp-caption alignnone\"><img loading=\"lazy\" decoding=\"async\" class=\"size-full wp-image-355\" src=\"https:\/\/www.marmottine.fr\/mag\/wp-content\/uploads\/2024\/03\/bracelet-fil-personnalise-maman.jpg\" alt=\"bracelet fil personnalis\u00e9 maman\" width=\"800\" height=\"800\" srcset=\"https:\/\/www.marmottine.fr\/mag\/wp-content\/uploads\/2024\/03\/bracelet-fil-personnalise-maman.jpg 800w, https:\/\/www.marmottine.fr\/mag\/wp-content\/uploads\/2024\/03\/bracelet-fil-personnalise-maman-300x300.jpg 300w, https:\/\/www.marmottine.fr\/mag\/wp-content\/uploads\/2024\/03\/bracelet-fil-personnalise-maman-150x150.jpg 150w, https:\/\/www.marmottine.fr\/mag\/wp-content\/uploads\/2024\/03\/bracelet-fil-personnalise-maman-768x768.jpg 768w\" sizes=\"(max-width: 800px) 100vw, 800px\" \/><figcaption id=\"caption-attachment-355\" class=\"wp-caption-text\">bracelet fil personnalis\u00e9 maman<\/figcaption><\/figure>\n<p>\u00ab\u00a0Maman\u00a0\u00bb, c\u2019est le premier mot qu\u2019un enfant prononce, un mot empreint de douceur et de tendresse. Parfois d\u00e9form\u00e9, ce sera Mimu, Mamoun, Mamounette, Mama\u2026 autant de petits surnoms affectueux qui t\u00e9moignent de l\u2019affection de l\u2019on porte \u00e0 sa m\u00e8re. Les mums sont <strong><a href=\"https:\/\/www.marmottine.fr\/mag\/guides\/bijoux-personnalises\/offrir\">\u00e0 l\u2019honneur avec les bijoux personnalis\u00e9s<\/a><\/strong> qui leur sont d\u00e9di\u00e9s. Ce sont des bijoux pas comme les autres, de ceux qui ne restent pas au fond d\u2019un placard mais que l\u2019on porte avec fiert\u00e9 car ils sont offerts avec tant d\u2019amour\u00a0! \u00a0Mais quel mod\u00e8le offrir\u00a0? Qui l\u2019offre\u00a0? En quelle occasion\u00a0? On fait le tour de la question.<\/p>\n<h2><span class=\"ez-toc-section\" id=\"Le_bijou_personnalise_le_cadeau_ideal_pour_une_maman\"><\/span>Le bijou personnalis\u00e9\u00a0: le cadeau id\u00e9al pour une maman<span class=\"ez-toc-section-end\"><\/span><\/h2>\n<p>Pour faire plaisir \u00e0 une maman, rien de tel qu\u2019un bijou personnalis\u00e9 offert par ses enfants\u00a0! L\u2019amour maternel est un amour inconditionnel qui m\u00e9rite d\u2019\u00eatre sublim\u00e9 par un bijou unique et personnel. Plus que tout autre bijou, celui destin\u00e9 \u00e0 une maman est charg\u00e9 d\u2019\u00e9motion. Qu\u2019il soit offert par ses enfants ou par son conjoint, c\u2019est le cadeau id\u00e9al qu\u2019elle portera imm\u00e9diatement et pour longtemps et pour plusieurs raisons\u00a0:<\/p>\n<p><u>C\u2019est un cadeau affectif\u00a0<\/u>: recevoir un cadeau en tant que maman ram\u00e8ne la personne \u00e0 ce statut privil\u00e9gi\u00e9 et in\u00e9branlable qu\u2019est celui de la maternit\u00e9.<\/p>\n<p><u>C\u2019est un cadeau unique<\/u>\u00a0: quelle que soit la gravure et la personnalisation, c\u2019est un cadeau unique et personnel qui ne ressemble qu\u2019\u00e0 elle.<\/p>\n<h2><span class=\"ez-toc-section\" id=\"Le_bracelet_personnalise_pour_maman\"><\/span>Le bracelet personnalis\u00e9 pour maman<span class=\"ez-toc-section-end\"><\/span><\/h2>\n<p>&nbsp;<\/p>\n<p>Parmi <u>les bijoux les plus offerts<\/u> pour une maman, le bracelet arrive en t\u00eate, car il est aussi facile \u00e0 offrir qu\u2019\u00e0 porter, et on en trouve \u00e0 tous les prix, toutes les bourses m\u00eame les plus petites tirelires. Avez la complicit\u00e9 du papa, le bracelet personnalis\u00e9 se fera pr\u00e9cieux, en or et pourquoi pas rehauss\u00e9 de pierres fines.<\/p>\n<p>Le bracelet pr\u00e9sente de <u>nombreux avantages<\/u>\u00a0: il se porte au quotidien sur n\u2019importe quel look. Il se collectionne et s\u2019associe \u00e0 d\u2019autres bracelets un peu comme on porte des grigris. La personnalisation peut se faire discr\u00e8te, en gravant l\u2019int\u00e9rieur, ou au contraire bien visible sur le dessus du poignet. Tout au long de la journ\u00e9e, la maman peut contempler \u00e0 loisir son cadeau \u00e0 port\u00e9e de vue, se rappelant ainsi de tendres moments en famille.<\/p>\n<h2><span class=\"ez-toc-section\" id=\"Le_collier_personnalise_pour_maman\"><\/span>Le collier personnalis\u00e9 pour maman<span class=\"ez-toc-section-end\"><\/span><\/h2>\n<figure id=\"attachment_358\" aria-describedby=\"caption-attachment-358\" style=\"width: 800px\" class=\"wp-caption alignnone\"><img loading=\"lazy\" decoding=\"async\" class=\"size-full wp-image-358\" src=\"https:\/\/www.marmottine.fr\/mag\/wp-content\/uploads\/2024\/03\/pendentif-maman-personnalise-3-enfants.jpg\" alt=\"collier maman personnalis\u00e9 3 enfants\" width=\"800\" height=\"800\" srcset=\"https:\/\/www.marmottine.fr\/mag\/wp-content\/uploads\/2024\/03\/pendentif-maman-personnalise-3-enfants.jpg 800w, https:\/\/www.marmottine.fr\/mag\/wp-content\/uploads\/2024\/03\/pendentif-maman-personnalise-3-enfants-300x300.jpg 300w, https:\/\/www.marmottine.fr\/mag\/wp-content\/uploads\/2024\/03\/pendentif-maman-personnalise-3-enfants-150x150.jpg 150w, https:\/\/www.marmottine.fr\/mag\/wp-content\/uploads\/2024\/03\/pendentif-maman-personnalise-3-enfants-768x768.jpg 768w\" sizes=\"(max-width: 800px) 100vw, 800px\" \/><figcaption id=\"caption-attachment-358\" class=\"wp-caption-text\">collier maman personnalis\u00e9 3 enfants<\/figcaption><\/figure>\n<p>Le collier a encore de beaux jours devant lui, surtout s\u2019il s\u2019adresse \u00e0 une maman et qu\u2019il est offert par ses enfants. Rien n\u2019est plus pr\u00e9cieux aux yeux d\u2019une m\u00e8re que sa prog\u00e9niture. Si cette derni\u00e8re lui offre un collier avec un pendentif ou un m\u00e9daillon personnalis\u00e9 par ses soins, il est fort \u00e0 parier qu\u2019elle ne le quittera plus. Peu importe la personnalisation, le collier est un bijou particulier car il se porte pr\u00e8s du c\u0153ur. En ras de cou, plus bas sur le d\u00e9collet\u00e9 ou en sautoir. Le collier est un accessoire tr\u00e8s f\u00e9minin qui termine un look avec beaucoup d\u2019\u00e9l\u00e9gance. Personnalis\u00e9 par ses enfants, il devient un bijou totem que la maman portera fi\u00e8rement et claironnant \u00e0 la ronde \u00ab\u00a0c\u2019est mes enfants qui me l\u2019ont offert\u00a0\u00bb\u00a0!<\/p>\n<h2><span class=\"ez-toc-section\" id=\"Comment_personnaliser_un_bijou_pour_maman\"><\/span>Comment personnaliser un bijou pour maman\u00a0?<span class=\"ez-toc-section-end\"><\/span><\/h2>\n<p>Toutes les formes de personnalisation existent, des plus classiques aux plus originales. Les derni\u00e8res techniques utilis\u00e9es en bijouterie permettent m\u00eame des personnalisation farfelues et dr\u00f4les, irr\u00e9sistibles pour une maman\u00a0!<\/p>\n<ol>\n<li><u>Graver les pr\u00e9noms de ses enfants<\/u>: c\u2019est la base\u00a0! En fonction de la typographie utilis\u00e9e, le bijou aura un look totalement diff\u00e9rent. Ecriture anglaise, b\u00e2ton, gothique, cr\u00e9ative\u2026 le choix est large et il permet d\u2019obtenir un r\u00e9sultat correspondant au style de la maman.<\/li>\n<li><u>Reproduire des dessins d\u2019enfants<\/u>: c\u2019est LA grande tendance du moment. Certaines machines sont capables de graver les dessins de nos bambins, en les reproduisant fid\u00e8lement sur n\u2019importe quel support. Les dessins de nos petits ont quelque chose de magique qui \u00e9voquent des moments pr\u00e9cieux de la petite enfance \u00e0 jamais r\u00e9volue.<\/li>\n<li><u>Immortaliser leurs empreintes<\/u>: autre nouveaut\u00e9 qui remporte un franc succ\u00e8s aupr\u00e8s des mamans, la gravure d\u2019empreintes digitales, d\u2019empreintes de mains et d\u2019empreintes de pieds. Ce type de gravure, tr\u00e8s originale, au r\u00e9sultat bluffant, est tr\u00e8s appr\u00e9ci\u00e9e des parents, surtout des mamans. Elle offre un instantan\u00e9 de vie, t\u00e9moin des premi\u00e8res ann\u00e9es, voire des premiers jours, de nos petits sur terre. Les empreintes de main et de pieds peuvent \u00eatre r\u00e9alis\u00e9es sur des b\u00e9b\u00e9s et ainsi garder un souvenir de leurs premiers jours.<\/li>\n<li><u>Graver une photo\u00a0<\/u>: cette autre technique surprenante consiste \u00e0 reproduire en faux n\u00e9gatif un portrait, ou plusieurs. C\u2019est une mani\u00e8re originale de porter ses enfants sur soi en permanence, affich\u00e9s sur un pendentif ou cach\u00e9 dans un m\u00e9daillon-boite \u00e0 secret.<\/li>\n<li><u>Ecrire des mots doux<\/u>: grav\u00e9s \u00e0 la machine ou grav\u00e9s \u00e0 la main, il est possible de faire graver des mots doux tr\u00e8s personnels, propres \u00e0 votre histoire, ou une citation c\u00e9l\u00e8bre, des vers extraits d\u2019un po\u00e8me sur la maternit\u00e9.<\/li>\n<\/ol>\n<h2><span class=\"ez-toc-section\" id=\"Qui_offre_un_bijou_personnalise_pour_maman\"><\/span>Qui offre un bijou personnalis\u00e9 pour maman\u00a0?<span class=\"ez-toc-section-end\"><\/span><\/h2>\n<p>Ce genre de bijou personnalis\u00e9 tr\u00e8s marqu\u00e9 affectivement est en g\u00e9n\u00e9ral offert par les enfants \u00e0 leur m\u00e8re, et ce \u00e0 tout \u00e2ge. Pour les <u>tout-petits<\/u>, le papa s\u2019associe \u00e0 la surprise et orchestre la pr\u00e9paration du cadeau.\u00a0 Les <u>plus grands<\/u> peuvent fabriquer leur bijou personnalis\u00e9 pour leur maman en DIY, \u00e0 l\u2019\u00e9cole ou \u00e0 la maison s\u2019ils sont suffisamment autonomes. Devenus <u>adultes<\/u>, les enfants peuvent \u00e9galement offrir un bijou personnalis\u00e9 \u00e0 leur maman et m\u00eame s\u2019associer entre eux pour faire un cadeau cons\u00e9quent lors d\u2019une occasion particuli\u00e8re.<\/p>\n<h2><span class=\"ez-toc-section\" id=\"A_quelle_occasion_offrir_un_bijou_personnalise_a_une_maman\"><\/span>A quelle occasion offrir un bijou personnalis\u00e9 \u00e0 une maman\u00a0?<span class=\"ez-toc-section-end\"><\/span><\/h2>\n<figure id=\"attachment_356\" aria-describedby=\"caption-attachment-356\" style=\"width: 800px\" class=\"wp-caption alignnone\"><img loading=\"lazy\" decoding=\"async\" class=\"size-full wp-image-356\" src=\"https:\/\/www.marmottine.fr\/mag\/wp-content\/uploads\/2024\/03\/bracelet-maman-personnalise-empreinte-de-main.jpg\" alt=\"bracelet maman personnalis\u00e9 empreinte de main\" width=\"800\" height=\"800\" srcset=\"https:\/\/www.marmottine.fr\/mag\/wp-content\/uploads\/2024\/03\/bracelet-maman-personnalise-empreinte-de-main.jpg 800w, https:\/\/www.marmottine.fr\/mag\/wp-content\/uploads\/2024\/03\/bracelet-maman-personnalise-empreinte-de-main-300x300.jpg 300w, https:\/\/www.marmottine.fr\/mag\/wp-content\/uploads\/2024\/03\/bracelet-maman-personnalise-empreinte-de-main-150x150.jpg 150w, https:\/\/www.marmottine.fr\/mag\/wp-content\/uploads\/2024\/03\/bracelet-maman-personnalise-empreinte-de-main-768x768.jpg 768w\" sizes=\"(max-width: 800px) 100vw, 800px\" \/><figcaption id=\"caption-attachment-356\" class=\"wp-caption-text\">bracelet maman personnalis\u00e9 empreinte de main<\/figcaption><\/figure>\n<ul>\n<li style=\"list-style-type: none;\">\n<ul>\n<li>On pense spontan\u00e9ment \u00e0 la <strong>f\u00eate des m\u00e8res<\/strong>, qui est l\u2019occasion privil\u00e9gi\u00e9e pour lui offrir un bijou personnalis\u00e9. Mais l\u2019ann\u00e9e civile est ponctu\u00e9e d\u2019occasions diverses et vari\u00e9es pour combler une maman avec un cadeau tr\u00e8s personnel.<\/li>\n<li>Son <strong>anniversaire<\/strong> est une date importante pour elle. Ce jour-l\u00e0, c\u2019est la reine de la f\u00eate et recevoir un bijou personnalis\u00e9 par ses enfants lui fera \u00e9norm\u00e9ment plaisir, surtout s\u2019il s\u2019agit d\u2019un anniversaire symbolique comme celui d\u2019une d\u00e9cennie.<\/li>\n<li><strong>No\u00ebl <\/strong>est un autre temps fort de l\u2019ann\u00e9e pour lequel on offre des cadeaux, notamment des cadeaux personnalis\u00e9s.<\/li>\n<li>Enfin, la <strong>naissance<\/strong> de son premier enfant marque aussi son changement de statut, celui qui fait d\u2019elle une m\u00e8re, responsable d\u2019un petit bout de chou pour de longues ann\u00e9es. Il est d\u2019usage que le p\u00e8re offre un cadeau de naissance \u00e0 la maman, le bijou personnalis\u00e9 est le cadeau tout trouv\u00e9, car il marque d\u2019une pierre blanche cette date importante.<\/li>\n<\/ul>\n<\/li>\n<\/ul>\n<h2><span class=\"ez-toc-section\" id=\"Quel_bijou_personnalise_pour_une_future_maman\"><\/span>Quel bijou personnalis\u00e9 pour une future maman\u00a0?<span class=\"ez-toc-section-end\"><\/span><\/h2>\n<p>N\u2019oublions pas les futures mamans\u00a0! Depuis quelques ann\u00e9es, la tradition anglosaxonne des Baby Showers est arriv\u00e9e en France, et les jeunes g\u00e9n\u00e9rations de femmes enceintes se voient organiser cette f\u00eate pr\u00e9natale par leur entourage. Au cours de cette f\u00eate, les amies de la future m\u00e8re offrent des cadeaux pour elle et pour son petit. Le bijou personnalis\u00e9 est d\u00e8s lors une id\u00e9e de cadeau tr\u00e8s appr\u00e9ci\u00e9e. Ce peut \u00eatre un bola de grossesse personnalis\u00e9, un m\u00e9daillon \u00e9voquant la maternit\u00e9, un bracelet avec le pr\u00e9nom du futur enfant grav\u00e9, ou encore un bijou myst\u00e8re fille ou gar\u00e7on, laissant planer le doute quant au sexe du b\u00e9b\u00e9 \u00e0 na\u00eetre.<\/p>\n","protected":false},"excerpt":{"rendered":"<p>Quel bijou personnalis\u00e9 offrir \u00e0 une maman ? \u00ab\u00a0Maman\u00a0\u00bb, c\u2019est le premier mot qu\u2019un enfant prononce, un mot empreint de [&hellip;]<\/p>\n","protected":false},"author":2,"featured_media":355,"parent":225,"menu_order":8,"comment_status":"closed","ping_status":"closed","template":"","meta":{"site-sidebar-layout":"default","site-content-layout":"","ast-site-content-layout":"default","site-content-style":"default","site-sidebar-style":"default","ast-global-header-display":"","ast-banner-title-visibility":"","ast-main-header-display":"","ast-hfb-above-header-display":"","ast-hfb-below-header-display":"","ast-hfb-mobile-header-display":"","site-post-title":"","ast-breadcrumbs-content":"","ast-featured-img":"","footer-sml-layout":"","theme-transparent-header-meta":"default","adv-header-id-meta":"","stick-header-meta":"","header-above-stick-meta":"","header-main-stick-meta":"","header-below-stick-meta":"","astra-migrate-meta-layouts":"set","ast-page-background-enabled":"default","ast-page-background-meta":{"desktop":{"background-color":"var(--ast-global-color-4)","background-image":"","background-repeat":"repeat","background-position":"center center","background-size":"auto","background-attachment":"scroll","background-type":"","background-media":"","overlay-type":"","overlay-color":"","overlay-gradient":""},"tablet":{"background-color":"","background-image":"","background-repeat":"repeat","background-position":"center center","background-size":"auto","background-attachment":"scroll","background-type":"","background-media":"","overlay-type":"","overlay-color":"","overlay-gradient":""},"mobile":{"background-color":"","background-image":"","background-repeat":"repeat","background-position":"center center","background-size":"auto","background-attachment":"scroll","background-type":"","background-media":"","overlay-type":"","overlay-color":"","overlay-gradient":""}},"ast-content-background-meta":{"desktop":{"background-color":"var(--ast-global-color-5)","background-image":"","background-repeat":"repeat","background-position":"center center","background-size":"auto","background-attachment":"scroll","background-type":"","background-media":"","overlay-type":"","overlay-color":"","overlay-gradient":""},"tablet":{"background-color":"var(--ast-global-color-5)","background-image":"","background-repeat":"repeat","background-position":"center center","background-size":"auto","background-attachment":"scroll","background-type":"","background-media":"","overlay-type":"","overlay-color":"","overlay-gradient":""},"mobile":{"background-color":"var(--ast-global-color-5)","background-image":"","background-repeat":"repeat","background-position":"center center","background-size":"auto","background-attachment":"scroll","background-type":"","background-media":"","overlay-type":"","overlay-color":"","overlay-gradient":""}},"footnotes":""},"aioseo_notices":[],"_links":{"self":[{"href":"https:\/\/www.marmottine.fr\/mag\/wp-json\/wp\/v2\/pages\/243"}],"collection":[{"href":"https:\/\/www.marmottine.fr\/mag\/wp-json\/wp\/v2\/pages"}],"about":[{"href":"https:\/\/www.marmottine.fr\/mag\/wp-json\/wp\/v2\/types\/page"}],"author":[{"embeddable":true,"href":"https:\/\/www.marmottine.fr\/mag\/wp-json\/wp\/v2\/users\/2"}],"replies":[{"embeddable":true,"href":"https:\/\/www.marmottine.fr\/mag\/wp-json\/wp\/v2\/comments?post=243"}],"version-history":[{"count":3,"href":"https:\/\/www.marmottine.fr\/mag\/wp-json\/wp\/v2\/pages\/243\/revisions"}],"predecessor-version":[{"id":597,"href":"https:\/\/www.marmottine.fr\/mag\/wp-json\/wp\/v2\/pages\/243\/revisions\/597"}],"up":[{"embeddable":true,"href":"https:\/\/www.marmottine.fr\/mag\/wp-json\/wp\/v2\/pages\/225"}],"wp:featuredmedia":[{"embeddable":true,"href":"https:\/\/www.marmottine.fr\/mag\/wp-json\/wp\/v2\/media\/355"}],"wp:attachment":[{"href":"https:\/\/www.marmottine.fr\/mag\/wp-json\/wp\/v2\/media?parent=243"}],"curies":[{"name":"wp","href":"https:\/\/api.w.org\/{rel}","templated":true}]}}