{"id":241,"date":"2024-04-09T12:05:20","date_gmt":"2024-04-09T10:05:20","guid":{"rendered":"https:\/\/www.marmottine.fr\/mag\/?page_id=241"},"modified":"2024-04-09T16:40:44","modified_gmt":"2024-04-09T14:40:44","slug":"a-une-grand-mere","status":"publish","type":"page","link":"https:\/\/www.marmottine.fr\/mag\/guides\/bijoux-personnalises\/offrir\/a-une-grand-mere","title":{"rendered":"Quel bijou personnalis\u00e9 offrir \u00e0 une grand-m\u00e8re ?"},"content":{"rendered":"<h1><span class=\"ez-toc-section\" id=\"Quel_bijou_personnalise_offrir_a_une_grand-mere\"><\/span>Quel bijou personnalis\u00e9 offrir \u00e0 une grand-m\u00e8re ?<span class=\"ez-toc-section-end\"><\/span><\/h1><div id=\"ez-toc-container\" class=\"ez-toc-v2_0_69_1 counter-hierarchy ez-toc-counter ez-toc-grey ez-toc-container-direction\">\n<div class=\"ez-toc-title-container\">\n<p class=\"ez-toc-title\" style=\"cursor:inherit\">Sommaire<\/p>\n<span class=\"ez-toc-title-toggle\"><a href=\"#\" class=\"ez-toc-pull-right ez-toc-btn ez-toc-btn-xs ez-toc-btn-default ez-toc-toggle\" aria-label=\"Toggle Table of Content\"><span class=\"ez-toc-js-icon-con\"><span class=\"\"><span class=\"eztoc-hide\" style=\"display:none;\">Toggle<\/span><span class=\"ez-toc-icon-toggle-span\"><svg style=\"fill: #999;color:#999\" xmlns=\"http:\/\/www.w3.org\/2000\/svg\" class=\"list-377408\" width=\"20px\" height=\"20px\" viewBox=\"0 0 24 24\" fill=\"none\"><path d=\"M6 6H4v2h2V6zm14 0H8v2h12V6zM4 11h2v2H4v-2zm16 0H8v2h12v-2zM4 16h2v2H4v-2zm16 0H8v2h12v-2z\" fill=\"currentColor\"><\/path><\/svg><svg style=\"fill: #999;color:#999\" class=\"arrow-unsorted-368013\" xmlns=\"http:\/\/www.w3.org\/2000\/svg\" width=\"10px\" height=\"10px\" viewBox=\"0 0 24 24\" version=\"1.2\" baseProfile=\"tiny\"><path d=\"M18.2 9.3l-6.2-6.3-6.2 6.3c-.2.2-.3.4-.3.7s.1.5.3.7c.2.2.4.3.7.3h11c.3 0 .5-.1.7-.3.2-.2.3-.5.3-.7s-.1-.5-.3-.7zM5.8 14.7l6.2 6.3 6.2-6.3c.2-.2.3-.5.3-.7s-.1-.5-.3-.7c-.2-.2-.4-.3-.7-.3h-11c-.3 0-.5.1-.7.3-.2.2-.3.5-.3.7s.1.5.3.7z\"\/><\/svg><\/span><\/span><\/span><\/a><\/span><\/div>\n<nav><ul class='ez-toc-list ez-toc-list-level-1 ' ><li class='ez-toc-page-1 ez-toc-heading-level-1'><a class=\"ez-toc-link ez-toc-heading-1\" href=\"https:\/\/www.marmottine.fr\/mag\/guides\/bijoux-personnalises\/offrir\/a-une-grand-mere\/#Quel_bijou_personnalise_offrir_a_une_grand-mere\" title=\"Quel bijou personnalis\u00e9 offrir \u00e0 une grand-m\u00e8re ?\">Quel bijou personnalis\u00e9 offrir \u00e0 une grand-m\u00e8re ?<\/a><ul class='ez-toc-list-level-2' ><li class='ez-toc-heading-level-2'><a class=\"ez-toc-link ez-toc-heading-2\" href=\"https:\/\/www.marmottine.fr\/mag\/guides\/bijoux-personnalises\/offrir\/a-une-grand-mere\/#Comment_choisir_un_cadeau_mamie_personnalise\" title=\"Comment choisir un cadeau mamie personnalis\u00e9\u00a0?\">Comment choisir un cadeau mamie personnalis\u00e9\u00a0?<\/a><\/li><li class='ez-toc-page-1 ez-toc-heading-level-2'><a class=\"ez-toc-link ez-toc-heading-3\" href=\"https:\/\/www.marmottine.fr\/mag\/guides\/bijoux-personnalises\/offrir\/a-une-grand-mere\/#Quels_bijoux_pour_mamie\" title=\"Quels bijoux pour mamie\u00a0?\">Quels bijoux pour mamie\u00a0?<\/a><\/li><li class='ez-toc-page-1 ez-toc-heading-level-2'><a class=\"ez-toc-link ez-toc-heading-4\" href=\"https:\/\/www.marmottine.fr\/mag\/guides\/bijoux-personnalises\/offrir\/a-une-grand-mere\/#Quel_bijou_grave_offrir_a_une_grand-mere\" title=\"Quel bijou grav\u00e9 offrir \u00e0 une grand-m\u00e8re\u00a0?\">Quel bijou grav\u00e9 offrir \u00e0 une grand-m\u00e8re\u00a0?<\/a><\/li><li class='ez-toc-page-1 ez-toc-heading-level-2'><a class=\"ez-toc-link ez-toc-heading-5\" href=\"https:\/\/www.marmottine.fr\/mag\/guides\/bijoux-personnalises\/offrir\/a-une-grand-mere\/#Quel_bracelet_pour_une_super_mamie\" title=\"Quel bracelet pour une super mamie\u00a0?\">Quel bracelet pour une super mamie\u00a0?<\/a><\/li><li class='ez-toc-page-1 ez-toc-heading-level-2'><a class=\"ez-toc-link ez-toc-heading-6\" href=\"https:\/\/www.marmottine.fr\/mag\/guides\/bijoux-personnalises\/offrir\/a-une-grand-mere\/#Comment_choisir_un_collier_personnalise_pour_grand-mere\" title=\"Comment choisir un collier personnalis\u00e9 pour grand-m\u00e8re\u00a0?\">Comment choisir un collier personnalis\u00e9 pour grand-m\u00e8re\u00a0?<\/a><\/li><li class='ez-toc-page-1 ez-toc-heading-level-2'><a class=\"ez-toc-link ez-toc-heading-7\" href=\"https:\/\/www.marmottine.fr\/mag\/guides\/bijoux-personnalises\/offrir\/a-une-grand-mere\/#Quand_offrir_un_bijou_personnalise_a_une_grand-mere\" title=\"Quand offrir un bijou personnalis\u00e9 \u00e0 une grand-m\u00e8re\u00a0?\">Quand offrir un bijou personnalis\u00e9 \u00e0 une grand-m\u00e8re\u00a0?<\/a><\/li><li class='ez-toc-page-1 ez-toc-heading-level-2'><a class=\"ez-toc-link ez-toc-heading-8\" href=\"https:\/\/www.marmottine.fr\/mag\/guides\/bijoux-personnalises\/offrir\/a-une-grand-mere\/#Quel_bijou_mamie_petite-fille_offrir\" title=\"Quel bijou mamie petite-fille offrir\u00a0?\">Quel bijou mamie petite-fille offrir\u00a0?<\/a><\/li><\/ul><\/li><\/ul><\/nav><\/div>\n\n<figure id=\"attachment_353\" aria-describedby=\"caption-attachment-353\" style=\"width: 800px\" class=\"wp-caption alignnone\"><img loading=\"lazy\" decoding=\"async\" class=\"size-full wp-image-353\" src=\"https:\/\/www.marmottine.fr\/mag\/wp-content\/uploads\/2024\/03\/jonc-personnalise-grand-mere.jpg\" alt=\"jonc personnalis\u00e9 grand m\u00e8re\" width=\"800\" height=\"800\" srcset=\"https:\/\/www.marmottine.fr\/mag\/wp-content\/uploads\/2024\/03\/jonc-personnalise-grand-mere.jpg 800w, https:\/\/www.marmottine.fr\/mag\/wp-content\/uploads\/2024\/03\/jonc-personnalise-grand-mere-300x300.jpg 300w, https:\/\/www.marmottine.fr\/mag\/wp-content\/uploads\/2024\/03\/jonc-personnalise-grand-mere-150x150.jpg 150w, https:\/\/www.marmottine.fr\/mag\/wp-content\/uploads\/2024\/03\/jonc-personnalise-grand-mere-768x768.jpg 768w\" sizes=\"(max-width: 800px) 100vw, 800px\" \/><figcaption id=\"caption-attachment-353\" class=\"wp-caption-text\">jonc personnalis\u00e9 grand m\u00e8re<\/figcaption><\/figure>\n<p>On l\u2019appelle affectueusement Mamie, M\u00e9m\u00e9, Granny, Bonne Maman, Muti, Mamita ou tout autre joli surnom imagin\u00e9 par ses petits-enfants avec tendresse. La <strong>grand-m\u00e8re<\/strong> est souvent la figure maternelle centrale de la <strong>famille<\/strong>. Elle est son socle. Elle aime recevoir son petit monde, s\u2019entourer de sa <strong>tribu<\/strong> \u00e0 la moindre occasion d\u2019une f\u00eate familiale. Elle entretient une relation privil\u00e9gi\u00e9e avec ses <strong>petits-enfants<\/strong> car entre eux il n\u2019est pas question d\u2019\u00e9ducation mais de transmission et surtout d\u2019affection. C\u2019est pourquoi <strong><a href=\"https:\/\/www.marmottine.fr\/mag\/guides\/bijoux-personnalises\/offrir\">les bijoux personnalis\u00e9s<\/a><\/strong> pour nos grands-m\u00e8res ont une place privil\u00e9gi\u00e9e parmi les bijoux personnalis\u00e9s \u00e0 offrir.<\/p>\n<h2><span class=\"ez-toc-section\" id=\"Comment_choisir_un_cadeau_mamie_personnalise\"><\/span>Comment choisir un cadeau mamie personnalis\u00e9\u00a0?<span class=\"ez-toc-section-end\"><\/span><\/h2>\n<p>Choisir un <strong>cadeau pour une grand-m\u00e8re<\/strong> n\u2019est pas chose ais\u00e9e car en g\u00e9n\u00e9ral elle a tout\u00a0! Mais le bijou fait partie des cadeaux personnalis\u00e9s les plus pris\u00e9s. On choisira son cadeau en fonction de ses go\u00fbts mais aussi de son style. Mamie tradi ou mamie branch\u00e9e\u00a0? Mamie g\u00e2teau ou mamie rock\u00a0? A chacune son style. Ensuite, la personnalisation a toute son importance. Si c\u2019est son statut de grand-m\u00e8re que l\u2019on veut mettre en avant, autant laisser s\u2019exprimer ses petits enfants au travers de messages grav\u00e9s sur des bijoux personnalis\u00e9s.<\/p>\n<h2><span class=\"ez-toc-section\" id=\"Quels_bijoux_pour_mamie\"><\/span>Quels bijoux pour mamie\u00a0?<span class=\"ez-toc-section-end\"><\/span><\/h2>\n<p>Comme toutes les femmes, les grands-m\u00e8res raffolent des bijoux, qu\u2019ils soient de \u00ab\u00a0vrais\u00a0\u00bb bijoux en or ou des bijoux fantaisie.<\/p>\n<ul>\n<li>Les <u>bijoux en or pour grand-m\u00e8res<\/u> viennent compl\u00e9ter leur collection de bijoux de famille d\u00e9j\u00e0 bien remplie. Une mamie a d\u00e9j\u00e0 un tr\u00e9sor dans ses placards\u00a0: les bijoux de son enfance (m\u00e9daille et gourmette de bapt\u00eame), de sa vie de femme (bague de fian\u00e7ailles, alliance, diamant, collier de perle) et tous les bijoux re\u00e7us \u00e0 l\u2019occasion des \u00e9v\u00e9nements de sa vie (anniversaire, naissance de ses enfants, noces d\u2019or ou d\u2019argent). Lui offrir un bijou en or en tant que grand-m\u00e8re est une superbe id\u00e9e pour marquer une date importante comme l\u2019anniversaire d\u2019une d\u00e9cennie (50, 60, 70 ans et plus).<\/li>\n<li>Les <u>bijoux fantaisie<\/u> ont le vent en poupe et concernent toutes les g\u00e9n\u00e9rations m\u00eame les plus \u00e2g\u00e9es. Les grands-m\u00e8res d\u2019aujourd\u2019hui ne ressemblent pas \u00e0 leurs a\u00efeules\u00a0! Elles font plus jeunes, s\u2019habillent plus d\u00e9contract\u00e9es et suivent les tendances. Les bijoux fantaisie participent \u00e0 cette \u00e9volution et on constate que nos mamies portent de plus en plus des bijoux en plaqu\u00e9 or, en r\u00e9sine, en tissus, en bois ou tout autre mat\u00e9riau original.<\/li>\n<\/ul>\n<h2><span class=\"ez-toc-section\" id=\"Quel_bijou_grave_offrir_a_une_grand-mere\"><\/span>Quel bijou grav\u00e9 offrir \u00e0 une grand-m\u00e8re\u00a0?<span class=\"ez-toc-section-end\"><\/span><\/h2>\n<figure id=\"attachment_350\" aria-describedby=\"caption-attachment-350\" style=\"width: 800px\" class=\"wp-caption alignnone\"><img loading=\"lazy\" decoding=\"async\" class=\"size-full wp-image-350\" src=\"https:\/\/www.marmottine.fr\/mag\/wp-content\/uploads\/2024\/03\/bracelet-fil-grand-mere.jpg\" alt=\"bracelet fil grand m\u00e8re\" width=\"800\" height=\"800\" srcset=\"https:\/\/www.marmottine.fr\/mag\/wp-content\/uploads\/2024\/03\/bracelet-fil-grand-mere.jpg 800w, https:\/\/www.marmottine.fr\/mag\/wp-content\/uploads\/2024\/03\/bracelet-fil-grand-mere-300x300.jpg 300w, https:\/\/www.marmottine.fr\/mag\/wp-content\/uploads\/2024\/03\/bracelet-fil-grand-mere-150x150.jpg 150w, https:\/\/www.marmottine.fr\/mag\/wp-content\/uploads\/2024\/03\/bracelet-fil-grand-mere-768x768.jpg 768w\" sizes=\"(max-width: 800px) 100vw, 800px\" \/><figcaption id=\"caption-attachment-350\" class=\"wp-caption-text\">bracelet fil grand m\u00e8re<\/figcaption><\/figure>\n<p>Parmi les bijoux \u00e0 offrir \u00e0 une grand-m\u00e8re, le <strong>bijou grav\u00e9<\/strong> a une place de choix. D\u2019abord parce que de nos jours on grave de tout\u00a0: un texte, une photo, une empreinte, un dessin\u2026 tout est permis et sur n\u2019importe quel support. Ensuite parce que cette gravure est tr\u00e8s personnelle et permet de transmettre un message fort. Quant au support, deux mod\u00e8les arrivent en t\u00eate\u00a0:<\/p>\n<ol>\n<li><strong>Le bracelet grav\u00e9 pour grand-m\u00e8re<\/strong>: l\u2019avantage du bracelet est qu\u2019il est tr\u00e8s facile \u00e0 porter, seul ou avec d\u2019autres. La mode du bracelet sur cordon est une trouvaille\u00a0: les mamies ont parfois le poignet un peu fort en avan\u00e7ant en \u00e2ge, et ce genre de bracelet se r\u00e8gle tr\u00e8s facilement sur le poignet, plus de probl\u00e8me de taille\u00a0! De plus, ces bracelets sont ultra tendances et les mamies appr\u00e9cient qu\u2019on leur offre des bijoux de jeunes.<\/li>\n<li><strong>Le pendentif ou le m\u00e9daillon grav\u00e9 pour grand-m\u00e8re<\/strong>: l\u2019un comme l\u2019autre est une excellente id\u00e9e car il est tr\u00e8s facile \u00e0 porter, on peut le choisir sans cha\u00eene car la plupart du temps les grands-m\u00e8res en poss\u00e8dent d\u00e9j\u00e0 une qui s\u2019accordera avec ce bijou.<\/li>\n<\/ol>\n<h2><span class=\"ez-toc-section\" id=\"Quel_bracelet_pour_une_super_mamie\"><\/span>Quel bracelet pour une super mamie\u00a0?<span class=\"ez-toc-section-end\"><\/span><\/h2>\n<p>On vient de le voir, le bracelet grav\u00e9 est une id\u00e9e merveilleuse pour une mamie. Mais il existe d\u2019autres formes de <strong>bracelets personnalis\u00e9s<\/strong> qui remportent leur adh\u00e9sion\u00a0:<\/p>\n<ul>\n<li>Le <u>bracelet pr\u00e9nom<\/u>, avec le pr\u00e9nom de son premier petit-enfant si c\u2019est une jeune mamie.<\/li>\n<li>Le <u>bracelet intiale<\/u>, avec ses initiales ou celles de ses petits-enfants.<\/li>\n<li>Le <u>bracelet breloque<\/u>, chacune correspondant \u00e0 un membre de sa tribu.<\/li>\n<li>Ou le <u>bracelet charm\u2019s<\/u>, personnalisable \u00e0 l\u2019envi avec des pampilles de toutes les formes et toutes les couleurs pour mieux coller \u00e0 sa personnalit\u00e9 et son caract\u00e8re.<\/li>\n<\/ul>\n<h2><span class=\"ez-toc-section\" id=\"Comment_choisir_un_collier_personnalise_pour_grand-mere\"><\/span>Comment choisir un collier personnalis\u00e9 pour grand-m\u00e8re\u00a0?<span class=\"ez-toc-section-end\"><\/span><\/h2>\n<figure id=\"attachment_352\" aria-describedby=\"caption-attachment-352\" style=\"width: 800px\" class=\"wp-caption alignnone\"><img loading=\"lazy\" decoding=\"async\" class=\"size-full wp-image-352\" src=\"https:\/\/www.marmottine.fr\/mag\/wp-content\/uploads\/2024\/03\/collier-personnalise-grand-mere.jpg\" alt=\"collier personnalis\u00e9 grand m\u00e8re\" width=\"800\" height=\"800\" srcset=\"https:\/\/www.marmottine.fr\/mag\/wp-content\/uploads\/2024\/03\/collier-personnalise-grand-mere.jpg 800w, https:\/\/www.marmottine.fr\/mag\/wp-content\/uploads\/2024\/03\/collier-personnalise-grand-mere-300x300.jpg 300w, https:\/\/www.marmottine.fr\/mag\/wp-content\/uploads\/2024\/03\/collier-personnalise-grand-mere-150x150.jpg 150w, https:\/\/www.marmottine.fr\/mag\/wp-content\/uploads\/2024\/03\/collier-personnalise-grand-mere-768x768.jpg 768w\" sizes=\"(max-width: 800px) 100vw, 800px\" \/><figcaption id=\"caption-attachment-352\" class=\"wp-caption-text\">collier personnalis\u00e9 grand m\u00e8re<\/figcaption><\/figure>\n<p>Il y a l\u2019embarras du choix\u00a0! Le <strong>collier personnalis\u00e9<\/strong> a tout de suite trouv\u00e9 sa cible en la personne de la grand-m\u00e8re, tellement fi\u00e8re de porter sur soi, pr\u00e8s de son c\u0153ur, un bijou offert par ses <strong>petits-enfants<\/strong>.\u00a0 Pour bien le choisir, il est conseill\u00e9 de rep\u00e9rer le genre de bijoux qu\u2019elle porte\u00a0: plut\u00f4t dor\u00e9 ou argent\u00e9\u00a0? plut\u00f4t fantaisie\u00a0? Aime-t-elle les colliers fins et minimalistes ou pr\u00e9f\u00e8re-t-elle les colliers monumentaux fa\u00e7on torque\u00a0?<\/p>\n<p>Ensuite, il faut bien choisir le type de <strong>personnalisation<\/strong>. Si l\u2019on veut rester classique, la gravure des pr\u00e9noms de ses petits-enfants sera l\u2019id\u00e9al. Si la grand-m\u00e8re aime l\u2019originalit\u00e9 et ose porter des bijoux extravagants, on peut partir sur des colliers avec la gravure des <strong>dessins d\u2019enfant<\/strong> ou encore des petits personnages repr\u00e9sentant chacun de ses <strong>petits-fils<\/strong> et <strong>petites-filles<\/strong>.<\/p>\n<h2><span class=\"ez-toc-section\" id=\"Quand_offrir_un_bijou_personnalise_a_une_grand-mere\"><\/span>Quand offrir un bijou personnalis\u00e9 \u00e0 une grand-m\u00e8re\u00a0?<span class=\"ez-toc-section-end\"><\/span><\/h2>\n<p>Les grands-m\u00e8res sont des \u00eatres chers que l\u2019on a envie de contenter en permanence. On aime leur <strong>faire plaisir<\/strong> \u00e0 tout moment pour les remercier d\u2019\u00eatre l\u00e0, toujours pr\u00e9sentes, \u00e0 chaque fois qu\u2019on a besoin d\u2019elles. C\u2019est pourquoi les occasions ne manquent pas de leur offrir un cadeau, surtout un <strong>bijou personnalis\u00e9<\/strong>, que l\u2019on aura pris soins de choisir rien que pour elle.<\/p>\n<p>La <strong>f\u00eate des grands-m\u00e8res<\/strong> est le premier \u00e9v\u00e9nement auquel on pense. Apparu dans les ann\u00e9es 2000, cette journ\u00e9e particuli\u00e8re a lieu chaque premier dimanche du mois de mars en France. Il est donc facile de s\u2019en rappeler et de pr\u00e9voir pour cette occasion de lui offrir un bijou personnalis\u00e9, pens\u00e9 et pr\u00e9par\u00e9 avec amour.<\/p>\n<p><strong>No\u00ebl<\/strong> est \u00e9galement un \u00e9v\u00e9nement propice \u00e0 offrir un bijou personnalis\u00e9 \u00e0 une mamie, surtout si c\u2019est elle qui re\u00e7oit la famille pour cette f\u00eate familiale.<\/p>\n<p>Son <strong>anniversaire<\/strong> est une autre opportunit\u00e9 pour lui offrir un bijou personnalis\u00e9 offert par sa tribu, plus particuli\u00e8rement s\u2019il s\u2019agit d\u2019un anniversaire embl\u00e9matique comme ses <strong>60 ans<\/strong> ou ses <strong>70 ans<\/strong>. Mais tout au long de l\u2019ann\u00e9e, les occasions ne manquent pas pour combler sa mamie avec un bijou personnalis\u00e9 par ses petits-enfants, avec la complicit\u00e9 des parents.<\/p>\n<h2><span class=\"ez-toc-section\" id=\"Quel_bijou_mamie_petite-fille_offrir\"><\/span>Quel bijou mamie petite-fille offrir\u00a0?<span class=\"ez-toc-section-end\"><\/span><\/h2>\n<p>La relation <u>mamie petite-fille<\/u> est une relation privil\u00e9gi\u00e9e, qui exclue toute forme d\u2019autorit\u00e9 et de contrainte. Il existe souvent une grande complicit\u00e9 entre une grand-m\u00e8re et sa petite-fille. C\u2019est pourquoi, \u00e0 l\u2019instar des bijoux \u00ab\u00a0m\u00e8re filles\u00a0\u00bb tr\u00e8s \u00e0 la mode, on voit appara\u00eetre des bijoux \u00ab\u00a0mamie petite-fille\u00a0\u00bb. Ces bijoux duos scellent l\u2019amour inconditionnel qui lie une grand-m\u00e8re \u00e0 sa petite-fille. Cela peut prendre la forme d\u2019un bracelet avec un motif coup\u00e9 en deux (une partie pour l\u2019une, une partie pour l\u2019autre, un peu comme les bijoux \u00ab\u00a0best friends\u00a0\u00bb que l\u2019on s\u2019offre entre meilleures amies). Ce peut \u00eatre aussi un bijou identique pour l\u2019une comme pour l\u2019autre, que chacune porte pr\u00e9cieusement en souvenir de ce lien ind\u00e9fectible. Mais ce peut \u00eatre aussi un bijou de famille, que la grand-m\u00e8re transmet \u00e0 sa <u>descendance<\/u>, un <u>h\u00e9ritage tr\u00e8s f\u00e9minin<\/u> et pr\u00e9cieux.<\/p>\n","protected":false},"excerpt":{"rendered":"<p>Quel bijou personnalis\u00e9 offrir \u00e0 une grand-m\u00e8re ? On l\u2019appelle affectueusement Mamie, M\u00e9m\u00e9, Granny, Bonne Maman, Muti, Mamita ou tout [&hellip;]<\/p>\n","protected":false},"author":2,"featured_media":353,"parent":225,"menu_order":7,"comment_status":"closed","ping_status":"closed","template":"","meta":{"site-sidebar-layout":"default","site-content-layout":"","ast-site-content-layout":"default","site-content-style":"default","site-sidebar-style":"default","ast-global-header-display":"","ast-banner-title-visibility":"","ast-main-header-display":"","ast-hfb-above-header-display":"","ast-hfb-below-header-display":"","ast-hfb-mobile-header-display":"","site-post-title":"","ast-breadcrumbs-content":"","ast-featured-img":"","footer-sml-layout":"","theme-transparent-header-meta":"default","adv-header-id-meta":"","stick-header-meta":"","header-above-stick-meta":"","header-main-stick-meta":"","header-below-stick-meta":"","astra-migrate-meta-layouts":"set","ast-page-background-enabled":"default","ast-page-background-meta":{"desktop":{"background-color":"var(--ast-global-color-4)","background-image":"","background-repeat":"repeat","background-position":"center center","background-size":"auto","background-attachment":"scroll","background-type":"","background-media":"","overlay-type":"","overlay-color":"","overlay-gradient":""},"tablet":{"background-color":"","background-image":"","background-repeat":"repeat","background-position":"center center","background-size":"auto","background-attachment":"scroll","background-type":"","background-media":"","overlay-type":"","overlay-color":"","overlay-gradient":""},"mobile":{"background-color":"","background-image":"","background-repeat":"repeat","background-position":"center center","background-size":"auto","background-attachment":"scroll","background-type":"","background-media":"","overlay-type":"","overlay-color":"","overlay-gradient":""}},"ast-content-background-meta":{"desktop":{"background-color":"var(--ast-global-color-5)","background-image":"","background-repeat":"repeat","background-position":"center center","background-size":"auto","background-attachment":"scroll","background-type":"","background-media":"","overlay-type":"","overlay-color":"","overlay-gradient":""},"tablet":{"background-color":"var(--ast-global-color-5)","background-image":"","background-repeat":"repeat","background-position":"center center","background-size":"auto","background-attachment":"scroll","background-type":"","background-media":"","overlay-type":"","overlay-color":"","overlay-gradient":""},"mobile":{"background-color":"var(--ast-global-color-5)","background-image":"","background-repeat":"repeat","background-position":"center center","background-size":"auto","background-attachment":"scroll","background-type":"","background-media":"","overlay-type":"","overlay-color":"","overlay-gradient":""}},"footnotes":""},"aioseo_notices":[],"_links":{"self":[{"href":"https:\/\/www.marmottine.fr\/mag\/wp-json\/wp\/v2\/pages\/241"}],"collection":[{"href":"https:\/\/www.marmottine.fr\/mag\/wp-json\/wp\/v2\/pages"}],"about":[{"href":"https:\/\/www.marmottine.fr\/mag\/wp-json\/wp\/v2\/types\/page"}],"author":[{"embeddable":true,"href":"https:\/\/www.marmottine.fr\/mag\/wp-json\/wp\/v2\/users\/2"}],"replies":[{"embeddable":true,"href":"https:\/\/www.marmottine.fr\/mag\/wp-json\/wp\/v2\/comments?post=241"}],"version-history":[{"count":3,"href":"https:\/\/www.marmottine.fr\/mag\/wp-json\/wp\/v2\/pages\/241\/revisions"}],"predecessor-version":[{"id":596,"href":"https:\/\/www.marmottine.fr\/mag\/wp-json\/wp\/v2\/pages\/241\/revisions\/596"}],"up":[{"embeddable":true,"href":"https:\/\/www.marmottine.fr\/mag\/wp-json\/wp\/v2\/pages\/225"}],"wp:featuredmedia":[{"embeddable":true,"href":"https:\/\/www.marmottine.fr\/mag\/wp-json\/wp\/v2\/media\/353"}],"wp:attachment":[{"href":"https:\/\/www.marmottine.fr\/mag\/wp-json\/wp\/v2\/media?parent=241"}],"curies":[{"name":"wp","href":"https:\/\/api.w.org\/{rel}","templated":true}]}}