{"id":239,"date":"2024-04-09T12:03:54","date_gmt":"2024-04-09T10:03:54","guid":{"rendered":"https:\/\/www.marmottine.fr\/mag\/?page_id=239"},"modified":"2024-04-09T16:39:53","modified_gmt":"2024-04-09T14:39:53","slug":"a-une-fille","status":"publish","type":"page","link":"https:\/\/www.marmottine.fr\/mag\/guides\/bijoux-personnalises\/offrir\/a-une-fille","title":{"rendered":"Quel bijou personnalis\u00e9 offrir \u00e0 une fille ?"},"content":{"rendered":"<h1><span class=\"ez-toc-section\" id=\"Quel_bijou_personnalise_offrir_a_une_fille\"><\/span>Quel bijou personnalis\u00e9 offrir \u00e0 une fille ?<span class=\"ez-toc-section-end\"><\/span><\/h1><div id=\"ez-toc-container\" class=\"ez-toc-v2_0_69_1 counter-hierarchy ez-toc-counter ez-toc-grey ez-toc-container-direction\">\n<div class=\"ez-toc-title-container\">\n<p class=\"ez-toc-title\" style=\"cursor:inherit\">Sommaire<\/p>\n<span class=\"ez-toc-title-toggle\"><a href=\"#\" class=\"ez-toc-pull-right ez-toc-btn ez-toc-btn-xs ez-toc-btn-default ez-toc-toggle\" aria-label=\"Toggle Table of Content\"><span class=\"ez-toc-js-icon-con\"><span class=\"\"><span class=\"eztoc-hide\" style=\"display:none;\">Toggle<\/span><span class=\"ez-toc-icon-toggle-span\"><svg style=\"fill: #999;color:#999\" xmlns=\"http:\/\/www.w3.org\/2000\/svg\" class=\"list-377408\" width=\"20px\" height=\"20px\" viewBox=\"0 0 24 24\" fill=\"none\"><path d=\"M6 6H4v2h2V6zm14 0H8v2h12V6zM4 11h2v2H4v-2zm16 0H8v2h12v-2zM4 16h2v2H4v-2zm16 0H8v2h12v-2z\" fill=\"currentColor\"><\/path><\/svg><svg style=\"fill: #999;color:#999\" class=\"arrow-unsorted-368013\" xmlns=\"http:\/\/www.w3.org\/2000\/svg\" width=\"10px\" height=\"10px\" viewBox=\"0 0 24 24\" version=\"1.2\" baseProfile=\"tiny\"><path d=\"M18.2 9.3l-6.2-6.3-6.2 6.3c-.2.2-.3.4-.3.7s.1.5.3.7c.2.2.4.3.7.3h11c.3 0 .5-.1.7-.3.2-.2.3-.5.3-.7s-.1-.5-.3-.7zM5.8 14.7l6.2 6.3 6.2-6.3c.2-.2.3-.5.3-.7s-.1-.5-.3-.7c-.2-.2-.4-.3-.7-.3h-11c-.3 0-.5.1-.7.3-.2.2-.3.5-.3.7s.1.5.3.7z\"\/><\/svg><\/span><\/span><\/span><\/a><\/span><\/div>\n<nav><ul class='ez-toc-list ez-toc-list-level-1 ' ><li class='ez-toc-page-1 ez-toc-heading-level-1'><a class=\"ez-toc-link ez-toc-heading-1\" href=\"https:\/\/www.marmottine.fr\/mag\/guides\/bijoux-personnalises\/offrir\/a-une-fille\/#Quel_bijou_personnalise_offrir_a_une_fille\" title=\"Quel bijou personnalis\u00e9 offrir \u00e0 une fille ?\">Quel bijou personnalis\u00e9 offrir \u00e0 une fille ?<\/a><ul class='ez-toc-list-level-2' ><li class='ez-toc-heading-level-2'><a class=\"ez-toc-link ez-toc-heading-2\" href=\"https:\/\/www.marmottine.fr\/mag\/guides\/bijoux-personnalises\/offrir\/a-une-fille\/#Quel_bijou_personnalise_pour_une_petite_fille_de_0_a_3_ans\" title=\"Quel bijou personnalis\u00e9 pour une petite fille de 0 \u00e0 3 ans\u00a0?\">Quel bijou personnalis\u00e9 pour une petite fille de 0 \u00e0 3 ans\u00a0?<\/a><\/li><li class='ez-toc-page-1 ez-toc-heading-level-2'><a class=\"ez-toc-link ez-toc-heading-3\" href=\"https:\/\/www.marmottine.fr\/mag\/guides\/bijoux-personnalises\/offrir\/a-une-fille\/#Quel_bijou_personnalise_pour_une_fille_de_6_ans\" title=\"Quel bijou personnalis\u00e9 pour une fille de 6 ans\u00a0?\">Quel bijou personnalis\u00e9 pour une fille de 6 ans\u00a0?<\/a><\/li><li class='ez-toc-page-1 ez-toc-heading-level-2'><a class=\"ez-toc-link ez-toc-heading-4\" href=\"https:\/\/www.marmottine.fr\/mag\/guides\/bijoux-personnalises\/offrir\/a-une-fille\/#Quel_bijou_personnalise_pour_une_fille_de_10_a_12_ans\" title=\"Quel bijou personnalis\u00e9 pour une fille de 10 \u00e0 12 ans\u00a0?\">Quel bijou personnalis\u00e9 pour une fille de 10 \u00e0 12 ans\u00a0?<\/a><\/li><li class='ez-toc-page-1 ez-toc-heading-level-2'><a class=\"ez-toc-link ez-toc-heading-5\" href=\"https:\/\/www.marmottine.fr\/mag\/guides\/bijoux-personnalises\/offrir\/a-une-fille\/#Quel_bijou_offrir_a_une_fille_de_18_ans\" title=\"Quel bijou offrir \u00e0 une fille de 18 ans\u00a0?\">Quel bijou offrir \u00e0 une fille de 18 ans\u00a0?<\/a><\/li><li class='ez-toc-page-1 ez-toc-heading-level-2'><a class=\"ez-toc-link ez-toc-heading-6\" href=\"https:\/\/www.marmottine.fr\/mag\/guides\/bijoux-personnalises\/offrir\/a-une-fille\/#Quel_bracelet_personnalise_pour_une_fille\" title=\"Quel bracelet personnalis\u00e9 pour une fille\u00a0?\">Quel bracelet personnalis\u00e9 pour une fille\u00a0?<\/a><\/li><li class='ez-toc-page-1 ez-toc-heading-level-2'><a class=\"ez-toc-link ez-toc-heading-7\" href=\"https:\/\/www.marmottine.fr\/mag\/guides\/bijoux-personnalises\/offrir\/a-une-fille\/#Quel_collier_personnalise_pour_une_fille\" title=\"Quel collier personnalis\u00e9 pour une fille\u00a0?\">Quel collier personnalis\u00e9 pour une fille\u00a0?<\/a><\/li><li class='ez-toc-page-1 ez-toc-heading-level-2'><a class=\"ez-toc-link ez-toc-heading-8\" href=\"https:\/\/www.marmottine.fr\/mag\/guides\/bijoux-personnalises\/offrir\/a-une-fille\/#Quels_sont_les_bijoux_personnalises_mere_fille\" title=\"Quels sont les bijoux personnalis\u00e9s m\u00e8re fille\u00a0?\">Quels sont les bijoux personnalis\u00e9s m\u00e8re fille\u00a0?<\/a><\/li><\/ul><\/li><\/ul><\/nav><\/div>\n\n<figure id=\"attachment_348\" aria-describedby=\"caption-attachment-348\" style=\"width: 800px\" class=\"wp-caption alignnone\"><img loading=\"lazy\" decoding=\"async\" class=\"size-full wp-image-348\" src=\"https:\/\/www.marmottine.fr\/mag\/wp-content\/uploads\/2024\/03\/montre-personnalisee-fille.jpg\" alt=\"montre personnalis\u00e9e fille\" width=\"800\" height=\"800\" srcset=\"https:\/\/www.marmottine.fr\/mag\/wp-content\/uploads\/2024\/03\/montre-personnalisee-fille.jpg 800w, https:\/\/www.marmottine.fr\/mag\/wp-content\/uploads\/2024\/03\/montre-personnalisee-fille-300x300.jpg 300w, https:\/\/www.marmottine.fr\/mag\/wp-content\/uploads\/2024\/03\/montre-personnalisee-fille-150x150.jpg 150w, https:\/\/www.marmottine.fr\/mag\/wp-content\/uploads\/2024\/03\/montre-personnalisee-fille-768x768.jpg 768w\" sizes=\"(max-width: 800px) 100vw, 800px\" \/><figcaption id=\"caption-attachment-348\" class=\"wp-caption-text\">montre personnalis\u00e9e fille<\/figcaption><\/figure>\n<p>De nos jours, pratiquement tous les bijoux fille peuvent \u00eatre grav\u00e9s, offrant un large choix de bijoux personnalis\u00e9s. Le plus dur est de choisir parmi toutes les possibilit\u00e9s qui s\u2019offrent \u00e0 nous. Nous retiendrons cependant quelques pistes <strong><a href=\"https:\/\/www.marmottine.fr\/mag\/guides\/bijoux-personnalises\/offrir\">pour choisir quel bijou offrir<\/a> <\/strong>\u00e0 une fille, selon sa tranche d\u2019\u00e2ge et selon l\u2019occasion. Bijoux fantaisie ou bijoux en or, pour petite fille, fillette ou ado, on vous dit tout pour lui offrir le bijou qui fera mouche\u00a0!<\/p>\n<h2><span class=\"ez-toc-section\" id=\"Quel_bijou_personnalise_pour_une_petite_fille_de_0_a_3_ans\"><\/span>Quel bijou personnalis\u00e9 pour une petite fille de 0 \u00e0 3 ans\u00a0?<span class=\"ez-toc-section-end\"><\/span><\/h2>\n<figure id=\"attachment_346\" aria-describedby=\"caption-attachment-346\" style=\"width: 800px\" class=\"wp-caption alignnone\"><img loading=\"lazy\" decoding=\"async\" class=\"size-full wp-image-346\" src=\"https:\/\/www.marmottine.fr\/mag\/wp-content\/uploads\/2024\/03\/bracelet-personnalise-fille.jpg\" alt=\"bracelet personnalis\u00e9 fille\" width=\"800\" height=\"800\" srcset=\"https:\/\/www.marmottine.fr\/mag\/wp-content\/uploads\/2024\/03\/bracelet-personnalise-fille.jpg 800w, https:\/\/www.marmottine.fr\/mag\/wp-content\/uploads\/2024\/03\/bracelet-personnalise-fille-300x300.jpg 300w, https:\/\/www.marmottine.fr\/mag\/wp-content\/uploads\/2024\/03\/bracelet-personnalise-fille-150x150.jpg 150w, https:\/\/www.marmottine.fr\/mag\/wp-content\/uploads\/2024\/03\/bracelet-personnalise-fille-768x768.jpg 768w\" sizes=\"(max-width: 800px) 100vw, 800px\" \/><figcaption id=\"caption-attachment-346\" class=\"wp-caption-text\">bracelet personnalis\u00e9 fille<\/figcaption><\/figure>\n<p>De la naissance \u00e0 l\u2019entr\u00e9e en maternelle, les petites filles sont d\u00e9j\u00e0 coquettes mais elles ont peu d\u2019occasions de porter des bijoux. On notera cependant les bijoux de naissance et de bapt\u00eame, offerts d\u00e8s les tout premiers mois de la vie de l\u2019enfant. Ces bijoux personnalis\u00e9s avec le pr\u00e9nom de la fillette sont soit des bijoux la\u00efques, soit des bijoux religieux.<\/p>\n<p><u>Des bijoux personnalis\u00e9s fille la\u00efques<\/u>\u00a0: le bracelet identit\u00e9 b\u00e9b\u00e9 arrive en t\u00eate, sous toutes ses formes (sur cha\u00eene ou sur cordon, en argent ou en or). Pour une fille, ce bracelet s\u2019agr\u00e9mente d\u2019un dessin enfantin comme une <strong>fleur<\/strong>, une <strong>\u00e9toile<\/strong>, une <strong>f\u00e9e<\/strong> ou encore une <strong>licorne<\/strong>.<\/p>\n<p><u>Des bijoux personnalis\u00e9s fille religieux<\/u>\u00a0: on pense in\u00e9vitablement \u00e0 la m\u00e9daille de bapt\u00eame, et pour une fille on choisira souvent l\u2019image de la <strong>Vierge Marie<\/strong>, ou un symbole comme l\u2019<strong>\u00e9toile<\/strong>.<\/p>\n<h2><span class=\"ez-toc-section\" id=\"Quel_bijou_personnalise_pour_une_fille_de_6_ans\"><\/span>Quel bijou personnalis\u00e9 pour une fille de 6 ans\u00a0?<span class=\"ez-toc-section-end\"><\/span><\/h2>\n<p>L\u2019entr\u00e9e \u00e0 l\u2019\u00e9cole primaire est une \u00e9tape d\u00e9cisive pour les petites princesses. Elles sont \u00e9coli\u00e8res mais d\u00e9j\u00e0 tr\u00e8s f\u00e9minines et elles adorent porter des bijoux personnalis\u00e9s pour faire comme leur maman.<\/p>\n<p>Les <u>bijoux personnalis\u00e9s fantaisie<\/u> sont les plus pris\u00e9s \u00e0 cet \u00e2ge-l\u00e0, pour affronter leur rythme de vie tr\u00e9pidant. Un bracelet cordon avec une m\u00e9daille en plaqu\u00e9 or grav\u00e9e de son pr\u00e9nom fera l\u2019affaire. On trouve aussi des petits bijoux personnalis\u00e9s pour fille en plexis, en bois ou encore en silicone, ultra r\u00e9sistants.<\/p>\n<p>Les <u>bijoux personnalis\u00e9s en or<\/u> sont r\u00e9serv\u00e9s aux grandes occasions, comme un anniversaire marquant (les 7 ans, les 8 ans). L\u2019entr\u00e9e en CP ou en CM1 est aussi une \u00e9tape importante dans la vie d\u2019une petite fille, c\u2019est l\u2019occasion de lui offrir un premier \u00ab\u00a0vrai\u00a0\u00bb bijou personnalis\u00e9 avec la date de l\u2019\u00e9v\u00e9nement.<\/p>\n<p>Les <u>montres <\/u>ont fait leur apparition dans les bijoux personnalis\u00e9s pour filles\u00a0: des montres p\u00e9dagogiques, pour apprendre \u00e0 lire l\u2019heure, personnalis\u00e9es au verso du boitier pour immortaliser cette \u00e9tape importante de l\u2019apprentissage. Les bracelets montre sont ludiques et color\u00e9s pour plaire aux petites fashionistas.<\/p>\n<h2><span class=\"ez-toc-section\" id=\"Quel_bijou_personnalise_pour_une_fille_de_10_a_12_ans\"><\/span>Quel bijou personnalis\u00e9 pour une fille de 10 \u00e0 12 ans\u00a0?<span class=\"ez-toc-section-end\"><\/span><\/h2>\n<p>Cette tranche d\u2019\u00e2ge est plus difficile car elle correspond \u00e0 la pr\u00e9-adolescence. Les filles ne sont plus des enfants, pas encore des ados, mais beaucoup plus m\u00fbres que les gar\u00e7ons. Cependant, quelques \u00e9v\u00e9nements importants sont l\u2019occasion de leur offrir un bijou personnalis\u00e9\u00a0:<\/p>\n<ul>\n<li><u>un cadeau d\u2019anniversaire<\/u>: les 10 ans sont une \u00e9tape charni\u00e8re dans la vie d\u2019une enfant. Il est d\u2019usage d\u2019offrir un cadeau embl\u00e9matique pour marquer l\u2019\u00e9v\u00e9nement. Une <strong>montre<\/strong>, une <strong>premi\u00e8re perle<\/strong>, ou un <strong>premier diamant<\/strong>.<\/li>\n<li><u>un cadeau de communion<\/u>: mais aussi la profession de foi, la confirmation et la communion solennelle sont autant d\u2019opportunit\u00e9s pour offrir un bijou personnalis\u00e9 \u00e0 une fille. On exclue la m\u00e9daille religieuse qu\u2019elle aura d\u00e9j\u00e0 re\u00e7ue lors de son bapt\u00eame. Et, la mode aidant, on optera plus pour un bijou la\u00efque ou un bijou avec un symbole religieux l\u00e9ger comme la <strong>colombe<\/strong> ou <strong>l\u2019arbre de vie<\/strong>.<\/li>\n<li><u>un cadeau pour l\u2019entr\u00e9e au coll\u00e8ge<\/u>: c\u2019est \u00e0 pr\u00e9sent une grande, qui va se transformer en jeune fille en l\u2019espace de quelques mois\u00a0! L\u2019\u00e9v\u00e9nement m\u00e9rite bien qu\u2019on lui offre un bijou grigri qui l\u2019accompagnera pendant ces 4 ann\u00e9es vers le succ\u00e8s, avant le lyc\u00e9e. Un collier pr\u00e9nom, un bracelet porte-bonheur personnalis\u00e9 ou un <strong>pendentif totem<\/strong> avec son animal pr\u00e9f\u00e9r\u00e9\u00a0: voil\u00e0 des id\u00e9es de bijoux qu\u2019elle adorera\u00a0!<\/li>\n<\/ul>\n<h2><span class=\"ez-toc-section\" id=\"Quel_bijou_offrir_a_une_fille_de_18_ans\"><\/span>Quel bijou offrir \u00e0 une fille de 18 ans\u00a0?<span class=\"ez-toc-section-end\"><\/span><\/h2>\n<p>Cet \u00e2ge marque d\u00e9finitivement la fin de l\u2019enfance et l\u2019entr\u00e9e dans la vie adulte. C\u2019est aussi l\u2019occasion d\u2019offrir un bijou pr\u00e9cieux que la jeune fille gardera toute sa vie.<\/p>\n<ul>\n<li>Un <u>collier pr\u00e9nom en or<\/u>: revenu \u00e0 la mode, ce collier rencontre un \u00e9norme succ\u00e8s aupr\u00e8s des jeunes, qui le personnalisent \u00e0 l\u2019envi. En or jaune, or blanc ou or rose, dans la typographie de son choix, rehauss\u00e9 d\u2019un diamant, le collier pr\u00e9nom est le cadeau des 18 ans id\u00e9al\u00a0!<\/li>\n<li>Un <u>bracelet avec son empreinte digitale<\/u>: voil\u00e0 un bijou unique qu\u2019elle sera seule \u00e0 porter\u00a0! Personnelle comme son ADN, l\u2019empreinte digitale est graphique et tr\u00e8s esth\u00e9tique. Grav\u00e9e dans l\u2019or, elle fait l\u2019objet d\u2019un bijou tr\u00e8s original.<\/li>\n<li>Un <u>pendentif personnalis\u00e9 avec sa pierre de naissance<\/u>: pour f\u00eater les 18 ans, rien de tel qu\u2019un clin d\u2019\u0153il \u00e0 son mois de naissance en utilisant la pierre pr\u00e9cieuse qui lui correspond. Les natives d\u2019avril auront la chance de se voir offrir un diamant\u00a0!<\/li>\n<\/ul>\n<h2><span class=\"ez-toc-section\" id=\"Quel_bracelet_personnalise_pour_une_fille\"><\/span>Quel bracelet personnalis\u00e9 pour une fille\u00a0?<span class=\"ez-toc-section-end\"><\/span><\/h2>\n<figure id=\"attachment_347\" aria-describedby=\"caption-attachment-347\" style=\"width: 800px\" class=\"wp-caption alignnone\"><img loading=\"lazy\" decoding=\"async\" class=\"size-full wp-image-347\" src=\"https:\/\/www.marmottine.fr\/mag\/wp-content\/uploads\/2024\/03\/jonc-personnalise-fille.jpg\" alt=\"jonc personnalis\u00e9 fille\" width=\"800\" height=\"800\" srcset=\"https:\/\/www.marmottine.fr\/mag\/wp-content\/uploads\/2024\/03\/jonc-personnalise-fille.jpg 800w, https:\/\/www.marmottine.fr\/mag\/wp-content\/uploads\/2024\/03\/jonc-personnalise-fille-300x300.jpg 300w, https:\/\/www.marmottine.fr\/mag\/wp-content\/uploads\/2024\/03\/jonc-personnalise-fille-150x150.jpg 150w, https:\/\/www.marmottine.fr\/mag\/wp-content\/uploads\/2024\/03\/jonc-personnalise-fille-768x768.jpg 768w\" sizes=\"(max-width: 800px) 100vw, 800px\" \/><figcaption id=\"caption-attachment-347\" class=\"wp-caption-text\">jonc personnalis\u00e9 fille<\/figcaption><\/figure>\n<p>Le bracelet se porte de mille et une fa\u00e7ons\u00a0: seul ou associ\u00e9 \u00e0 d\u2019autres, pour un effet d\u2019accumulation. Il existe presque autant de modes de personnalisations.<\/p>\n<ul>\n<li><strong>Le bracelet pr\u00e9nom fille<\/strong>: pr\u00e9nom grav\u00e9 ou pr\u00e9nom sculpt\u00e9, porter son pr\u00e9nom sur un bracelet est le bijou indispensable pour une fille. Sil est grav\u00e9, il s\u2019inspire de la gourmette tout en lui apportant un petit plus qui le rend tr\u00e8s contemporain.<\/li>\n<li><strong>Le bracelet porte-bonheur<\/strong>: fid\u00e8le compagnon, le bracelet porte-bonheur est agr\u00e9ment\u00e9 d\u2019une pampille repr\u00e9sentant un \u00e9l\u00e9ment fort pour la jeune fille comme un <u>tr\u00e8fle \u00e0 4 feuilles<\/u>, <u>un fer \u00e0 cheval<\/u>, une <u>coccinelle<\/u>, ou son animal de compagnie.<\/li>\n<\/ul>\n<h2><span class=\"ez-toc-section\" id=\"Quel_collier_personnalise_pour_une_fille\"><\/span>Quel collier personnalis\u00e9 pour une fille\u00a0?<span class=\"ez-toc-section-end\"><\/span><\/h2>\n<p>Le collier permet une grande vari\u00e9t\u00e9 de personnalisation\u00a0! Il est compos\u00e9 d\u2019une cha\u00eene et d\u2019une m\u00e9daille ou d\u2019un pendentif, qui sera personnalis\u00e9 et donnera toute l\u2019originalit\u00e9 au bijou.<\/p>\n<ul>\n<li><strong>Un collier personnalis\u00e9 fille avec une m\u00e9daille \u00e0 graver<\/strong>: quelle que soit la forme de la m\u00e9daille (ronde, carr\u00e9e, ovale), il est possible de graver, en plus du pr\u00e9nom de la fillette, toute forme qui a une importance pour elle. Ce peut \u00eatre sa fleur de naissance, son animal pr\u00e9f\u00e9r\u00e9, une citation importante pour elle\u2026<\/li>\n<li><strong>Un collier fille avec un pendentif personnalis\u00e9<\/strong>: l\u2019id\u00e9al est de trouver LE pendentif qui d\u00e9finit au mieux l\u2019enfant. Il pourra s\u2019agir d\u2019un sport ou d\u2019une passion\u00a0: une petite cavali\u00e8re portera un pendentif cheval, une danseuse portera un pendentif chausson de danse, une musicienne portera son instrument en pendentif, une amoureuse des animaux portera son animal pr\u00e9f\u00e9r\u00e9 en pendentif (<u>chien<\/u>, <u>chat<\/u>, <u>cheval<\/u>, <u>poney<\/u>, <u>dauphin<\/u>\u2026)<\/li>\n<\/ul>\n<h2><span class=\"ez-toc-section\" id=\"Quels_sont_les_bijoux_personnalises_mere_fille\"><\/span>Quels sont les bijoux personnalis\u00e9s m\u00e8re fille\u00a0?<span class=\"ez-toc-section-end\"><\/span><\/h2>\n<p>Pour rendre hommage \u00e0 la complicit\u00e9 qui existe entre une m\u00e8re et sa fille, de nombreuses marques proposent des bijoux personnalis\u00e9s m\u00e8re fille. Ce sont des duos de bijoux quasi identiques\u00a0: l\u2019un pour la maman, l\u2019autre pour sa fille. Parmi les mod\u00e8les les plus appr\u00e9ci\u00e9s, notons\u00a0:<\/p>\n<ul>\n<li><u>Le duo pendentif m\u00e8re fille c\u0153ur<\/u>: deux colliers avec chacun une moiti\u00e9 de c\u0153ur en pendentif, grav\u00e9 de leurs pr\u00e9noms ou d\u2019un mot doux.<\/li>\n<li><u>Le duo de bracelets m\u00e8re fille\u00a0<\/u>: chacune a le m\u00eame bracelet que l\u2019autre, dans une taille l\u00e9g\u00e8rement diff\u00e9rente, avec la m\u00eame gravure, en signe connexion.<\/li>\n<\/ul>\n","protected":false},"excerpt":{"rendered":"<p>Quel bijou personnalis\u00e9 offrir \u00e0 une fille ? De nos jours, pratiquement tous les bijoux fille peuvent \u00eatre grav\u00e9s, offrant [&hellip;]<\/p>\n","protected":false},"author":2,"featured_media":348,"parent":225,"menu_order":6,"comment_status":"closed","ping_status":"closed","template":"","meta":{"site-sidebar-layout":"default","site-content-layout":"","ast-site-content-layout":"default","site-content-style":"default","site-sidebar-style":"default","ast-global-header-display":"","ast-banner-title-visibility":"","ast-main-header-display":"","ast-hfb-above-header-display":"","ast-hfb-below-header-display":"","ast-hfb-mobile-header-display":"","site-post-title":"","ast-breadcrumbs-content":"","ast-featured-img":"","footer-sml-layout":"","theme-transparent-header-meta":"default","adv-header-id-meta":"","stick-header-meta":"","header-above-stick-meta":"","header-main-stick-meta":"","header-below-stick-meta":"","astra-migrate-meta-layouts":"set","ast-page-background-enabled":"default","ast-page-background-meta":{"desktop":{"background-color":"var(--ast-global-color-4)","background-image":"","background-repeat":"repeat","background-position":"center center","background-size":"auto","background-attachment":"scroll","background-type":"","background-media":"","overlay-type":"","overlay-color":"","overlay-gradient":""},"tablet":{"background-color":"","background-image":"","background-repeat":"repeat","background-position":"center center","background-size":"auto","background-attachment":"scroll","background-type":"","background-media":"","overlay-type":"","overlay-color":"","overlay-gradient":""},"mobile":{"background-color":"","background-image":"","background-repeat":"repeat","background-position":"center center","background-size":"auto","background-attachment":"scroll","background-type":"","background-media":"","overlay-type":"","overlay-color":"","overlay-gradient":""}},"ast-content-background-meta":{"desktop":{"background-color":"var(--ast-global-color-5)","background-image":"","background-repeat":"repeat","background-position":"center center","background-size":"auto","background-attachment":"scroll","background-type":"","background-media":"","overlay-type":"","overlay-color":"","overlay-gradient":""},"tablet":{"background-color":"var(--ast-global-color-5)","background-image":"","background-repeat":"repeat","background-position":"center center","background-size":"auto","background-attachment":"scroll","background-type":"","background-media":"","overlay-type":"","overlay-color":"","overlay-gradient":""},"mobile":{"background-color":"var(--ast-global-color-5)","background-image":"","background-repeat":"repeat","background-position":"center center","background-size":"auto","background-attachment":"scroll","background-type":"","background-media":"","overlay-type":"","overlay-color":"","overlay-gradient":""}},"footnotes":""},"aioseo_notices":[],"_links":{"self":[{"href":"https:\/\/www.marmottine.fr\/mag\/wp-json\/wp\/v2\/pages\/239"}],"collection":[{"href":"https:\/\/www.marmottine.fr\/mag\/wp-json\/wp\/v2\/pages"}],"about":[{"href":"https:\/\/www.marmottine.fr\/mag\/wp-json\/wp\/v2\/types\/page"}],"author":[{"embeddable":true,"href":"https:\/\/www.marmottine.fr\/mag\/wp-json\/wp\/v2\/users\/2"}],"replies":[{"embeddable":true,"href":"https:\/\/www.marmottine.fr\/mag\/wp-json\/wp\/v2\/comments?post=239"}],"version-history":[{"count":3,"href":"https:\/\/www.marmottine.fr\/mag\/wp-json\/wp\/v2\/pages\/239\/revisions"}],"predecessor-version":[{"id":595,"href":"https:\/\/www.marmottine.fr\/mag\/wp-json\/wp\/v2\/pages\/239\/revisions\/595"}],"up":[{"embeddable":true,"href":"https:\/\/www.marmottine.fr\/mag\/wp-json\/wp\/v2\/pages\/225"}],"wp:featuredmedia":[{"embeddable":true,"href":"https:\/\/www.marmottine.fr\/mag\/wp-json\/wp\/v2\/media\/348"}],"wp:attachment":[{"href":"https:\/\/www.marmottine.fr\/mag\/wp-json\/wp\/v2\/media?parent=239"}],"curies":[{"name":"wp","href":"https:\/\/api.w.org\/{rel}","templated":true}]}}