{"id":233,"date":"2024-04-09T11:58:39","date_gmt":"2024-04-09T09:58:39","guid":{"rendered":"https:\/\/www.marmottine.fr\/mag\/?page_id=233"},"modified":"2024-04-09T16:36:35","modified_gmt":"2024-04-09T14:36:35","slug":"a-un-homme","status":"publish","type":"page","link":"https:\/\/www.marmottine.fr\/mag\/guides\/bijoux-personnalises\/offrir\/a-un-homme","title":{"rendered":"Quel bijou personnalis\u00e9 offrir \u00e0 un homme ?"},"content":{"rendered":"<h1><span class=\"ez-toc-section\" id=\"Quel_bijou_personnalise_offrir_a_un_homme\"><\/span>Quel bijou personnalis\u00e9 offrir \u00e0 un homme ?<span class=\"ez-toc-section-end\"><\/span><\/h1><div id=\"ez-toc-container\" class=\"ez-toc-v2_0_69_1 counter-hierarchy ez-toc-counter ez-toc-grey ez-toc-container-direction\">\n<div class=\"ez-toc-title-container\">\n<p class=\"ez-toc-title\" style=\"cursor:inherit\">Sommaire<\/p>\n<span class=\"ez-toc-title-toggle\"><a href=\"#\" class=\"ez-toc-pull-right ez-toc-btn ez-toc-btn-xs ez-toc-btn-default ez-toc-toggle\" aria-label=\"Toggle Table of Content\"><span class=\"ez-toc-js-icon-con\"><span class=\"\"><span class=\"eztoc-hide\" style=\"display:none;\">Toggle<\/span><span class=\"ez-toc-icon-toggle-span\"><svg style=\"fill: #999;color:#999\" xmlns=\"http:\/\/www.w3.org\/2000\/svg\" class=\"list-377408\" width=\"20px\" height=\"20px\" viewBox=\"0 0 24 24\" fill=\"none\"><path d=\"M6 6H4v2h2V6zm14 0H8v2h12V6zM4 11h2v2H4v-2zm16 0H8v2h12v-2zM4 16h2v2H4v-2zm16 0H8v2h12v-2z\" fill=\"currentColor\"><\/path><\/svg><svg style=\"fill: #999;color:#999\" class=\"arrow-unsorted-368013\" xmlns=\"http:\/\/www.w3.org\/2000\/svg\" width=\"10px\" height=\"10px\" viewBox=\"0 0 24 24\" version=\"1.2\" baseProfile=\"tiny\"><path d=\"M18.2 9.3l-6.2-6.3-6.2 6.3c-.2.2-.3.4-.3.7s.1.5.3.7c.2.2.4.3.7.3h11c.3 0 .5-.1.7-.3.2-.2.3-.5.3-.7s-.1-.5-.3-.7zM5.8 14.7l6.2 6.3 6.2-6.3c.2-.2.3-.5.3-.7s-.1-.5-.3-.7c-.2-.2-.4-.3-.7-.3h-11c-.3 0-.5.1-.7.3-.2.2-.3.5-.3.7s.1.5.3.7z\"\/><\/svg><\/span><\/span><\/span><\/a><\/span><\/div>\n<nav><ul class='ez-toc-list ez-toc-list-level-1 ' ><li class='ez-toc-page-1 ez-toc-heading-level-1'><a class=\"ez-toc-link ez-toc-heading-1\" href=\"https:\/\/www.marmottine.fr\/mag\/guides\/bijoux-personnalises\/offrir\/a-un-homme\/#Quel_bijou_personnalise_offrir_a_un_homme\" title=\"Quel bijou personnalis\u00e9 offrir \u00e0 un homme ?\">Quel bijou personnalis\u00e9 offrir \u00e0 un homme ?<\/a><ul class='ez-toc-list-level-2' ><li class='ez-toc-heading-level-2'><a class=\"ez-toc-link ez-toc-heading-2\" href=\"https:\/\/www.marmottine.fr\/mag\/guides\/bijoux-personnalises\/offrir\/a-un-homme\/#Pourquoi_offrir_un_bijou_personnalise_a_un_homme\" title=\"Pourquoi offrir un bijou personnalis\u00e9 \u00e0 un homme\u00a0?\">Pourquoi offrir un bijou personnalis\u00e9 \u00e0 un homme\u00a0?<\/a><\/li><li class='ez-toc-page-1 ez-toc-heading-level-2'><a class=\"ez-toc-link ez-toc-heading-3\" href=\"https:\/\/www.marmottine.fr\/mag\/guides\/bijoux-personnalises\/offrir\/a-un-homme\/#Comment_porter_un_bijou_personnalise_quand_on_est_un_homme\" title=\"Comment porter un bijou personnalis\u00e9 quand on est un homme\u00a0?\">Comment porter un bijou personnalis\u00e9 quand on est un homme\u00a0?<\/a><\/li><li class='ez-toc-page-1 ez-toc-heading-level-2'><a class=\"ez-toc-link ez-toc-heading-4\" href=\"https:\/\/www.marmottine.fr\/mag\/guides\/bijoux-personnalises\/offrir\/a-un-homme\/#Quels_sont_les_bracelets_personnalises_pour_homme\" title=\"Quels sont les bracelets personnalis\u00e9s pour homme\u00a0?\">Quels sont les bracelets personnalis\u00e9s pour homme\u00a0?<\/a><\/li><li class='ez-toc-page-1 ez-toc-heading-level-2'><a class=\"ez-toc-link ez-toc-heading-5\" href=\"https:\/\/www.marmottine.fr\/mag\/guides\/bijoux-personnalises\/offrir\/a-un-homme\/#Quels_sont_les_colliers_personnalises_pour_homme\" title=\"Quels sont les colliers personnalis\u00e9s pour homme\u00a0?\">Quels sont les colliers personnalis\u00e9s pour homme\u00a0?<\/a><\/li><li class='ez-toc-page-1 ez-toc-heading-level-2'><a class=\"ez-toc-link ez-toc-heading-6\" href=\"https:\/\/www.marmottine.fr\/mag\/guides\/bijoux-personnalises\/offrir\/a-un-homme\/#Quelles_sont_les_chevalieres_personnalisees_pour_homme\" title=\"Quelles sont les chevali\u00e8res personnalis\u00e9es pour homme\u00a0?\">Quelles sont les chevali\u00e8res personnalis\u00e9es pour homme\u00a0?<\/a><\/li><li class='ez-toc-page-1 ez-toc-heading-level-2'><a class=\"ez-toc-link ez-toc-heading-7\" href=\"https:\/\/www.marmottine.fr\/mag\/guides\/bijoux-personnalises\/offrir\/a-un-homme\/#Quelle_matiere_pour_un_bijou_personnalise_homme\" title=\"Quelle mati\u00e8re pour un bijou personnalis\u00e9 homme\u00a0?\">Quelle mati\u00e8re pour un bijou personnalis\u00e9 homme\u00a0?<\/a><\/li><li class='ez-toc-page-1 ez-toc-heading-level-2'><a class=\"ez-toc-link ez-toc-heading-8\" href=\"https:\/\/www.marmottine.fr\/mag\/guides\/bijoux-personnalises\/offrir\/a-un-homme\/#Quand_offrir_un_bijou_personnalise_a_un_homme\" title=\"Quand offrir un bijou personnalis\u00e9 \u00e0 un homme\u00a0?\">Quand offrir un bijou personnalis\u00e9 \u00e0 un homme\u00a0?<\/a><\/li><\/ul><\/li><\/ul><\/nav><\/div>\n\n<figure id=\"attachment_331\" aria-describedby=\"caption-attachment-331\" style=\"width: 800px\" class=\"wp-caption alignnone\"><img loading=\"lazy\" decoding=\"async\" class=\"size-full wp-image-331\" src=\"https:\/\/www.marmottine.fr\/mag\/wp-content\/uploads\/2024\/03\/bracelet-nato-homme-personnalise.jpg\" alt=\"bracelet nato homme personnalis\u00e9\" width=\"800\" height=\"800\" srcset=\"https:\/\/www.marmottine.fr\/mag\/wp-content\/uploads\/2024\/03\/bracelet-nato-homme-personnalise.jpg 800w, https:\/\/www.marmottine.fr\/mag\/wp-content\/uploads\/2024\/03\/bracelet-nato-homme-personnalise-300x300.jpg 300w, https:\/\/www.marmottine.fr\/mag\/wp-content\/uploads\/2024\/03\/bracelet-nato-homme-personnalise-150x150.jpg 150w, https:\/\/www.marmottine.fr\/mag\/wp-content\/uploads\/2024\/03\/bracelet-nato-homme-personnalise-768x768.jpg 768w\" sizes=\"(max-width: 800px) 100vw, 800px\" \/><figcaption id=\"caption-attachment-331\" class=\"wp-caption-text\">bracelet nato homme personnalis\u00e9<\/figcaption><\/figure>\n<p>Depuis la nuit des temps et dans toutes les civilisations, les hommes ont port\u00e9 des bijoux comme signe ext\u00e9rieur de pouvoir et de richesse. Mais <strong><a href=\"https:\/\/www.marmottine.fr\/mag\/guides\/bijoux-personnalises\/offrir\">quel bijou personnalis\u00e9 offrir<\/a><\/strong> de nos jours \u00e0 un homme\u00a0? Les codes ont chang\u00e9, les hommes aussi\u00a0! Si la plupart portent facilement des bijoux, certains mod\u00e8les sortent du lot, tout comme les m\u00e9taux pr\u00e9cieux utilis\u00e9s, et les mat\u00e9riaux originaux qui caract\u00e9risent un bijou tr\u00e8s masculin.<\/p>\n<h2><span class=\"ez-toc-section\" id=\"Pourquoi_offrir_un_bijou_personnalise_a_un_homme\"><\/span>Pourquoi offrir un bijou personnalis\u00e9 \u00e0 un homme\u00a0?<span class=\"ez-toc-section-end\"><\/span><\/h2>\n<p>Comme pour une femme, offrir un bijou personnalis\u00e9 \u00e0 un homme est devenu tr\u00e8s habituel. Que ce soit un p\u00e8re, un fr\u00e8re, un ami, un copain ou un amoureux, il sera toujours tr\u00e8s fier de porter un bijou personnalis\u00e9 tout sp\u00e9cialement pour lui. Car en plus d\u2019\u00eatre un objet pr\u00e9cieux, le fait qu\u2019il soit personnalis\u00e9 avec une gravure individuelle lui conf\u00e8re un statut privil\u00e9gi\u00e9.<\/p>\n<h2><span class=\"ez-toc-section\" id=\"Comment_porter_un_bijou_personnalise_quand_on_est_un_homme\"><\/span>Comment porter un bijou personnalis\u00e9 quand on est un homme\u00a0?<span class=\"ez-toc-section-end\"><\/span><\/h2>\n<p>A la ville comme \u00e0 la campagne, au bureau comme \u00e0 la maison, les hommes appr\u00e9cient des bijoux qui les accompagnent au quotidien. Le bijou n\u2019est plus l\u2019apanage des femmes depuis bien longtemps\u00a0! Peu importe l\u2019\u00e2ge, les gars ont adopt\u00e9 ces pr\u00e9cieux accessoires en leur apportant une touche de masculinit\u00e9. On distingue 2 grandes familles\u00a0:<\/p>\n<ul>\n<li>Des bijoux classiques auxquels on pense spontan\u00e9ment\u00a0: les <strong>bracelets<\/strong>, les <strong>colliers<\/strong>, les <strong>bagues<\/strong>, notamment les <strong>chevali\u00e8res.<\/strong><\/li>\n<li>Des accessoires qui s\u2019apparentent aux bijoux et qui sont personnalisables comme les <strong>montres<\/strong>, les <strong>boutons de manchette<\/strong> et les <strong>porte-cl\u00e9s<\/strong>.<\/li>\n<\/ul>\n<h2><span class=\"ez-toc-section\" id=\"Quels_sont_les_bracelets_personnalises_pour_homme\"><\/span>Quels sont les bracelets personnalis\u00e9s pour homme\u00a0?<span class=\"ez-toc-section-end\"><\/span><\/h2>\n<p>Les <strong>bracelets<\/strong> sont les stars des <strong>bijoux personnalis\u00e9s pour homme<\/strong>\u00a0! Car ils sont tr\u00e8s faciles \u00e0 offrir, pratiques \u00e0 porter et surtout d\u00e9clinables \u00e0 l\u2019infini.<\/p>\n<ol start=\"4\">\n<li><u>Bracelet cuir personnalis\u00e9 pour homme<\/u>: en cuir souple ou rigide, lani\u00e8re fine ou tress\u00e9e, bracelet large ou \u00e9troit, le bracelet cuir se d\u00e9cline de mille et une fa\u00e7ons. La personnalisation se fait g\u00e9n\u00e9ralement sur le fermoir, quelle que soit sa forme (aimant ou boucle). Elle peut \u00e9galement \u00eatre floqu\u00e9e directement sur la lani\u00e8re de cuir.<\/li>\n<li><u>Bracelet acier personnalis\u00e9 pour homme<\/u>: la couleur de l\u2019acier \u00e9voque celle de l\u2019argent et de l\u2019or blanc, deux m\u00e9taux pr\u00e9cieux fr\u00e9quemment rencontr\u00e9s dans les bijoux pour homme pour leur couleur froide et leur aspect tr\u00e8s masculin.<\/li>\n<li><u>Bracelet jonc personnalis\u00e9 pour homme<\/u>: le bracelet jonc fait son grand retour dans les collections, y compris chez les hommes. Simplement grav\u00e9 d\u2019un pr\u00e9nom, il est tr\u00e8s classique. Agr\u00e9ment\u00e9 de gravures tribales, il aura un look ethnique.<\/li>\n<li><u>Gourmette en argent personnalis\u00e9e pour homme<\/u>: la gourmette est un mod\u00e8le tr\u00e8s ancien qui a travers\u00e9 des g\u00e9n\u00e9rations de gar\u00e7ons. Le pr\u00e9nom est grav\u00e9 au recto d\u2019une plaque mont\u00e9e sur une lourde cha\u00eene.<\/li>\n<\/ol>\n<h2><span class=\"ez-toc-section\" id=\"Quels_sont_les_colliers_personnalises_pour_homme\"><\/span>Quels sont les colliers personnalis\u00e9s pour homme\u00a0?<span class=\"ez-toc-section-end\"><\/span><\/h2>\n<figure id=\"attachment_333\" aria-describedby=\"caption-attachment-333\" style=\"width: 800px\" class=\"wp-caption alignnone\"><img loading=\"lazy\" decoding=\"async\" class=\"size-full wp-image-333\" src=\"https:\/\/www.marmottine.fr\/mag\/wp-content\/uploads\/2024\/03\/pendentif-homme-personnalise-empreinte.jpg\" alt=\"pendentif homme personnalis\u00e9 empreinte\" width=\"800\" height=\"800\" srcset=\"https:\/\/www.marmottine.fr\/mag\/wp-content\/uploads\/2024\/03\/pendentif-homme-personnalise-empreinte.jpg 800w, https:\/\/www.marmottine.fr\/mag\/wp-content\/uploads\/2024\/03\/pendentif-homme-personnalise-empreinte-300x300.jpg 300w, https:\/\/www.marmottine.fr\/mag\/wp-content\/uploads\/2024\/03\/pendentif-homme-personnalise-empreinte-150x150.jpg 150w, https:\/\/www.marmottine.fr\/mag\/wp-content\/uploads\/2024\/03\/pendentif-homme-personnalise-empreinte-768x768.jpg 768w\" sizes=\"(max-width: 800px) 100vw, 800px\" \/><figcaption id=\"caption-attachment-333\" class=\"wp-caption-text\">pendentif homme personnalis\u00e9 empreinte<\/figcaption><\/figure>\n<p>L\u2019autre bijou phare de ces messieurs est sans conteste le collier. Compos\u00e9 d\u2019une m\u00e9daille ou d\u2019un pendentif mont\u00e9 sur une cha\u00eene imposante, le collier pour homme est comme une seconde peau. Il a en g\u00e9n\u00e9ral une signification identitaire pour l\u2019homme qui le porte.<\/p>\n<p><strong>La m\u00e9daille personnalis\u00e9e pour homme<\/strong>\u00a0: certains messieurs portent leur m\u00e9daille de bapt\u00eame, une croix, ou toute autre signe distinctif comme l\u2019\u00e9toile de David pour les hommes de confession juive. Le m\u00e9daillon est g\u00e9n\u00e9ralement grav\u00e9 de leur pr\u00e9nom. La mode des m\u00e9dailles personnalis\u00e9es atteint aussi la gente masculine et il n\u2019est pas rare de voir un homme porter une m\u00e9daille simplement grav\u00e9e d\u2019un pr\u00e9nom, d\u2019une date ou d\u2019un texte. La m\u00e9daille personnalis\u00e9e pour homme peut \u00eatre ronde, carr\u00e9e, rectangulaire, ou toute autre forme qui apportera beaucoup d\u2019originalit\u00e9 \u00e0 la personnalisation.<\/p>\n<p><strong>La plaque militaire personnalis\u00e9e pour homme<\/strong>\u00a0: c\u2019est l\u2019un des mod\u00e8les embl\u00e9matiques des bijoux personnalis\u00e9s pour homme. Il s\u2019agit d\u2019un pendentif de forme rectangulaire qui s\u2019inspire des plaques port\u00e9es par les militaires au combat, sur lesquelles figure leur matricule. Signe de virilit\u00e9, elle est d\u00e9tourn\u00e9e en bijouterie et personnalis\u00e9e avec ce que l\u2019on veut (pr\u00e9nom, date, mot doux, coordonn\u00e9es GPS\u2026). Pour pousser la ressemblance jusqu\u2019au bout, on choisira une cha\u00eene boule pour la porter.<\/p>\n<p><strong>Le pendentif zodiaque personnalis\u00e9 pour homme<\/strong>\u00a0: le signe du zodiaque est une mani\u00e8re tr\u00e8s personnelle de se distinguer avec un bijou. Les hommes l\u2019ont bien compris et ont adopt\u00e9 ce style de pendentif \u00e0 leur cou. Les cr\u00e9ateurs de bijoux d\u00e9clinent \u00e0 l\u2019envi les 12 signes astrologiques\u00a0: modernes, classiques ou tr\u00e8s figuratifs. Il y en a pour tous les go\u00fbts masculins.<\/p>\n<h2><span class=\"ez-toc-section\" id=\"Quelles_sont_les_chevalieres_personnalisees_pour_homme\"><\/span>Quelles sont les chevali\u00e8res personnalis\u00e9es pour homme\u00a0?<span class=\"ez-toc-section-end\"><\/span><\/h2>\n<p>Impossible de parler des <strong>bijoux personnalis\u00e9s pour homme<\/strong> sans \u00e9voquer les chevali\u00e8res. Cette bague ancestrale a connu bien des changements au fil des si\u00e8cles et aujourd\u2019hui elle redevient \u00e0 la mode, sous plusieurs formes\u00a0:<\/p>\n<ul>\n<li><u>La chevali\u00e8re blason<\/u>\u00a0: souvent en or massif, cette bague volumineuse se porte g\u00e9n\u00e9ralement au petit doigt chez ces messieurs. Sur son plateau sont grav\u00e9es les armoiries de la famille. Cette chevali\u00e8re se transmet de g\u00e9n\u00e9ration en g\u00e9n\u00e9ration comme signe d\u2019appartenance \u00e0 une lign\u00e9e familiale.<\/li>\n<li><u>La chevali\u00e8re classique<\/u>\u00a0: c\u2019est la bague personnalis\u00e9e par excellence, celle que l\u2019on offre \u00e0 un gar\u00e7on pour un anniversaire embl\u00e9matique, un peu comme un rite initiatique. Elle refl\u00e8te la personnalit\u00e9 de son porteur et se personnalise avec ses initiales, en lettres soud\u00e9es ou grav\u00e9es.<\/li>\n<li><u>La chevali\u00e8re moderne<\/u>\u00a0: \u00e0 mi-chemin entre la bague homme et la chevali\u00e8re classique, la chevali\u00e8re moderne est tr\u00e8s \u00e9pur\u00e9e et change les codes avec des lignes droites et minimalistes.<\/li>\n<li><u>La chevali\u00e8re mode<\/u>\u00a0: r\u00e9apparue dans les collections depuis quelques ann\u00e9es, la mode s\u2019est empar\u00e9e de la chevali\u00e8re et l\u2019a modernis\u00e9e, en la personnalisant avec des ornements inattendues (croix, t\u00eate de mort, lion, aigle).<\/li>\n<\/ul>\n<h2><span class=\"ez-toc-section\" id=\"Quelle_matiere_pour_un_bijou_personnalise_homme\"><\/span>Quelle mati\u00e8re pour un bijou personnalis\u00e9 homme\u00a0?<span class=\"ez-toc-section-end\"><\/span><\/h2>\n<figure id=\"attachment_332\" aria-describedby=\"caption-attachment-332\" style=\"width: 800px\" class=\"wp-caption alignnone\"><img loading=\"lazy\" decoding=\"async\" class=\"size-full wp-image-332\" src=\"https:\/\/www.marmottine.fr\/mag\/wp-content\/uploads\/2024\/03\/bracelet-perle-homme-personnalise.jpg\" alt=\"bracelet perle homme personnalis\u00e9\" width=\"800\" height=\"800\" srcset=\"https:\/\/www.marmottine.fr\/mag\/wp-content\/uploads\/2024\/03\/bracelet-perle-homme-personnalise.jpg 800w, https:\/\/www.marmottine.fr\/mag\/wp-content\/uploads\/2024\/03\/bracelet-perle-homme-personnalise-300x300.jpg 300w, https:\/\/www.marmottine.fr\/mag\/wp-content\/uploads\/2024\/03\/bracelet-perle-homme-personnalise-150x150.jpg 150w, https:\/\/www.marmottine.fr\/mag\/wp-content\/uploads\/2024\/03\/bracelet-perle-homme-personnalise-768x768.jpg 768w\" sizes=\"(max-width: 800px) 100vw, 800px\" \/><figcaption id=\"caption-attachment-332\" class=\"wp-caption-text\">bracelet perle homme personnalis\u00e9<\/figcaption><\/figure>\n<p>On reconna\u00eet un bijou personnalis\u00e9 pour homme aux mat\u00e9riaux utilis\u00e9s. Certains sont classiques mais d\u2019autres sont d\u00e9tourn\u00e9s car ils apportent masculinit\u00e9 et virilit\u00e9. Ces mat\u00e9riaux correspondent \u00e9galement aux couleurs froides dites \u00ab\u00a0masculines\u00a0\u00bb comme le bleu, le noir, le vert et le marron.<\/p>\n<ul>\n<li>L\u2019or blanc\u00a0: cette couleur est plus souvent utilis\u00e9e que l\u2019or jaune pour les bijoux masculins.<\/li>\n<li>L\u2019argent\u00a0: moins cher que l\u2019or blanc mais pr\u00e9cieux, l\u2019argent est pl\u00e9biscit\u00e9 par ces messieurs.<\/li>\n<li>L\u2019acier inoxydable\u00a0: beaucoup utilis\u00e9 dans les bijoux fantaisie personnalis\u00e9s pour homme, pour son prix abordable et sa couleur proche de l\u2019argent.<\/li>\n<li>Le cuir\u00a0: mat\u00e9riau naturel et vivant, le cuir se patine dans le temps. Il apporte une touche d\u2019authenticit\u00e9 \u00e0 un bijou masculin.<\/li>\n<\/ul>\n<h2><span class=\"ez-toc-section\" id=\"Quand_offrir_un_bijou_personnalise_a_un_homme\"><\/span>Quand offrir un bijou personnalis\u00e9 \u00e0 un homme\u00a0?<span class=\"ez-toc-section-end\"><\/span><\/h2>\n<p><strong>Un bijou personnalis\u00e9 pour un papa<\/strong>\u00a0: la f\u00eate des p\u00e8res est l\u2019occasion id\u00e9ale pour offrir un bijou personnalis\u00e9 \u00e0 un homme, qu\u2019il soit papa depuis peu ou \u00e0 la t\u00eate d\u2019une tribu.<\/p>\n<p><strong>Un bijou personnalis\u00e9 pour son amoureux<\/strong>\u00a0: quel meilleur moyen de communiquer un message d\u2019amour sur un bijou personnalis\u00e9 pour son ch\u00e9ri\u00a0? La Saint-Valentin est le meilleur moment pour combler l\u2019homme de sa vie.<\/p>\n<p><strong>Un bijou personnalis\u00e9 pour un fr\u00e8re<\/strong>\u00a0: l\u2019amour fraternel est inconditionnel, il est sublim\u00e9 quand on le manifeste sur un bijou grav\u00e9 rien que pour lui. No\u00ebl, anniversaire, r\u00e9ussite professionnelle, tout \u00e9v\u00e9nement important pour un frangin peut \u00eatre immortalis\u00e9 par un bijou personnalis\u00e9.<\/p>\n<p><strong>Un bijou personnalis\u00e9 pour un ami<\/strong>\u00a0: l\u2019amiti\u00e9 est pr\u00e9cieuse, tout comme un bijou offert pour le lui rappeler. Pour son anniversaire, pour la journ\u00e9e de l\u2019amiti\u00e9, pour le remercier d\u2019un service rendu\u2026 quoi de plus symbolique qu\u2019un bijou personnalis\u00e9 pour se souvenir des moments qui entretiennent l\u2019amiti\u00e9\u00a0?<\/p>\n<p>&nbsp;<\/p>\n","protected":false},"excerpt":{"rendered":"<p>Quel bijou personnalis\u00e9 offrir \u00e0 un homme ? Depuis la nuit des temps et dans toutes les civilisations, les hommes [&hellip;]<\/p>\n","protected":false},"author":2,"featured_media":331,"parent":225,"menu_order":3,"comment_status":"closed","ping_status":"closed","template":"","meta":{"site-sidebar-layout":"default","site-content-layout":"","ast-site-content-layout":"default","site-content-style":"default","site-sidebar-style":"default","ast-global-header-display":"","ast-banner-title-visibility":"","ast-main-header-display":"","ast-hfb-above-header-display":"","ast-hfb-below-header-display":"","ast-hfb-mobile-header-display":"","site-post-title":"","ast-breadcrumbs-content":"","ast-featured-img":"","footer-sml-layout":"","theme-transparent-header-meta":"default","adv-header-id-meta":"","stick-header-meta":"","header-above-stick-meta":"","header-main-stick-meta":"","header-below-stick-meta":"","astra-migrate-meta-layouts":"set","ast-page-background-enabled":"default","ast-page-background-meta":{"desktop":{"background-color":"var(--ast-global-color-4)","background-image":"","background-repeat":"repeat","background-position":"center center","background-size":"auto","background-attachment":"scroll","background-type":"","background-media":"","overlay-type":"","overlay-color":"","overlay-gradient":""},"tablet":{"background-color":"","background-image":"","background-repeat":"repeat","background-position":"center center","background-size":"auto","background-attachment":"scroll","background-type":"","background-media":"","overlay-type":"","overlay-color":"","overlay-gradient":""},"mobile":{"background-color":"","background-image":"","background-repeat":"repeat","background-position":"center center","background-size":"auto","background-attachment":"scroll","background-type":"","background-media":"","overlay-type":"","overlay-color":"","overlay-gradient":""}},"ast-content-background-meta":{"desktop":{"background-color":"var(--ast-global-color-5)","background-image":"","background-repeat":"repeat","background-position":"center center","background-size":"auto","background-attachment":"scroll","background-type":"","background-media":"","overlay-type":"","overlay-color":"","overlay-gradient":""},"tablet":{"background-color":"var(--ast-global-color-5)","background-image":"","background-repeat":"repeat","background-position":"center center","background-size":"auto","background-attachment":"scroll","background-type":"","background-media":"","overlay-type":"","overlay-color":"","overlay-gradient":""},"mobile":{"background-color":"var(--ast-global-color-5)","background-image":"","background-repeat":"repeat","background-position":"center center","background-size":"auto","background-attachment":"scroll","background-type":"","background-media":"","overlay-type":"","overlay-color":"","overlay-gradient":""}},"footnotes":""},"aioseo_notices":[],"_links":{"self":[{"href":"https:\/\/www.marmottine.fr\/mag\/wp-json\/wp\/v2\/pages\/233"}],"collection":[{"href":"https:\/\/www.marmottine.fr\/mag\/wp-json\/wp\/v2\/pages"}],"about":[{"href":"https:\/\/www.marmottine.fr\/mag\/wp-json\/wp\/v2\/types\/page"}],"author":[{"embeddable":true,"href":"https:\/\/www.marmottine.fr\/mag\/wp-json\/wp\/v2\/users\/2"}],"replies":[{"embeddable":true,"href":"https:\/\/www.marmottine.fr\/mag\/wp-json\/wp\/v2\/comments?post=233"}],"version-history":[{"count":5,"href":"https:\/\/www.marmottine.fr\/mag\/wp-json\/wp\/v2\/pages\/233\/revisions"}],"predecessor-version":[{"id":592,"href":"https:\/\/www.marmottine.fr\/mag\/wp-json\/wp\/v2\/pages\/233\/revisions\/592"}],"up":[{"embeddable":true,"href":"https:\/\/www.marmottine.fr\/mag\/wp-json\/wp\/v2\/pages\/225"}],"wp:featuredmedia":[{"embeddable":true,"href":"https:\/\/www.marmottine.fr\/mag\/wp-json\/wp\/v2\/media\/331"}],"wp:attachment":[{"href":"https:\/\/www.marmottine.fr\/mag\/wp-json\/wp\/v2\/media?parent=233"}],"curies":[{"name":"wp","href":"https:\/\/api.w.org\/{rel}","templated":true}]}}