{"id":220,"date":"2024-04-09T11:03:17","date_gmt":"2024-04-09T09:03:17","guid":{"rendered":"https:\/\/www.marmottine.fr\/mag\/?page_id=220"},"modified":"2024-11-04T18:32:47","modified_gmt":"2024-11-04T17:32:47","slug":"medaille-personnalisee","status":"publish","type":"page","link":"https:\/\/www.marmottine.fr\/mag\/guides\/bijoux-personnalises\/choisir\/medaille-personnalisee","title":{"rendered":"Que choisir comme m\u00e9daille personnalis\u00e9e ?"},"content":{"rendered":"<h1><span class=\"ez-toc-section\" id=\"Que_choisir_comme_medaille_personnalisee\"><\/span>Que choisir comme m\u00e9daille personnalis\u00e9e ?<span class=\"ez-toc-section-end\"><\/span><\/h1><div id=\"ez-toc-container\" class=\"ez-toc-v2_0_69_1 counter-hierarchy ez-toc-counter ez-toc-grey ez-toc-container-direction\">\n<div class=\"ez-toc-title-container\">\n<p class=\"ez-toc-title\" style=\"cursor:inherit\">Sommaire<\/p>\n<span class=\"ez-toc-title-toggle\"><a href=\"#\" class=\"ez-toc-pull-right ez-toc-btn ez-toc-btn-xs ez-toc-btn-default ez-toc-toggle\" aria-label=\"Toggle Table of Content\"><span class=\"ez-toc-js-icon-con\"><span class=\"\"><span class=\"eztoc-hide\" style=\"display:none;\">Toggle<\/span><span class=\"ez-toc-icon-toggle-span\"><svg style=\"fill: #999;color:#999\" xmlns=\"http:\/\/www.w3.org\/2000\/svg\" class=\"list-377408\" width=\"20px\" height=\"20px\" viewBox=\"0 0 24 24\" fill=\"none\"><path d=\"M6 6H4v2h2V6zm14 0H8v2h12V6zM4 11h2v2H4v-2zm16 0H8v2h12v-2zM4 16h2v2H4v-2zm16 0H8v2h12v-2z\" fill=\"currentColor\"><\/path><\/svg><svg style=\"fill: #999;color:#999\" class=\"arrow-unsorted-368013\" xmlns=\"http:\/\/www.w3.org\/2000\/svg\" width=\"10px\" height=\"10px\" viewBox=\"0 0 24 24\" version=\"1.2\" baseProfile=\"tiny\"><path d=\"M18.2 9.3l-6.2-6.3-6.2 6.3c-.2.2-.3.4-.3.7s.1.5.3.7c.2.2.4.3.7.3h11c.3 0 .5-.1.7-.3.2-.2.3-.5.3-.7s-.1-.5-.3-.7zM5.8 14.7l6.2 6.3 6.2-6.3c.2-.2.3-.5.3-.7s-.1-.5-.3-.7c-.2-.2-.4-.3-.7-.3h-11c-.3 0-.5.1-.7.3-.2.2-.3.5-.3.7s.1.5.3.7z\"\/><\/svg><\/span><\/span><\/span><\/a><\/span><\/div>\n<nav><ul class='ez-toc-list ez-toc-list-level-1 ' ><li class='ez-toc-page-1 ez-toc-heading-level-1'><a class=\"ez-toc-link ez-toc-heading-1\" href=\"https:\/\/www.marmottine.fr\/mag\/guides\/bijoux-personnalises\/choisir\/medaille-personnalisee\/#Que_choisir_comme_medaille_personnalisee\" title=\"Que choisir comme m\u00e9daille personnalis\u00e9e ?\">Que choisir comme m\u00e9daille personnalis\u00e9e ?<\/a><ul class='ez-toc-list-level-2' ><li class='ez-toc-heading-level-2'><a class=\"ez-toc-link ez-toc-heading-2\" href=\"https:\/\/www.marmottine.fr\/mag\/guides\/bijoux-personnalises\/choisir\/medaille-personnalisee\/#Quest-ce_quune_medaille_personnalisee\" title=\"Qu\u2019est-ce qu\u2019une m\u00e9daille personnalis\u00e9e\u00a0?\">Qu\u2019est-ce qu\u2019une m\u00e9daille personnalis\u00e9e\u00a0?<\/a><\/li><li class='ez-toc-page-1 ez-toc-heading-level-2'><a class=\"ez-toc-link ez-toc-heading-3\" href=\"https:\/\/www.marmottine.fr\/mag\/guides\/bijoux-personnalises\/choisir\/medaille-personnalisee\/#Quels_sont_les_differents_types_de_medailles_personnalisees\" title=\"Quels sont les diff\u00e9rents types de m\u00e9dailles personnalis\u00e9es\">Quels sont les diff\u00e9rents types de m\u00e9dailles personnalis\u00e9es<\/a><\/li><li class='ez-toc-page-1 ez-toc-heading-level-2'><a class=\"ez-toc-link ez-toc-heading-4\" href=\"https:\/\/www.marmottine.fr\/mag\/guides\/bijoux-personnalises\/choisir\/medaille-personnalisee\/#Comment_choisir_une_medaille_personnalisee_pour_femme\" title=\"Comment choisir une m\u00e9daille personnalis\u00e9e pour femme\u00a0?\">Comment choisir une m\u00e9daille personnalis\u00e9e pour femme\u00a0?<\/a><\/li><li class='ez-toc-page-1 ez-toc-heading-level-2'><a class=\"ez-toc-link ez-toc-heading-5\" href=\"https:\/\/www.marmottine.fr\/mag\/guides\/bijoux-personnalises\/choisir\/medaille-personnalisee\/#Comment_choisir_une_medaille_personnalisee_pour_homme\" title=\"Comment choisir une m\u00e9daille personnalis\u00e9e pour homme\u00a0?\">Comment choisir une m\u00e9daille personnalis\u00e9e pour homme\u00a0?<\/a><\/li><li class='ez-toc-page-1 ez-toc-heading-level-2'><a class=\"ez-toc-link ez-toc-heading-6\" href=\"https:\/\/www.marmottine.fr\/mag\/guides\/bijoux-personnalises\/choisir\/medaille-personnalisee\/#Comment_choisir_une_medaille_personnalisee_pour_enfant\" title=\"Comment choisir une m\u00e9daille personnalis\u00e9e pour enfant\u00a0?\">Comment choisir une m\u00e9daille personnalis\u00e9e pour enfant\u00a0?<\/a><\/li><li class='ez-toc-page-1 ez-toc-heading-level-2'><a class=\"ez-toc-link ez-toc-heading-7\" href=\"https:\/\/www.marmottine.fr\/mag\/guides\/bijoux-personnalises\/choisir\/medaille-personnalisee\/#Quelle_gravure_sur_une_medaille_personnalisee\" title=\"Quelle gravure sur une m\u00e9daille personnalis\u00e9e\u00a0?\">Quelle gravure sur une m\u00e9daille personnalis\u00e9e\u00a0?<\/a><\/li><li class='ez-toc-page-1 ez-toc-heading-level-2'><a class=\"ez-toc-link ez-toc-heading-8\" href=\"https:\/\/www.marmottine.fr\/mag\/guides\/bijoux-personnalises\/choisir\/medaille-personnalisee\/#A_quelle_occasion_offrir_une_medaille_personnalisee\" title=\"A quelle occasion offrir une m\u00e9daille personnalis\u00e9e\u00a0?\">A quelle occasion offrir une m\u00e9daille personnalis\u00e9e\u00a0?<\/a><\/li><\/ul><\/li><\/ul><\/nav><\/div>\n\n<figure id=\"attachment_313\" aria-describedby=\"caption-attachment-313\" style=\"width: 800px\" class=\"wp-caption alignnone\"><img loading=\"lazy\" decoding=\"async\" class=\"size-full wp-image-313\" src=\"https:\/\/www.marmottine.fr\/mag\/wp-content\/uploads\/2024\/03\/medaille-plaque-or-personnalisee.jpg\" alt=\"m\u00e9daille plaqu\u00e9 or personnalis\u00e9e\" width=\"800\" height=\"800\" srcset=\"https:\/\/www.marmottine.fr\/mag\/wp-content\/uploads\/2024\/03\/medaille-plaque-or-personnalisee.jpg 800w, https:\/\/www.marmottine.fr\/mag\/wp-content\/uploads\/2024\/03\/medaille-plaque-or-personnalisee-300x300.jpg 300w, https:\/\/www.marmottine.fr\/mag\/wp-content\/uploads\/2024\/03\/medaille-plaque-or-personnalisee-150x150.jpg 150w, https:\/\/www.marmottine.fr\/mag\/wp-content\/uploads\/2024\/03\/medaille-plaque-or-personnalisee-768x768.jpg 768w\" sizes=\"(max-width: 800px) 100vw, 800px\" \/><figcaption id=\"caption-attachment-313\" class=\"wp-caption-text\">m\u00e9daille plaqu\u00e9 or personnalis\u00e9e<\/figcaption><\/figure>\n<p>La m\u00e9daille personnalis\u00e9e est un bijou tr\u00e8s tendance depuis plusieurs saisons. On la retrouve parmi les bijoux pour femmes, hommes et enfants. Toutes les formes existent, des plus classiques aux plus originales. On en trouve de toutes tailles, des plus minimalistes aux plus voyantes. La m\u00e9daille est un <strong><a href=\"https:\/\/www.marmottine.fr\/mag\/guides\/bijoux-personnalises\/choisir\">excellent choix de bijou personnalis\u00e9<\/a><\/strong> qui offre des possibilit\u00e9s de gravures infinies\u00a0: texte, photo, dessin, empreinte\u2026 on peut tout graver sur une m\u00e9daille personnalis\u00e9e. Son petit plus\u00a0: c\u2019est le cadeau id\u00e9al pour tous les \u00e9v\u00e9nements de la vie, que l\u2019on peut porter au quotidien sans s\u2019en lasser.<\/p>\n<h2><span class=\"ez-toc-section\" id=\"Quest-ce_quune_medaille_personnalisee\"><\/span>Qu\u2019est-ce qu\u2019une m\u00e9daille personnalis\u00e9e\u00a0?<span class=\"ez-toc-section-end\"><\/span><\/h2>\n<p>Une m\u00e9daille est un pendentif \u00e0 la surface lisse permettant d\u2019accueillir une <u>gravure<\/u>. Par d\u00e9finition, une m\u00e9daille est donc personnalis\u00e9e.<\/p>\n<p>Il en existe de <u>plusieurs formes<\/u>\u00a0: des m\u00e9dailles rondes, carr\u00e9es, rectangulaires, ovales, voire m\u00eame de formes inattendues comme un nuage, un c\u0153ur, un personnage.<\/p>\n<p>Et on en trouve de <u>diff\u00e9rentes tailles<\/u> selon qu\u2019elles sont destin\u00e9es \u00e0 un enfant ou un adulte.<\/p>\n<h2><span class=\"ez-toc-section\" id=\"Quels_sont_les_differents_types_de_medailles_personnalisees\"><\/span>Quels sont les diff\u00e9rents types de m\u00e9dailles personnalis\u00e9es<span class=\"ez-toc-section-end\"><\/span><\/h2>\n<p>On diff\u00e9rencie deux principales cat\u00e9gories de m\u00e9dailles personnalis\u00e9es\u00a0:<\/p>\n<p><strong>Les m\u00e9dailles de r\u00e9compense<\/strong>\u00a0: les m\u00e9dailles sportives, les m\u00e9dailles militaires, les m\u00e9dailles du m\u00e9rite et autres m\u00e9dailles du travail. Ces m\u00e9dailles sont personnalis\u00e9es en reprenant l\u2019\u00e9v\u00e9nement pour lequel elles sont fabriqu\u00e9es et remises, un peu comme un troph\u00e9e.<\/p>\n<p><strong>Les m\u00e9dailles de cou<\/strong>\u00a0: ce sont celles qui nous int\u00e9ressent ici. Il s\u2019agit de bijoux, des m\u00e9dailles port\u00e9es en collier, en souvenir d\u2019un \u00e9v\u00e9nement important comme une f\u00eate religieuse ou un anniversaire. En g\u00e9n\u00e9ral, le recto repr\u00e9sente une illustration et le verso est lisse pour pouvoir faire graver un pr\u00e9nom et une date.<\/p>\n<p>Par extension, on appelle \u00e9galement m\u00e9daille le pendentif que l\u2019on accroche au cou de nos compagnons \u00e0 quatre pattes, chiens et chat, reprenant leur nom et les coordonn\u00e9es de leurs ma\u00eetres.<\/p>\n<h2><span class=\"ez-toc-section\" id=\"Comment_choisir_une_medaille_personnalisee_pour_femme\"><\/span>Comment choisir une m\u00e9daille personnalis\u00e9e pour femme\u00a0?<span class=\"ez-toc-section-end\"><\/span><\/h2>\n<figure id=\"attachment_310\" aria-describedby=\"caption-attachment-310\" style=\"width: 800px\" class=\"wp-caption alignnone\"><img loading=\"lazy\" decoding=\"async\" class=\"size-full wp-image-310\" src=\"https:\/\/www.marmottine.fr\/mag\/wp-content\/uploads\/2024\/03\/medaille-damour-personnalisee.jpg\" alt=\"m\u00e9daille d'amour personnalis\u00e9e\" width=\"800\" height=\"800\" srcset=\"https:\/\/www.marmottine.fr\/mag\/wp-content\/uploads\/2024\/03\/medaille-damour-personnalisee.jpg 800w, https:\/\/www.marmottine.fr\/mag\/wp-content\/uploads\/2024\/03\/medaille-damour-personnalisee-300x300.jpg 300w, https:\/\/www.marmottine.fr\/mag\/wp-content\/uploads\/2024\/03\/medaille-damour-personnalisee-150x150.jpg 150w, https:\/\/www.marmottine.fr\/mag\/wp-content\/uploads\/2024\/03\/medaille-damour-personnalisee-768x768.jpg 768w\" sizes=\"(max-width: 800px) 100vw, 800px\" \/><figcaption id=\"caption-attachment-310\" class=\"wp-caption-text\">m\u00e9daille d&rsquo;amour personnalis\u00e9e<\/figcaption><\/figure>\n<p>La <strong>m\u00e9daille personnalis\u00e9e pour femme<\/strong> a fait son grand retour dans les ann\u00e9es 2010, sous l\u2019impulsion des bijoux personnalis\u00e9s. Valeur s\u00fbre pour faire plaisir \u00e0 une femme, la m\u00e9daille se porte de mille et une fa\u00e7ons, seule en ras de cou ou superpos\u00e9e avec d\u2019autres \u00e0 diff\u00e9rentes hauteurs.<\/p>\n<p><strong><u>La m\u00e9daille ronde personnalis\u00e9e pour femme<\/u><\/strong>\u00a0: elle est la plus classique et la plus fr\u00e9quemment rencontr\u00e9e. Au verso, elle peut repr\u00e9senter diff\u00e9rents motifs grav\u00e9s ou en relief. Tous les th\u00e8mes sont repr\u00e9sent\u00e9s (la maternit\u00e9, l\u2019amour, la religion, une passion). Son contour est parfois ouvrag\u00e9\u00a0: dentel\u00e9, perl\u00e9, lapid\u00e9, pour lui donner plus de relief et de caract\u00e8re. Sa taille varie de 14 mm pour les plus petites \u00e0 20 voire 30 mm pour les gros m\u00e9daillons. Les plus minimalistes pr\u00e9f\u00e8rent les m\u00e9dailles simples, aux deux faces lisses, laissant la possibilit\u00e9 de graver un texte au recto et au verso.<\/p>\n<p><strong><u>La m\u00e9daille originale personnalis\u00e9e pour femme<\/u><\/strong>\u00a0: toutes les fantaisies son permises et l\u2019on voit appara\u00eetre des m\u00e9dailles de formes inattendues. Des m\u00e9dailles ovales, d\u2019autres hexagonales ou octogonales, des m\u00e9dailles en forme de c\u0153ur, de clef, de cadenas. Toutes sont personnalisable au recto comme au verso.<\/p>\n<h2><span class=\"ez-toc-section\" id=\"Comment_choisir_une_medaille_personnalisee_pour_homme\"><\/span>Comment choisir une m\u00e9daille personnalis\u00e9e pour homme\u00a0?<span class=\"ez-toc-section-end\"><\/span><\/h2>\n<p>La m\u00e9daille pour homme s\u2019adapte \u00e0 la corpulence de ces messieurs, avec des dimensions plus g\u00e9n\u00e9reuses que pour les dames. Les m\u00e9dailles personnalis\u00e9es pour homme sont sup\u00e9rieures ou \u00e9gales \u00e0 20 mm de diam\u00e8tre. L\u00e0 encore, la grande diversit\u00e9 des bijoux personnalis\u00e9s offre aux hommes de nombreux mod\u00e8les, mais on retiendra des formes plut\u00f4t carr\u00e9es ou rectangulaires.<\/p>\n<p>La m\u00e9daille militaire\u00a0est un bel exemple de m\u00e9daille personnalis\u00e9e pour homme. Inspir\u00e9e des m\u00e9dailles port\u00e9es par les soldats, c\u2019est un mod\u00e8le rectangulaire sur lequel on peut graver le pedigree de la personne. En argent ou, plus pr\u00e9cieux, en or blanc, la m\u00e9daille militaire est devenue un grand classique en bijouterie.<\/p>\n<h2><span class=\"ez-toc-section\" id=\"Comment_choisir_une_medaille_personnalisee_pour_enfant\"><\/span>Comment choisir une m\u00e9daille personnalis\u00e9e pour enfant\u00a0?<span class=\"ez-toc-section-end\"><\/span><\/h2>\n<figure id=\"attachment_311\" aria-describedby=\"caption-attachment-311\" style=\"width: 800px\" class=\"wp-caption alignnone\"><img loading=\"lazy\" decoding=\"async\" class=\"size-full wp-image-311\" src=\"https:\/\/www.marmottine.fr\/mag\/wp-content\/uploads\/2024\/03\/medaille-dauphin-personnalisee.jpg\" alt=\"m\u00e9daille dauphin personnalis\u00e9e\" width=\"800\" height=\"800\" srcset=\"https:\/\/www.marmottine.fr\/mag\/wp-content\/uploads\/2024\/03\/medaille-dauphin-personnalisee.jpg 800w, https:\/\/www.marmottine.fr\/mag\/wp-content\/uploads\/2024\/03\/medaille-dauphin-personnalisee-300x300.jpg 300w, https:\/\/www.marmottine.fr\/mag\/wp-content\/uploads\/2024\/03\/medaille-dauphin-personnalisee-150x150.jpg 150w, https:\/\/www.marmottine.fr\/mag\/wp-content\/uploads\/2024\/03\/medaille-dauphin-personnalisee-768x768.jpg 768w\" sizes=\"(max-width: 800px) 100vw, 800px\" \/><figcaption id=\"caption-attachment-311\" class=\"wp-caption-text\">m\u00e9daille dauphin personnalis\u00e9e<\/figcaption><\/figure>\n<p>C\u2019est bien souvent le premier bijou d\u2019un enfant, sa m\u00e9daille de bapt\u00eame. Elle est offerte par le parrain et la marraine, en concertation avec les parents. Et dans les familles non pratiquantes, il est courant d\u2019offrir une m\u00e9daille personnalis\u00e9e comme premier cadeau pour marquer la naissance de l\u2019enfant ou l\u2019un de ses premiers anniversaires.<\/p>\n<p><u>La m\u00e9daille de bapt\u00eame personnalis\u00e9e<\/u> : cette m\u00e9daille repr\u00e9sente au recto un dessin d\u2019un personnage de la Bible ou des Evangiles, et il est d\u2019usage de graver le pr\u00e9nom de l\u2019enfant ainsi que sa date de naissance au verso. Cette m\u00e9daille religieuse est traditionnellement une m\u00e9daille en or jaune 18 carats et elle est offerte sur une cha\u00eene assortie afin que l\u2019enfant puisse la porter tout de suite.<\/p>\n<p><u>La m\u00e9daille la\u00efque personnalis\u00e9e<\/u>\u00a0: le th\u00e8me de l\u2019illustration au recto n\u2019est pas impos\u00e9 et toutes les fantaisies sont permises. Certaines personnes optent pour le th\u00e8me de la petite enfance (un nounours, un lapin, un ange), d\u2019autres pour un symbole (une \u00e9toile, un soleil, un c\u0153ur) d\u2019autres encore pour un motif personnalis\u00e9 comme les empreintes de main de l\u2019enfant ou un dessin r\u00e9alis\u00e9 sp\u00e9cialement pour lui.<\/p>\n<h2><span class=\"ez-toc-section\" id=\"Quelle_gravure_sur_une_medaille_personnalisee\"><\/span>Quelle gravure sur une m\u00e9daille personnalis\u00e9e\u00a0?<span class=\"ez-toc-section-end\"><\/span><\/h2>\n<p>En fonction de la personne \u00e0 qui s\u2019adresse la m\u00e9daille, on peut imaginer tout type de gravure.<\/p>\n<p><u>Une gravure discr\u00e8te<\/u>\u00a0: un pr\u00e9nom, une date, des initiales, parfois ces simples \u00e9l\u00e9ments suffisent pour rendre une m\u00e9daille unique pour son destinataire.<\/p>\n<p><u>Une gravure inspir\u00e9e<\/u>\u00a0: si la surface du m\u00e9daillon le permet, la gravure peut prendre des allures de billet doux, avec un message plus ou moins long, tr\u00e8s personnel, et pourquoi pas une citation ou l\u2019extrait d\u2019un po\u00e8me.<\/p>\n<p><u>Une gravure originale<\/u>\u00a0: coordonn\u00e9es GPS, plan de ville, empreinte digitale, dessin d\u2019enfant, photo\u2026 on peut tout graver sur une m\u00e9daille. Les m\u00e9dailles personnalis\u00e9es d\u2019aujourd\u2019hui, surtout en bijouterie fantaisie, laissent place \u00e0 notre imagination pour des r\u00e9sultats spectaculaires.<\/p>\n<h2><span class=\"ez-toc-section\" id=\"A_quelle_occasion_offrir_une_medaille_personnalisee\"><\/span>A quelle occasion offrir une m\u00e9daille personnalis\u00e9e\u00a0?<span class=\"ez-toc-section-end\"><\/span><\/h2>\n<p>L\u2019essence m\u00eame de ce bijou, sa personnalisation, en fait un cadeau pr\u00e9cieux d\u00e9di\u00e9 \u00e0 une personne unique. C\u2019est pourquoi la m\u00e9daille personnalis\u00e9e s\u2019offre lors d\u2019occasions bien particuli\u00e8res, t\u00e9moins de moments forts de la vie\u00a0:<\/p>\n<p><strong>La naissance<\/strong>\u00a0: pour b\u00e9b\u00e9 ou sa maman, la m\u00e9daille est un souvenir inoubliable de ce moment magique.<\/p>\n<p><strong>Les \u00e9v\u00e9nements religieux<\/strong>\u00a0: bapt\u00eame et communion sont deux \u00e9v\u00e9nements importants dans la vie d\u2019un chr\u00e9tien\u00a0; la m\u00e9daille personnalis\u00e9e un moyen de les immortaliser.<\/p>\n<p><strong>Les anniversaires<\/strong>\u00a0: certains anniversaires sont embl\u00e9matiques (les 20 ans, les 40 ans, les 60 ans\u2026) tout comme les noces de mariage (noces de coton, noces d\u2019argent, noces d\u2019or\u2026), autant de pr\u00e9texte \u00e0 offrir une m\u00e9daille sur laquelle on rappellera l\u2019\u00e9v\u00e9nement avec une gravure personnalis\u00e9e.<\/p>\n<p><strong>Une r\u00e9ussite scolaire ou professionnelle<\/strong>\u00a0: le baccalaur\u00e9at, le permis, un nouveau poste, une promotion\u2026 une jolie m\u00e9daille sera l\u00e0 pour rappeler ce moment fort de la vie.<\/p>\n<p>D\u00e9couvrez aussi <a href=\"https:\/\/www.marmottine.fr\/mag\/guides\/bijoux-personnalises\/choisir\/medaille-personnalisee\/la-medaille-damour-fait-son-grand-retour\">la m\u00e9daille d&rsquo;amour<\/a>, <a href=\"https:\/\/www.marmottine.fr\/mag\/guides\/bijoux-personnalises\/choisir\/medaille-personnalisee\/la-veritable-histoire-de-la-medaille-miraculeuse\">la m\u00e9daille miraculeuse<\/a> et enfin <a href=\"https:\/\/www.marmottine.fr\/mag\/guides\/bijoux-personnalises\/choisir\/medaille-personnalisee\/le-grand-retour-de-la-medaille\">la tendance du retour des m\u00e9dailles<\/a> !<\/p>\n","protected":false},"excerpt":{"rendered":"<p>Que choisir comme m\u00e9daille personnalis\u00e9e ? La m\u00e9daille personnalis\u00e9e est un bijou tr\u00e8s tendance depuis plusieurs saisons. On la retrouve [&hellip;]<\/p>\n","protected":false},"author":2,"featured_media":313,"parent":205,"menu_order":7,"comment_status":"closed","ping_status":"closed","template":"","meta":{"site-sidebar-layout":"default","site-content-layout":"","ast-site-content-layout":"default","site-content-style":"default","site-sidebar-style":"default","ast-global-header-display":"","ast-banner-title-visibility":"","ast-main-header-display":"","ast-hfb-above-header-display":"","ast-hfb-below-header-display":"","ast-hfb-mobile-header-display":"","site-post-title":"","ast-breadcrumbs-content":"","ast-featured-img":"","footer-sml-layout":"","theme-transparent-header-meta":"default","adv-header-id-meta":"","stick-header-meta":"","header-above-stick-meta":"","header-main-stick-meta":"","header-below-stick-meta":"","astra-migrate-meta-layouts":"set","ast-page-background-enabled":"default","ast-page-background-meta":{"desktop":{"background-color":"var(--ast-global-color-4)","background-image":"","background-repeat":"repeat","background-position":"center center","background-size":"auto","background-attachment":"scroll","background-type":"","background-media":"","overlay-type":"","overlay-color":"","overlay-gradient":""},"tablet":{"background-color":"","background-image":"","background-repeat":"repeat","background-position":"center center","background-size":"auto","background-attachment":"scroll","background-type":"","background-media":"","overlay-type":"","overlay-color":"","overlay-gradient":""},"mobile":{"background-color":"","background-image":"","background-repeat":"repeat","background-position":"center center","background-size":"auto","background-attachment":"scroll","background-type":"","background-media":"","overlay-type":"","overlay-color":"","overlay-gradient":""}},"ast-content-background-meta":{"desktop":{"background-color":"var(--ast-global-color-5)","background-image":"","background-repeat":"repeat","background-position":"center center","background-size":"auto","background-attachment":"scroll","background-type":"","background-media":"","overlay-type":"","overlay-color":"","overlay-gradient":""},"tablet":{"background-color":"var(--ast-global-color-5)","background-image":"","background-repeat":"repeat","background-position":"center center","background-size":"auto","background-attachment":"scroll","background-type":"","background-media":"","overlay-type":"","overlay-color":"","overlay-gradient":""},"mobile":{"background-color":"var(--ast-global-color-5)","background-image":"","background-repeat":"repeat","background-position":"center center","background-size":"auto","background-attachment":"scroll","background-type":"","background-media":"","overlay-type":"","overlay-color":"","overlay-gradient":""}},"footnotes":""},"aioseo_notices":[],"_links":{"self":[{"href":"https:\/\/www.marmottine.fr\/mag\/wp-json\/wp\/v2\/pages\/220"}],"collection":[{"href":"https:\/\/www.marmottine.fr\/mag\/wp-json\/wp\/v2\/pages"}],"about":[{"href":"https:\/\/www.marmottine.fr\/mag\/wp-json\/wp\/v2\/types\/page"}],"author":[{"embeddable":true,"href":"https:\/\/www.marmottine.fr\/mag\/wp-json\/wp\/v2\/users\/2"}],"replies":[{"embeddable":true,"href":"https:\/\/www.marmottine.fr\/mag\/wp-json\/wp\/v2\/comments?post=220"}],"version-history":[{"count":5,"href":"https:\/\/www.marmottine.fr\/mag\/wp-json\/wp\/v2\/pages\/220\/revisions"}],"predecessor-version":[{"id":1300,"href":"https:\/\/www.marmottine.fr\/mag\/wp-json\/wp\/v2\/pages\/220\/revisions\/1300"}],"up":[{"embeddable":true,"href":"https:\/\/www.marmottine.fr\/mag\/wp-json\/wp\/v2\/pages\/205"}],"wp:featuredmedia":[{"embeddable":true,"href":"https:\/\/www.marmottine.fr\/mag\/wp-json\/wp\/v2\/media\/313"}],"wp:attachment":[{"href":"https:\/\/www.marmottine.fr\/mag\/wp-json\/wp\/v2\/media?parent=220"}],"curies":[{"name":"wp","href":"https:\/\/api.w.org\/{rel}","templated":true}]}}