{"id":190,"date":"2024-04-05T20:50:56","date_gmt":"2024-04-05T18:50:56","guid":{"rendered":"https:\/\/www.marmottine.fr\/mag\/?page_id=190"},"modified":"2024-04-09T16:18:34","modified_gmt":"2024-04-09T14:18:34","slug":"comment-choisir-un-bijou-personnage","status":"publish","type":"page","link":"https:\/\/www.marmottine.fr\/mag\/guides\/bijoux-personnalises\/forme\/comment-choisir-un-bijou-personnage","title":{"rendered":"Comment choisir un bijou personnalis\u00e9 personnage ?"},"content":{"rendered":"<h1><span class=\"ez-toc-section\" id=\"Comment_choisir_un_bijou_personnalise_personnage\"><\/span>Comment choisir un bijou personnalis\u00e9 personnage ?<span class=\"ez-toc-section-end\"><\/span><\/h1><div id=\"ez-toc-container\" class=\"ez-toc-v2_0_69_1 counter-hierarchy ez-toc-counter ez-toc-grey ez-toc-container-direction\">\n<div class=\"ez-toc-title-container\">\n<p class=\"ez-toc-title\" style=\"cursor:inherit\">Sommaire<\/p>\n<span class=\"ez-toc-title-toggle\"><a href=\"#\" class=\"ez-toc-pull-right ez-toc-btn ez-toc-btn-xs ez-toc-btn-default ez-toc-toggle\" aria-label=\"Toggle Table of Content\"><span class=\"ez-toc-js-icon-con\"><span class=\"\"><span class=\"eztoc-hide\" style=\"display:none;\">Toggle<\/span><span class=\"ez-toc-icon-toggle-span\"><svg style=\"fill: #999;color:#999\" xmlns=\"http:\/\/www.w3.org\/2000\/svg\" class=\"list-377408\" width=\"20px\" height=\"20px\" viewBox=\"0 0 24 24\" fill=\"none\"><path d=\"M6 6H4v2h2V6zm14 0H8v2h12V6zM4 11h2v2H4v-2zm16 0H8v2h12v-2zM4 16h2v2H4v-2zm16 0H8v2h12v-2z\" fill=\"currentColor\"><\/path><\/svg><svg style=\"fill: #999;color:#999\" class=\"arrow-unsorted-368013\" xmlns=\"http:\/\/www.w3.org\/2000\/svg\" width=\"10px\" height=\"10px\" viewBox=\"0 0 24 24\" version=\"1.2\" baseProfile=\"tiny\"><path d=\"M18.2 9.3l-6.2-6.3-6.2 6.3c-.2.2-.3.4-.3.7s.1.5.3.7c.2.2.4.3.7.3h11c.3 0 .5-.1.7-.3.2-.2.3-.5.3-.7s-.1-.5-.3-.7zM5.8 14.7l6.2 6.3 6.2-6.3c.2-.2.3-.5.3-.7s-.1-.5-.3-.7c-.2-.2-.4-.3-.7-.3h-11c-.3 0-.5.1-.7.3-.2.2-.3.5-.3.7s.1.5.3.7z\"\/><\/svg><\/span><\/span><\/span><\/a><\/span><\/div>\n<nav><ul class='ez-toc-list ez-toc-list-level-1 ' ><li class='ez-toc-page-1 ez-toc-heading-level-1'><a class=\"ez-toc-link ez-toc-heading-1\" href=\"https:\/\/www.marmottine.fr\/mag\/guides\/bijoux-personnalises\/forme\/comment-choisir-un-bijou-personnage\/#Comment_choisir_un_bijou_personnalise_personnage\" title=\"Comment choisir un bijou personnalis\u00e9 personnage ?\">Comment choisir un bijou personnalis\u00e9 personnage ?<\/a><ul class='ez-toc-list-level-2' ><li class='ez-toc-heading-level-2'><a class=\"ez-toc-link ez-toc-heading-2\" href=\"https:\/\/www.marmottine.fr\/mag\/guides\/bijoux-personnalises\/forme\/comment-choisir-un-bijou-personnage\/#Quels_sont_les_types_de_bijoux_personnage\" title=\"Quels sont les types de bijoux personnage\u00a0?\">Quels sont les types de bijoux personnage\u00a0?<\/a><\/li><li class='ez-toc-page-1 ez-toc-heading-level-2'><a class=\"ez-toc-link ez-toc-heading-3\" href=\"https:\/\/www.marmottine.fr\/mag\/guides\/bijoux-personnalises\/forme\/comment-choisir-un-bijou-personnage\/#Comment_choisir_un_collier_personnalise_avec_personnage\" title=\"Comment choisir un collier personnalis\u00e9 avec personnage\u00a0?\">Comment choisir un collier personnalis\u00e9 avec personnage\u00a0?<\/a><\/li><li class='ez-toc-page-1 ez-toc-heading-level-2'><a class=\"ez-toc-link ez-toc-heading-4\" href=\"https:\/\/www.marmottine.fr\/mag\/guides\/bijoux-personnalises\/forme\/comment-choisir-un-bijou-personnage\/#Comment_choisir_un_bracelet_personnalise_avec_personnage\" title=\"Comment choisir un bracelet personnalis\u00e9 avec personnage\u00a0?\">Comment choisir un bracelet personnalis\u00e9 avec personnage\u00a0?<\/a><\/li><li class='ez-toc-page-1 ez-toc-heading-level-2'><a class=\"ez-toc-link ez-toc-heading-5\" href=\"https:\/\/www.marmottine.fr\/mag\/guides\/bijoux-personnalises\/forme\/comment-choisir-un-bijou-personnage\/#Quels_sont_les_differents_pendentifs_personnalises_personnages\" title=\"Quels sont les diff\u00e9rents pendentifs personnalis\u00e9s personnages\u00a0?\">Quels sont les diff\u00e9rents pendentifs personnalis\u00e9s personnages\u00a0?<\/a><\/li><li class='ez-toc-page-1 ez-toc-heading-level-2'><a class=\"ez-toc-link ez-toc-heading-6\" href=\"https:\/\/www.marmottine.fr\/mag\/guides\/bijoux-personnalises\/forme\/comment-choisir-un-bijou-personnage\/#Combien_de_personnages_peut-on_mettre_sur_un_bijou\" title=\"Combien de personnages peut-on mettre sur un bijou\u00a0?\">Combien de personnages peut-on mettre sur un bijou\u00a0?<\/a><\/li><li class='ez-toc-page-1 ez-toc-heading-level-2'><a class=\"ez-toc-link ez-toc-heading-7\" href=\"https:\/\/www.marmottine.fr\/mag\/guides\/bijoux-personnalises\/forme\/comment-choisir-un-bijou-personnage\/#Quelles_sont_les_marques_qui_proposent_des_bijoux_personnage\" title=\"Quelles sont les marques qui proposent des bijoux personnage\u00a0?\">Quelles sont les marques qui proposent des bijoux personnage\u00a0?<\/a><\/li><li class='ez-toc-page-1 ez-toc-heading-level-2'><a class=\"ez-toc-link ez-toc-heading-8\" href=\"https:\/\/www.marmottine.fr\/mag\/guides\/bijoux-personnalises\/forme\/comment-choisir-un-bijou-personnage\/#A_qui_sadressent_les_bijoux_personnages\" title=\"A qui s\u2019adressent les bijoux personnages\u00a0?\">A qui s\u2019adressent les bijoux personnages\u00a0?<\/a><\/li><\/ul><\/li><\/ul><\/nav><\/div>\n\n<figure id=\"attachment_197\" aria-describedby=\"caption-attachment-197\" style=\"width: 800px\" class=\"wp-caption alignnone\"><img loading=\"lazy\" decoding=\"async\" class=\"size-full wp-image-197\" src=\"https:\/\/www.marmottine.fr\/mag\/wp-content\/uploads\/2024\/03\/pendentif-3-enfants.jpg\" alt=\"Pendentif 3 enfants\" width=\"800\" height=\"800\" srcset=\"https:\/\/www.marmottine.fr\/mag\/wp-content\/uploads\/2024\/03\/pendentif-3-enfants.jpg 800w, https:\/\/www.marmottine.fr\/mag\/wp-content\/uploads\/2024\/03\/pendentif-3-enfants-300x300.jpg 300w, https:\/\/www.marmottine.fr\/mag\/wp-content\/uploads\/2024\/03\/pendentif-3-enfants-150x150.jpg 150w, https:\/\/www.marmottine.fr\/mag\/wp-content\/uploads\/2024\/03\/pendentif-3-enfants-768x768.jpg 768w\" sizes=\"(max-width: 800px) 100vw, 800px\" \/><figcaption id=\"caption-attachment-197\" class=\"wp-caption-text\">Pendentif maman de 3 enfants<\/figcaption><\/figure>\n<p><strong><a href=\"https:\/\/www.marmottine.fr\/mag\/guides\/bijoux-personnalises\/forme\">Les plus vieux bijoux personnalis\u00e9s par forme<\/a> <\/strong>sont ceux repr\u00e9sentant des personnages. On en trouve d\u00e8s l\u2019Antiquit\u00e9, notamment sur des amulettes. Avec l\u2019av\u00e8nement de la personnalisation, on a vu ce genre de bijou envahir la bijouterie. Les bijoux personnages sont int\u00e9ressants \u00e0 plus d\u2019un titre\u00a0: chaque personnage est diff\u00e9rent selon la marque de bijou, il peut m\u00eame \u00eatre unique dans le cas d\u2019un bijou sur-mesure, il est personnalisable par une gravure au recto et au verso, il existe en plaqu\u00e9 or, en argent, en or jaune et en or blanc. Il plait aux enfants, aux femmes comme aux hommes. Bijou affectif par excellence, il se porte comme un talisman car chaque personnage repr\u00e9sente un \u00eatre cher, souvent un enfant.<\/p>\n<h2><span class=\"ez-toc-section\" id=\"Quels_sont_les_types_de_bijoux_personnage\"><\/span>Quels sont les types de bijoux personnage\u00a0?<span class=\"ez-toc-section-end\"><\/span><\/h2>\n<p>Les repr\u00e9sentations de personnages sur des bijoux existent depuis toujours. Ce qui est plus r\u00e9cent, ce sont les breloques en forme de personnages que l\u2019on peut personnaliser. On retrouve ce type de breloque sur diff\u00e9rents bijoux\u00a0:<\/p>\n<ul>\n<li>Le <u>pendentif personnage<\/u><\/li>\n<li>Le <u>collier personnage<\/u><\/li>\n<li>Le <u>bracelet personnage<\/u><\/li>\n<\/ul>\n<p>Par extension, cela concerne aussi des accessoires proches des bijoux comme les <u>boutons de manchettes<\/u>, les <u>porte-cl\u00e9s<\/u> et m\u00eame les <u>bijoux de sac<\/u>, avec des breloques en forme de personnages, personnalisables par la forme et par une gravure.<\/p>\n<h2><span class=\"ez-toc-section\" id=\"Comment_choisir_un_collier_personnalise_avec_personnage\"><\/span>Comment choisir un collier personnalis\u00e9 avec personnage\u00a0?<span class=\"ez-toc-section-end\"><\/span><\/h2>\n<figure id=\"attachment_199\" aria-describedby=\"caption-attachment-199\" style=\"width: 800px\" class=\"wp-caption alignnone\"><img loading=\"lazy\" decoding=\"async\" class=\"size-full wp-image-199\" src=\"https:\/\/www.marmottine.fr\/mag\/wp-content\/uploads\/2024\/03\/Pendentif-garcon-ange.jpg\" alt=\"Pendentif personnage gar\u00e7on ange\" width=\"800\" height=\"800\" srcset=\"https:\/\/www.marmottine.fr\/mag\/wp-content\/uploads\/2024\/03\/Pendentif-garcon-ange.jpg 800w, https:\/\/www.marmottine.fr\/mag\/wp-content\/uploads\/2024\/03\/Pendentif-garcon-ange-300x300.jpg 300w, https:\/\/www.marmottine.fr\/mag\/wp-content\/uploads\/2024\/03\/Pendentif-garcon-ange-150x150.jpg 150w, https:\/\/www.marmottine.fr\/mag\/wp-content\/uploads\/2024\/03\/Pendentif-garcon-ange-768x768.jpg 768w\" sizes=\"(max-width: 800px) 100vw, 800px\" \/><figcaption id=\"caption-attachment-199\" class=\"wp-caption-text\">Pendentif personnage gar\u00e7on ange<\/figcaption><\/figure>\n<p>En fonction de la personne \u00e0 qui il s\u2019adresse, le collier personnage personnalis\u00e9 se pr\u00e9sente sous diff\u00e9rents aspects\u00a0:<\/p>\n<p><u>Le collier cha\u00eene et un personnage en pendentif<\/u>\u00a0: c\u2019est le plus simple et le plus rencontr\u00e9. Parfois, le personnage accompagne une m\u00e9daille grav\u00e9e ce qui offre un espace suppl\u00e9mentaire pour \u00e9crire un mot doux. Il peut aussi s\u2019accompagner d\u2019un deuxi\u00e8me personnage comme le fameux collier de Kate Middleton avec ses deux ain\u00e9s.<\/p>\n<p><u>Le collier cha\u00eene et plusieurs personnages en pendentif<\/u>\u00a0: c\u2019est le collier r\u00eav\u00e9 des mamans et des grands-m\u00e8res\u00a0! La cha\u00eene pr\u00e9sente des maillons suffisamment larges pour pouvoir accueillir un pendentif sur une b\u00e9li\u00e8re. On peut ainsi accrocher autant de personnages que l\u2019on souhaite, \u00e9quitablement r\u00e9partis sur le collier. Il est possible de graver un pr\u00e9nom sur chaque personnage.<\/p>\n<p><u>Le collier cha\u00eene et un pendentif repr\u00e9sentant plusieurs personnages<\/u>\u00a0: dans ce cas, il s\u2019agira d\u2019un pendentif unique sur lequel sont figur\u00e9es ou dessin\u00e9es des silhouettes. En fonction du nombre de personnages, le pendentif sera plus ou moins grand. Il peut aussi prendre la forme d\u2019un collier pr\u00e9nom avec, \u00e0 la place du pr\u00e9nom, des silhouettes d\u2019enfants.<\/p>\n<h2><span class=\"ez-toc-section\" id=\"Comment_choisir_un_bracelet_personnalise_avec_personnage\"><\/span>Comment choisir un bracelet personnalis\u00e9 avec personnage\u00a0?<span class=\"ez-toc-section-end\"><\/span><\/h2>\n<figure id=\"attachment_192\" aria-describedby=\"caption-attachment-192\" style=\"width: 800px\" class=\"wp-caption alignnone\"><img loading=\"lazy\" decoding=\"async\" class=\"size-full wp-image-192\" src=\"https:\/\/www.marmottine.fr\/mag\/wp-content\/uploads\/2024\/03\/Bracelet-bebe-garcon.jpg\" alt=\"Bracelet b\u00e9b\u00e9 personnage gar\u00e7on\" width=\"800\" height=\"800\" srcset=\"https:\/\/www.marmottine.fr\/mag\/wp-content\/uploads\/2024\/03\/Bracelet-bebe-garcon.jpg 800w, https:\/\/www.marmottine.fr\/mag\/wp-content\/uploads\/2024\/03\/Bracelet-bebe-garcon-300x300.jpg 300w, https:\/\/www.marmottine.fr\/mag\/wp-content\/uploads\/2024\/03\/Bracelet-bebe-garcon-150x150.jpg 150w, https:\/\/www.marmottine.fr\/mag\/wp-content\/uploads\/2024\/03\/Bracelet-bebe-garcon-768x768.jpg 768w\" sizes=\"(max-width: 800px) 100vw, 800px\" \/><figcaption id=\"caption-attachment-192\" class=\"wp-caption-text\">Bracelet b\u00e9b\u00e9 personnage gar\u00e7on<\/figcaption><\/figure>\n<p>Le bracelet personnage fonctionne selon le m\u00eame principe que le collier, \u00e0 quelques variantes pr\u00e8s, notamment la taille des silhouettes, plus petite\u00a0:<\/p>\n<p><strong>Le bracelet cha\u00eene personnage<\/strong>\u00a0: on choisira une cha\u00eene maille jaseron avec des maillons suffisamment larges pour pouvoir accrocher les figurines, une seule ou plusieurs r\u00e9parties sur la longueur du bracelet.<\/p>\n<p><strong>Le bracelet cordon personnage<\/strong>\u00a0: l\u2019avantage du bracelet cordon est qu\u2019il est plus r\u00e9sistant, il est color\u00e9 et se porte tr\u00e8s facilement. Les breloques sont alors fix\u00e9es sur le cordon par des n\u0153uds, ou bien de chaque c\u00f4t\u00e9 du personnage, pour le positionner sur le dessus du poignet.<\/p>\n<p><strong>Le bracelet liberty personnage<\/strong>\u00a0: le tissu Liberty, fleuri et color\u00e9, convient bien \u00e0 ce genre de bracelet qui met en avant la fratrie et la famille. La pampille sera alors simplement gliss\u00e9e le long du tissu.<\/p>\n<h2><span class=\"ez-toc-section\" id=\"Quels_sont_les_differents_pendentifs_personnalises_personnages\"><\/span>Quels sont les diff\u00e9rents pendentifs personnalis\u00e9s personnages\u00a0?<span class=\"ez-toc-section-end\"><\/span><\/h2>\n<p>Le pendentif est la breloque qui s\u2019adaptera au collier ou au bracelet. C\u2019est donc la pi\u00e8ce ma\u00eetresse \u00e0 s\u00e9lectionner, d\u2019autant plus que le choix est vaste\u00a0:<\/p>\n<p><u>Le pendentif personnage seul<\/u>\u00a0: en plaqu\u00e9 or, en argent ou en or, il repr\u00e9sente la silhouette d\u2019un gar\u00e7on ou d\u2019une fille. La plupart du temps, il s\u2019agit de repr\u00e9sentations enfantines. Certains sont lisses, d\u2019autres sont grav\u00e9s pour donner une expression au personnage, ou pour dessiner les contours de ses v\u00eatements. Les petites filles sont souvent repr\u00e9sent\u00e9es en robe avec des couettes, les petits gar\u00e7ons avec une salopette et une casquette. Chaque marque de bijou a dessin\u00e9 ses personnages en fonction du style de la maison.<\/p>\n<p><u>Le pendentif avec plusieurs personnages<\/u>\u00a0: cette repr\u00e9sentation est plus rare car elle correspond \u00e0 un bijou sur-mesure.<\/p>\n<p>La marque <strong>Lafami <\/strong>est pionni\u00e8re en la mati\u00e8re avec ses fameux pendentifs famille qui repr\u00e9sente la fratrie, de l\u2019a\u00een\u00e9 au benjamin en passant par le cadet. L\u2019id\u00e9e g\u00e9niale de Lafami est d\u2019inclure des jumeaux dans leurs pendentifs. Ces cr\u00e9ations sur-mesure peuvent proposer jusqu\u2019\u00e0 7 enfants sur un m\u00eame pendentif.<\/p>\n<p>Une autre fa\u00e7on de proc\u00e9der est de montrer une famille enti\u00e8re selon la technique de la d\u00e9coupe laser, un peu comme pour les colliers pr\u00e9noms. La famille est g\u00e9n\u00e9ralement repr\u00e9sent\u00e9e par le papa et la maman encadrant les enfants, mais ce type de bijou \u00e9tant enti\u00e8rement fait sur-mesure, on peut imaginer toute forme de famille, de la monoparentale \u00e0 la recompos\u00e9e.<\/p>\n<h2><span class=\"ez-toc-section\" id=\"Combien_de_personnages_peut-on_mettre_sur_un_bijou\"><\/span>Combien de personnages peut-on mettre sur un bijou\u00a0?<span class=\"ez-toc-section-end\"><\/span><\/h2>\n<p>Comme on l\u2019a vu pr\u00e9c\u00e9demment, les bijoux personnalis\u00e9s personnage pr\u00e9sentent une grande vari\u00e9t\u00e9 de combinaisons selon le bijou choisi. Le nombre de breloques d\u00e9pendra de la personne \u00e0 qui il est destin\u00e9, et des limites techniques du bijou choisi.<\/p>\n<p>Sur un pendentif, on peut mettre de 1 \u00e0 10, voire plus, breloques personnages. Tout d\u00e9pendra de la longueur de la chaine, du syst\u00e8me d\u2019attache, et de la taille des pampilles.<\/p>\n<p>Sur un bracelet, on est plus limit\u00e9. On d\u00e9passe rarement 6 personnages, \u00e0 moins de vouloir faire un bracelet \u00ab\u00a0h\u00e9risson\u00a0\u00bb enti\u00e8rement compos\u00e9 de breloques mobiles. On l\u2019a vu dans le cas de bracelet personnalis\u00e9 pour une ma\u00eetresse avec tous les enfants de sa classe repr\u00e9sent\u00e9s\u00a0! C\u2019et surprenant et un peu lourd, mais tellement \u00e9mouvant\u00a0!<\/p>\n<h2><span class=\"ez-toc-section\" id=\"Quelles_sont_les_marques_qui_proposent_des_bijoux_personnage\"><\/span>Quelles sont les marques qui proposent des bijoux personnage\u00a0?<span class=\"ez-toc-section-end\"><\/span><\/h2>\n<figure id=\"attachment_195\" aria-describedby=\"caption-attachment-195\" style=\"width: 800px\" class=\"wp-caption alignnone\"><img loading=\"lazy\" decoding=\"async\" class=\"size-full wp-image-195\" src=\"https:\/\/www.marmottine.fr\/mag\/wp-content\/uploads\/2024\/03\/Medaille-garcon-ajoure.jpg\" alt=\"M\u00e9daille gar\u00e7on ajour\u00e9 de Lucas Lucor\" width=\"800\" height=\"800\" srcset=\"https:\/\/www.marmottine.fr\/mag\/wp-content\/uploads\/2024\/03\/Medaille-garcon-ajoure.jpg 800w, https:\/\/www.marmottine.fr\/mag\/wp-content\/uploads\/2024\/03\/Medaille-garcon-ajoure-300x300.jpg 300w, https:\/\/www.marmottine.fr\/mag\/wp-content\/uploads\/2024\/03\/Medaille-garcon-ajoure-150x150.jpg 150w, https:\/\/www.marmottine.fr\/mag\/wp-content\/uploads\/2024\/03\/Medaille-garcon-ajoure-768x768.jpg 768w\" sizes=\"(max-width: 800px) 100vw, 800px\" \/><figcaption id=\"caption-attachment-195\" class=\"wp-caption-text\">M\u00e9daille gar\u00e7on ajour\u00e9 de Lucas Lucor<\/figcaption><\/figure>\n<p>Parmi les marques significatives qui proposent des bijoux personnalis\u00e9s avec des personnages on trouve\u00a0:<\/p>\n<p><u>Lucas Lucor<\/u>\u00a0: qui propose des silhouettes d\u2019enfants et d\u2019anges d\u00e9tour\u00e9es, en or jaune et en or blanc, en 9 et 18 carats, et dans diff\u00e9rentes tailles, \u00e0 graver au verso\u00a0;<\/p>\n<p><u>Loupidou\u00a0<\/u>: la marque roannaise a fait son succ\u00e8s avec la silhouette de la petite Lou, fille du cr\u00e9ateur, qui a \u00e9t\u00e9 rejointe par la silhouette d\u2019un petit gar\u00e7on pr\u00e9nomm\u00e9 Oscar. Ces deux personnages se d\u00e9clinent \u00e0 l\u2019infini en bracelet et en pendentif, en argent et en or 18 carats.<\/p>\n<p>Lafami\u00a0: s\u2019est impos\u00e9e \u00e0 Lyon avec ses fameux pendentifs famille sur-mesure reprenant fid\u00e8lement la fratrie jusqu\u2019\u00e0 graver le pr\u00e9nom de chaque membre au recto.<\/p>\n<h2><span class=\"ez-toc-section\" id=\"A_qui_sadressent_les_bijoux_personnages\"><\/span>A qui s\u2019adressent les bijoux personnages\u00a0?<span class=\"ez-toc-section-end\"><\/span><\/h2>\n<p>Tout le monde peut porter un bijou personnalis\u00e9 avec un personnage, quel que soit son genre et son \u00e2ge.<\/p>\n<ul>\n<li>Pour les <strong>b\u00e9b\u00e9s et les enfants<\/strong>: d\u00e8s le berceau, on n\u2019h\u00e9site pas \u00e0 offrir un pendentif personnage \u00e0 un petit enfant en gravant son pr\u00e9nom. Port\u00e9 en collier ou en bracelet, c\u2019est un premier cadeau pr\u00e9cieux qu\u2019il gardera toute la vie.<\/li>\n<li>Pour les <strong>mamans<\/strong>: ce type de bijou est l\u2019id\u00e9al pour les mamans et les grands-m\u00e8res car il permet de porter sa famille sur soi en permanence, autour du cou ou au poignet. Au fur et \u00e0 mesure que la famille s\u2019agrandit, il suffit d\u2019ajouter un personnage\u00a0!<\/li>\n<li>Pour les <strong>papas<\/strong>: en devenant p\u00e8re, les hommes fondent devant leur prog\u00e9niture. Chez Marmottine, on a souvent livr\u00e9 des bracelets personnages \u00e0 des papas \u00e0 l\u2019occasion de la naissance du petit dernier.<\/li>\n<\/ul>\n","protected":false},"excerpt":{"rendered":"<p>Comment choisir un bijou personnalis\u00e9 personnage ? Les plus vieux bijoux personnalis\u00e9s par forme sont ceux repr\u00e9sentant des personnages. On [&hellip;]<\/p>\n","protected":false},"author":2,"featured_media":197,"parent":119,"menu_order":8,"comment_status":"closed","ping_status":"closed","template":"","meta":{"site-sidebar-layout":"default","site-content-layout":"","ast-site-content-layout":"default","site-content-style":"default","site-sidebar-style":"default","ast-global-header-display":"","ast-banner-title-visibility":"","ast-main-header-display":"","ast-hfb-above-header-display":"","ast-hfb-below-header-display":"","ast-hfb-mobile-header-display":"","site-post-title":"","ast-breadcrumbs-content":"","ast-featured-img":"","footer-sml-layout":"","theme-transparent-header-meta":"default","adv-header-id-meta":"","stick-header-meta":"","header-above-stick-meta":"","header-main-stick-meta":"","header-below-stick-meta":"","astra-migrate-meta-layouts":"set","ast-page-background-enabled":"default","ast-page-background-meta":{"desktop":{"background-color":"var(--ast-global-color-4)","background-image":"","background-repeat":"repeat","background-position":"center center","background-size":"auto","background-attachment":"scroll","background-type":"","background-media":"","overlay-type":"","overlay-color":"","overlay-gradient":""},"tablet":{"background-color":"","background-image":"","background-repeat":"repeat","background-position":"center center","background-size":"auto","background-attachment":"scroll","background-type":"","background-media":"","overlay-type":"","overlay-color":"","overlay-gradient":""},"mobile":{"background-color":"","background-image":"","background-repeat":"repeat","background-position":"center center","background-size":"auto","background-attachment":"scroll","background-type":"","background-media":"","overlay-type":"","overlay-color":"","overlay-gradient":""}},"ast-content-background-meta":{"desktop":{"background-color":"var(--ast-global-color-5)","background-image":"","background-repeat":"repeat","background-position":"center center","background-size":"auto","background-attachment":"scroll","background-type":"","background-media":"","overlay-type":"","overlay-color":"","overlay-gradient":""},"tablet":{"background-color":"var(--ast-global-color-5)","background-image":"","background-repeat":"repeat","background-position":"center center","background-size":"auto","background-attachment":"scroll","background-type":"","background-media":"","overlay-type":"","overlay-color":"","overlay-gradient":""},"mobile":{"background-color":"var(--ast-global-color-5)","background-image":"","background-repeat":"repeat","background-position":"center center","background-size":"auto","background-attachment":"scroll","background-type":"","background-media":"","overlay-type":"","overlay-color":"","overlay-gradient":""}},"footnotes":""},"aioseo_notices":[],"_links":{"self":[{"href":"https:\/\/www.marmottine.fr\/mag\/wp-json\/wp\/v2\/pages\/190"}],"collection":[{"href":"https:\/\/www.marmottine.fr\/mag\/wp-json\/wp\/v2\/pages"}],"about":[{"href":"https:\/\/www.marmottine.fr\/mag\/wp-json\/wp\/v2\/types\/page"}],"author":[{"embeddable":true,"href":"https:\/\/www.marmottine.fr\/mag\/wp-json\/wp\/v2\/users\/2"}],"replies":[{"embeddable":true,"href":"https:\/\/www.marmottine.fr\/mag\/wp-json\/wp\/v2\/comments?post=190"}],"version-history":[{"count":4,"href":"https:\/\/www.marmottine.fr\/mag\/wp-json\/wp\/v2\/pages\/190\/revisions"}],"predecessor-version":[{"id":569,"href":"https:\/\/www.marmottine.fr\/mag\/wp-json\/wp\/v2\/pages\/190\/revisions\/569"}],"up":[{"embeddable":true,"href":"https:\/\/www.marmottine.fr\/mag\/wp-json\/wp\/v2\/pages\/119"}],"wp:featuredmedia":[{"embeddable":true,"href":"https:\/\/www.marmottine.fr\/mag\/wp-json\/wp\/v2\/media\/197"}],"wp:attachment":[{"href":"https:\/\/www.marmottine.fr\/mag\/wp-json\/wp\/v2\/media?parent=190"}],"curies":[{"name":"wp","href":"https:\/\/api.w.org\/{rel}","templated":true}]}}