{"id":183,"date":"2024-04-05T20:50:13","date_gmt":"2024-04-05T18:50:13","guid":{"rendered":"https:\/\/www.marmottine.fr\/mag\/?page_id=183"},"modified":"2024-04-09T16:17:15","modified_gmt":"2024-04-09T14:17:15","slug":"comment-choisir-une-plaque-militaire","status":"publish","type":"page","link":"https:\/\/www.marmottine.fr\/mag\/guides\/bijoux-personnalises\/forme\/comment-choisir-une-plaque-militaire","title":{"rendered":"Comment choisir un bijou personnalis\u00e9 militaire ?"},"content":{"rendered":"<h1><span class=\"ez-toc-section\" id=\"Comment_choisir_un_bijou_personnalise_militaire\"><\/span>Comment choisir un bijou personnalis\u00e9 militaire ?<span class=\"ez-toc-section-end\"><\/span><\/h1><div id=\"ez-toc-container\" class=\"ez-toc-v2_0_69_1 counter-hierarchy ez-toc-counter ez-toc-grey ez-toc-container-direction\">\n<div class=\"ez-toc-title-container\">\n<p class=\"ez-toc-title\" style=\"cursor:inherit\">Sommaire<\/p>\n<span class=\"ez-toc-title-toggle\"><a href=\"#\" class=\"ez-toc-pull-right ez-toc-btn ez-toc-btn-xs ez-toc-btn-default ez-toc-toggle\" aria-label=\"Toggle Table of Content\"><span class=\"ez-toc-js-icon-con\"><span class=\"\"><span class=\"eztoc-hide\" style=\"display:none;\">Toggle<\/span><span class=\"ez-toc-icon-toggle-span\"><svg style=\"fill: #999;color:#999\" xmlns=\"http:\/\/www.w3.org\/2000\/svg\" class=\"list-377408\" width=\"20px\" height=\"20px\" viewBox=\"0 0 24 24\" fill=\"none\"><path d=\"M6 6H4v2h2V6zm14 0H8v2h12V6zM4 11h2v2H4v-2zm16 0H8v2h12v-2zM4 16h2v2H4v-2zm16 0H8v2h12v-2z\" fill=\"currentColor\"><\/path><\/svg><svg style=\"fill: #999;color:#999\" class=\"arrow-unsorted-368013\" xmlns=\"http:\/\/www.w3.org\/2000\/svg\" width=\"10px\" height=\"10px\" viewBox=\"0 0 24 24\" version=\"1.2\" baseProfile=\"tiny\"><path d=\"M18.2 9.3l-6.2-6.3-6.2 6.3c-.2.2-.3.4-.3.7s.1.5.3.7c.2.2.4.3.7.3h11c.3 0 .5-.1.7-.3.2-.2.3-.5.3-.7s-.1-.5-.3-.7zM5.8 14.7l6.2 6.3 6.2-6.3c.2-.2.3-.5.3-.7s-.1-.5-.3-.7c-.2-.2-.4-.3-.7-.3h-11c-.3 0-.5.1-.7.3-.2.2-.3.5-.3.7s.1.5.3.7z\"\/><\/svg><\/span><\/span><\/span><\/a><\/span><\/div>\n<nav><ul class='ez-toc-list ez-toc-list-level-1 ' ><li class='ez-toc-page-1 ez-toc-heading-level-1'><a class=\"ez-toc-link ez-toc-heading-1\" href=\"https:\/\/www.marmottine.fr\/mag\/guides\/bijoux-personnalises\/forme\/comment-choisir-une-plaque-militaire\/#Comment_choisir_un_bijou_personnalise_militaire\" title=\"Comment choisir un bijou personnalis\u00e9 militaire ?\">Comment choisir un bijou personnalis\u00e9 militaire ?<\/a><ul class='ez-toc-list-level-2' ><li class='ez-toc-heading-level-2'><a class=\"ez-toc-link ez-toc-heading-2\" href=\"https:\/\/www.marmottine.fr\/mag\/guides\/bijoux-personnalises\/forme\/comment-choisir-une-plaque-militaire\/#Quest-ce_quun_bijou_personnalise_militaire\" title=\"Qu\u2019est-ce qu\u2019un bijou personnalis\u00e9 militaire\u00a0?\">Qu\u2019est-ce qu\u2019un bijou personnalis\u00e9 militaire\u00a0?<\/a><\/li><li class='ez-toc-page-1 ez-toc-heading-level-2'><a class=\"ez-toc-link ez-toc-heading-3\" href=\"https:\/\/www.marmottine.fr\/mag\/guides\/bijoux-personnalises\/forme\/comment-choisir-une-plaque-militaire\/#Quest-ce_quun_Dog_Tag\" title=\"Qu\u2019est-ce qu\u2019un Dog Tag\u00a0?\">Qu\u2019est-ce qu\u2019un Dog Tag\u00a0?<\/a><\/li><li class='ez-toc-page-1 ez-toc-heading-level-2'><a class=\"ez-toc-link ez-toc-heading-4\" href=\"https:\/\/www.marmottine.fr\/mag\/guides\/bijoux-personnalises\/forme\/comment-choisir-une-plaque-militaire\/#Pourquoi_les_militaires_portent_2_medailles\" title=\"Pourquoi les militaires portent 2 m\u00e9dailles\u00a0?\">Pourquoi les militaires portent 2 m\u00e9dailles\u00a0?<\/a><\/li><li class='ez-toc-page-1 ez-toc-heading-level-2'><a class=\"ez-toc-link ez-toc-heading-5\" href=\"https:\/\/www.marmottine.fr\/mag\/guides\/bijoux-personnalises\/forme\/comment-choisir-une-plaque-militaire\/#Comment_porter_une_plaque_militaire\" title=\"Comment porter une plaque militaire\u00a0?\">Comment porter une plaque militaire\u00a0?<\/a><\/li><li class='ez-toc-page-1 ez-toc-heading-level-2'><a class=\"ez-toc-link ez-toc-heading-6\" href=\"https:\/\/www.marmottine.fr\/mag\/guides\/bijoux-personnalises\/forme\/comment-choisir-une-plaque-militaire\/#Que_graver_sur_un_pendentif_en_forme_de_plaque_militaire\" title=\"Que graver sur un pendentif en forme de plaque militaire\u00a0?\">Que graver sur un pendentif en forme de plaque militaire\u00a0?<\/a><\/li><li class='ez-toc-page-1 ez-toc-heading-level-2'><a class=\"ez-toc-link ez-toc-heading-7\" href=\"https:\/\/www.marmottine.fr\/mag\/guides\/bijoux-personnalises\/forme\/comment-choisir-une-plaque-militaire\/#Dans_quel_metal_choisir_sa_plaque_militaire\" title=\"Dans quel m\u00e9tal choisir sa plaque militaire ?\">Dans quel m\u00e9tal choisir sa plaque militaire ?<\/a><\/li><li class='ez-toc-page-1 ez-toc-heading-level-2'><a class=\"ez-toc-link ez-toc-heading-8\" href=\"https:\/\/www.marmottine.fr\/mag\/guides\/bijoux-personnalises\/forme\/comment-choisir-une-plaque-militaire\/#Quelle_chaine_choisir_pour_porter_une_plaque_militaire\" title=\"Quelle cha\u00eene choisir pour porter une plaque militaire\u00a0?\">Quelle cha\u00eene choisir pour porter une plaque militaire\u00a0?<\/a><\/li><\/ul><\/li><\/ul><\/nav><\/div>\n\n<figure id=\"attachment_188\" aria-describedby=\"caption-attachment-188\" style=\"width: 800px\" class=\"wp-caption alignnone\"><img loading=\"lazy\" decoding=\"async\" class=\"size-full wp-image-188\" src=\"https:\/\/www.marmottine.fr\/mag\/wp-content\/uploads\/2024\/03\/plaque-militaire-personnalisee.jpg\" alt=\"plaque militaire personnalis\u00e9e\" width=\"800\" height=\"800\" srcset=\"https:\/\/www.marmottine.fr\/mag\/wp-content\/uploads\/2024\/03\/plaque-militaire-personnalisee.jpg 800w, https:\/\/www.marmottine.fr\/mag\/wp-content\/uploads\/2024\/03\/plaque-militaire-personnalisee-300x300.jpg 300w, https:\/\/www.marmottine.fr\/mag\/wp-content\/uploads\/2024\/03\/plaque-militaire-personnalisee-150x150.jpg 150w, https:\/\/www.marmottine.fr\/mag\/wp-content\/uploads\/2024\/03\/plaque-militaire-personnalisee-768x768.jpg 768w\" sizes=\"(max-width: 800px) 100vw, 800px\" \/><figcaption id=\"caption-attachment-188\" class=\"wp-caption-text\">Plaque militaire personnalis\u00e9e<\/figcaption><\/figure>\n<p>La bijouterie s\u2019inspire du monde qui nous entoure pour cr\u00e9er chaque saison <strong><a href=\"https:\/\/www.marmottine.fr\/mag\/guides\/bijoux-personnalises\/forme\">des bijoux personnalis\u00e9s avec des formes plus ou moins inattendues<\/a><\/strong>. L\u2019univers militaire est une des sources d\u2019inspiration qui a fourni ces derni\u00e8res ann\u00e9es des bijoux masculins, symboles de virilit\u00e9. Le cin\u00e9ma n\u2019est pas \u00e9tranger \u00e0 ce ph\u00e9nom\u00e8ne, avec les succ\u00e8s au Box Office de longs m\u00e9trages comme Mash, Rambo, Apocalypse Now, Le jour le plus long, ou encore Top Gun. Le pendentif Plaque Militaire est de loin le bijou des arm\u00e9es qui a le plus inspir\u00e9 le monde de la bijouterie, que ce soit pour les hommes, les femmes et m\u00eame les adolescents. On l\u2019appr\u00e9cie pour son look d\u00e9contract\u00e9 qui se porte \u00e0 la ville comme \u00e0 la campagne.<\/p>\n<h2><span class=\"ez-toc-section\" id=\"Quest-ce_quun_bijou_personnalise_militaire\"><\/span>Qu\u2019est-ce qu\u2019un bijou personnalis\u00e9 militaire\u00a0?<span class=\"ez-toc-section-end\"><\/span><\/h2>\n<p>Beaucoup d\u2019accessoires s\u2019inspirent du look des soldats, de leur uniforme et de leur univers martial. C\u00f4t\u00e9 bijoux, on note deux principaux mod\u00e8les qui sont repris et r\u00e9interpr\u00e9t\u00e9s dans de nombreuses collections\u00a0: le bracelet montre NATO et la Plaque Militaire.<\/p>\n<ol start=\"2\">\n<li><strong>Le bracelet NATO<\/strong>: c\u2019est un bracelet montre en mati\u00e8re tiss\u00e9e facilement r\u00e9glable gr\u00e2ce \u00e0 une boucle mobile, qui convient \u00e0 tous les poignets. On doit le bracelet NATO au Minist\u00e8re de la D\u00e9fense britannique qui l\u2019a invent\u00e9 pour \u00e9quiper ses soldats d\u2019un bracelet montre r\u00e9sistant. NATO est le diminutif de North Atlantic Treaty Organisation (l\u2019OTAN). Chez Marmottine, on retrouve ce fameux bracelet sur la collection Baroudeur de la marque Loupidou, des bracelets tr\u00e8s masculins destin\u00e9s aux hommes \u00e9l\u00e9gants.<\/li>\n<li><strong>La Plaque militaire<\/strong>: c\u2019est LE collier des soldats, celui qu\u2019ils portent en permanence, et qui permet d\u2019identifier les militaires morts au combat. La forme et la gravure changent l\u00e9g\u00e8rement d\u2019un pays \u00e0 l\u2019autre mais le contenu est le m\u00eame\u00a0: nom, pr\u00e9nom, date de naissance, r\u00e9giment de rattachement, num\u00e9ro d\u2019identification militaire, pays. La plaque militaire est apparue au 19<sup>e<\/sup> si\u00e8cle.<\/li>\n<\/ol>\n<h2><span class=\"ez-toc-section\" id=\"Quest-ce_quun_Dog_Tag\"><\/span>Qu\u2019est-ce qu\u2019un Dog Tag\u00a0?<span class=\"ez-toc-section-end\"><\/span><\/h2>\n<p>Vous avez certainement rencontr\u00e9 cette expression curieuse qui \u00e9voque nos amis les chiens en recherchant une plaque militaire. Ce n\u2019est pas une erreur\u00a0! La l\u00e9gende veut qu\u2019un fabricant allemand s\u2019est inspir\u00e9 de la plaque pour collier de chien (<em>Dog Tag<\/em>, en anglais) pour imaginer un collier d\u2019identification pour les soldats. Le nom est rest\u00e9 et dans le langage courant on d\u00e9signe les plaques militaires de Dog Tags.<\/p>\n<h2><span class=\"ez-toc-section\" id=\"Pourquoi_les_militaires_portent_2_medailles\"><\/span>Pourquoi les militaires portent 2 m\u00e9dailles\u00a0?<span class=\"ez-toc-section-end\"><\/span><\/h2>\n<p>Les plaques militaires ne sont pas les m\u00eames d\u2019un pays \u00e0 l\u2019autre, d\u2019une \u00e9poque \u00e0 l\u2019autre. On trouve principalement 2 sortes de plaques militaires\u00a0:<\/p>\n<p><u>La plaque unique<\/u>, avec une partie inf\u00e9rieure d\u00e9limit\u00e9e par des pointill\u00e9s. Quand un soldat tombe au combat, on d\u00e9tache la partie inf\u00e9rieure et on laisse le collier sur le corps. C\u2019est la forme des plaques de l\u2018arm\u00e9e fran\u00e7aise.<\/p>\n<p><u>La plaque double<\/u>\u00a0: dans le m\u00eame esprit, une plaque sert \u00e0 recenser les soldats d\u00e9c\u00e9d\u00e9s, tout en laissant l\u2019autre sur le corps. C\u2019est qui se pratique dans l\u2019arm\u00e9e am\u00e9ricaine.<\/p>\n<p>Les deux syst\u00e8mes ont \u00e9t\u00e9 repris en bijouterie.<\/p>\n<h2><span class=\"ez-toc-section\" id=\"Comment_porter_une_plaque_militaire\"><\/span>Comment porter une plaque militaire\u00a0?<span class=\"ez-toc-section-end\"><\/span><\/h2>\n<figure id=\"attachment_185\" aria-describedby=\"caption-attachment-185\" style=\"width: 800px\" class=\"wp-caption alignnone\"><img loading=\"lazy\" decoding=\"async\" class=\"size-full wp-image-185\" src=\"https:\/\/www.marmottine.fr\/mag\/wp-content\/uploads\/2024\/03\/collier-plaque-militaire-a-graver.jpg\" alt=\"collier plaque militaire \u00e0 graver\" width=\"800\" height=\"800\" srcset=\"https:\/\/www.marmottine.fr\/mag\/wp-content\/uploads\/2024\/03\/collier-plaque-militaire-a-graver.jpg 800w, https:\/\/www.marmottine.fr\/mag\/wp-content\/uploads\/2024\/03\/collier-plaque-militaire-a-graver-300x300.jpg 300w, https:\/\/www.marmottine.fr\/mag\/wp-content\/uploads\/2024\/03\/collier-plaque-militaire-a-graver-150x150.jpg 150w, https:\/\/www.marmottine.fr\/mag\/wp-content\/uploads\/2024\/03\/collier-plaque-militaire-a-graver-768x768.jpg 768w\" sizes=\"(max-width: 800px) 100vw, 800px\" \/><figcaption id=\"caption-attachment-185\" class=\"wp-caption-text\">Collier plaque militaire \u00e0 graver<\/figcaption><\/figure>\n<p>Porter un collier avec une plaque d\u2019identification militaire n\u2019est pas anodin. Cela \u00e9voque l\u2019univers de la guerre, avec ce que cela implique de brutalit\u00e9. Pour certains, la plaque militaire est symbole de force, de courage, de danger brav\u00e9. Pour d\u2019autres c\u2019est un symbole de virilit\u00e9, de camaraderie masculine, m\u00eame si l\u2019on compte de plus en plus de femmes dans l\u2019Arm\u00e9e.<\/p>\n<p><strong>Porter un Dog Tag comme un militaire<\/strong>\u00a0: dans ce cas, on s\u2019orientera vers un bijou ressemblant, avec une plaque de belle taille, en argent ou en acier, mont\u00e9e sur une cha\u00eene boule.<\/p>\n<p><strong>Porter une plaque militaire comme un bijou<\/strong>\u00a0: si le Dog Tag n\u2019est qu\u2019un clin d\u2019\u0153il \u00e0 l\u2019univers de l\u2019Arm\u00e9e, toutes les fantaisies sont permises. On peut choisir une plaque militaire en or jaune ou en or blanc, sertie d\u2019une pierre pr\u00e9cieuse, de grande taille ou au contraire une toute petite m\u00e9daille minimaliste.<\/p>\n<p><strong>Porter une plaque militaire comme un accessoire\u00a0<\/strong>: pour reprendre l\u2019id\u00e9e du Dog Tag, la plaque rectangulaire est le support id\u00e9al pour graver l\u2019identit\u00e9 d\u2019une personne. D\u00e8s lors, il n\u2019est pas \u00e9tonnant qu\u2019on la retrouve en porte-cl\u00e9s ou en \u00e9tiquette de sac.<strong>\u00a0<\/strong><\/p>\n<h2><span class=\"ez-toc-section\" id=\"Que_graver_sur_un_pendentif_en_forme_de_plaque_militaire\"><\/span>Que graver sur un pendentif en forme de plaque militaire\u00a0?<span class=\"ez-toc-section-end\"><\/span><\/h2>\n<p>Devenue bijou, la plaque militaire perd sa fonction premi\u00e8re d\u2019identification. Cependant, libre \u00e0 vous de choisir le type de gravure souhait\u00e9e\u00a0:<\/p>\n<ol>\n<li><strong>Une gravure militaire\u00a0<\/strong>: pour rester dans l\u2019esprit initial, pour faire un cadeau \u00e0 un ex ou futur bidasse, on respectera les \u00e9l\u00e9ments grav\u00e9s sur les vraies plaques d\u2019identification militaire, \u00e0 savoir nom, pr\u00e9nom, r\u00e9giment, num\u00e9ro d\u2019identification (ID) militaire, groupe sanguin, religion, ville, pays.<\/li>\n<li><strong>Une gravure affective\u00a0<\/strong>: la plaque militaire est un bijou personnalis\u00e9 sur lequel on peut graver ce que l\u2019on souhaite, sans pour autant respecter l\u2019esprit guerrier du bijou original. Pour faire un cadeau \u00e0 un papa, on pourra graver les pr\u00e9noms de ses enfants et leurs dates de naissance, ou encore un mot doux ou un message cod\u00e9 qu\u2019il partage avec ses proches.<\/li>\n<li><strong>Une gravure utile\u00a0<\/strong>: le bijou est pour certains un support pour consigner des informations essentielles en cas d\u2019accident comme le groupe sanguin, un num\u00e9ro de t\u00e9l\u00e9phone, une pathologie, une allergie ou une intol\u00e9rance \u00e0 un m\u00e9dicament\u2026<\/li>\n<\/ol>\n<h2><span class=\"ez-toc-section\" id=\"Dans_quel_metal_choisir_sa_plaque_militaire\"><\/span>Dans quel m\u00e9tal choisir sa plaque militaire ?<span class=\"ez-toc-section-end\"><\/span><\/h2>\n<figure id=\"attachment_269\" aria-describedby=\"caption-attachment-269\" style=\"width: 800px\" class=\"wp-caption alignnone\"><img loading=\"lazy\" decoding=\"async\" class=\"wp-image-269 size-full\" src=\"https:\/\/www.marmottine.fr\/mag\/wp-content\/uploads\/2024\/03\/M376-800x800-1.jpg\" alt=\"Pendentif plaque militaire en or \u00e0 personnaliser\" width=\"800\" height=\"800\" srcset=\"https:\/\/www.marmottine.fr\/mag\/wp-content\/uploads\/2024\/03\/M376-800x800-1.jpg 800w, https:\/\/www.marmottine.fr\/mag\/wp-content\/uploads\/2024\/03\/M376-800x800-1-300x300.jpg 300w, https:\/\/www.marmottine.fr\/mag\/wp-content\/uploads\/2024\/03\/M376-800x800-1-150x150.jpg 150w, https:\/\/www.marmottine.fr\/mag\/wp-content\/uploads\/2024\/03\/M376-800x800-1-768x768.jpg 768w\" sizes=\"(max-width: 800px) 100vw, 800px\" \/><figcaption id=\"caption-attachment-269\" class=\"wp-caption-text\">Pendentif plaque militaire en or<\/figcaption><\/figure>\n<p>En fonction de son budget, on peut trouver un pendentif plaque militaire tr\u00e8s bon march\u00e9 ou au contraire tr\u00e8s on\u00e9reux, avec des mat\u00e9riaux pr\u00e9cieux.<\/p>\n<ol>\n<li><strong>La plaque militaire en acier chirurgical<\/strong>: sa principale caract\u00e9ristique est d\u2019\u00eatre inoxydable et anti allergique. Son prix est attractif et sa ressemblance avec les vraies plaques militaires est troublante. C\u2019est un choix id\u00e9al pour un ancien militaire ou un jeune r\u00eavant d\u2019int\u00e9grer un corps d\u2019arm\u00e9e.<\/li>\n<li><strong>La plaque militaire en argent<\/strong>: elle est un bon compromis pour une personne d\u00e9sirant un bijou en forme de Dog Tag dans un m\u00e9tal pr\u00e9cieux, l\u2019argent, qui reste tr\u00e8s abordable.<\/li>\n<li><strong>La plaque militaire en or<\/strong>: en or blanc pour plus de ressemblance avec le collier original, ou en or jaune pour un bijou vraiment pr\u00e9cieux et embl\u00e9matique, la version or se pr\u00eate \u00e0 toutes les extravagances. Certaines marques de luxe l\u2019ont m\u00eame adopt\u00e9e lors de d\u00e9fil\u00e9es de haute couture.<\/li>\n<\/ol>\n<h2><span class=\"ez-toc-section\" id=\"Quelle_chaine_choisir_pour_porter_une_plaque_militaire\"><\/span>Quelle cha\u00eene choisir pour porter une plaque militaire\u00a0?<span class=\"ez-toc-section-end\"><\/span><\/h2>\n<p>La cha\u00eene de pr\u00e9dilection d\u2019une plaque militaire est la cha\u00eene boule (aussi appel\u00e9e \u00ab\u00a0cha\u00eene lavabo\u00a0\u00bb) et son syst\u00e8me d\u2019attache original et r\u00e9glable\u00a0: il suffit de couper la cha\u00eene \u00e0 la longueur souhait\u00e9e et d\u2019enclencher la derni\u00e8re boule dans le support d\u2019arr\u00eat pour fermer la cha\u00eene. On trouve facilement ce type de cha\u00eene, dans diff\u00e9rentes largeurs et longueurs, en acier et en argent. En or, elle est plus rare.<\/p>\n<p>D\u2019ailleurs, pour une version en or du collier militaire, on s\u2019orientera plus vers une cha\u00eene gourmette ou une cha\u00eene for\u00e7at pour un look plus \u00ab\u00a0bijouterie\u00a0\u00bb et moins \u00ab\u00a0arm\u00e9e\u00a0\u00bb.<\/p>\n","protected":false},"excerpt":{"rendered":"<p>Comment choisir un bijou personnalis\u00e9 militaire ? La bijouterie s\u2019inspire du monde qui nous entoure pour cr\u00e9er chaque saison des [&hellip;]<\/p>\n","protected":false},"author":2,"featured_media":271,"parent":119,"menu_order":7,"comment_status":"closed","ping_status":"closed","template":"","meta":{"site-sidebar-layout":"default","site-content-layout":"","ast-site-content-layout":"default","site-content-style":"default","site-sidebar-style":"default","ast-global-header-display":"","ast-banner-title-visibility":"","ast-main-header-display":"","ast-hfb-above-header-display":"","ast-hfb-below-header-display":"","ast-hfb-mobile-header-display":"","site-post-title":"","ast-breadcrumbs-content":"","ast-featured-img":"","footer-sml-layout":"","theme-transparent-header-meta":"default","adv-header-id-meta":"","stick-header-meta":"","header-above-stick-meta":"","header-main-stick-meta":"","header-below-stick-meta":"","astra-migrate-meta-layouts":"set","ast-page-background-enabled":"default","ast-page-background-meta":{"desktop":{"background-color":"var(--ast-global-color-4)","background-image":"","background-repeat":"repeat","background-position":"center center","background-size":"auto","background-attachment":"scroll","background-type":"","background-media":"","overlay-type":"","overlay-color":"","overlay-gradient":""},"tablet":{"background-color":"","background-image":"","background-repeat":"repeat","background-position":"center center","background-size":"auto","background-attachment":"scroll","background-type":"","background-media":"","overlay-type":"","overlay-color":"","overlay-gradient":""},"mobile":{"background-color":"","background-image":"","background-repeat":"repeat","background-position":"center center","background-size":"auto","background-attachment":"scroll","background-type":"","background-media":"","overlay-type":"","overlay-color":"","overlay-gradient":""}},"ast-content-background-meta":{"desktop":{"background-color":"var(--ast-global-color-5)","background-image":"","background-repeat":"repeat","background-position":"center center","background-size":"auto","background-attachment":"scroll","background-type":"","background-media":"","overlay-type":"","overlay-color":"","overlay-gradient":""},"tablet":{"background-color":"var(--ast-global-color-5)","background-image":"","background-repeat":"repeat","background-position":"center center","background-size":"auto","background-attachment":"scroll","background-type":"","background-media":"","overlay-type":"","overlay-color":"","overlay-gradient":""},"mobile":{"background-color":"var(--ast-global-color-5)","background-image":"","background-repeat":"repeat","background-position":"center center","background-size":"auto","background-attachment":"scroll","background-type":"","background-media":"","overlay-type":"","overlay-color":"","overlay-gradient":""}},"footnotes":""},"aioseo_notices":[],"_links":{"self":[{"href":"https:\/\/www.marmottine.fr\/mag\/wp-json\/wp\/v2\/pages\/183"}],"collection":[{"href":"https:\/\/www.marmottine.fr\/mag\/wp-json\/wp\/v2\/pages"}],"about":[{"href":"https:\/\/www.marmottine.fr\/mag\/wp-json\/wp\/v2\/types\/page"}],"author":[{"embeddable":true,"href":"https:\/\/www.marmottine.fr\/mag\/wp-json\/wp\/v2\/users\/2"}],"replies":[{"embeddable":true,"href":"https:\/\/www.marmottine.fr\/mag\/wp-json\/wp\/v2\/comments?post=183"}],"version-history":[{"count":4,"href":"https:\/\/www.marmottine.fr\/mag\/wp-json\/wp\/v2\/pages\/183\/revisions"}],"predecessor-version":[{"id":568,"href":"https:\/\/www.marmottine.fr\/mag\/wp-json\/wp\/v2\/pages\/183\/revisions\/568"}],"up":[{"embeddable":true,"href":"https:\/\/www.marmottine.fr\/mag\/wp-json\/wp\/v2\/pages\/119"}],"wp:featuredmedia":[{"embeddable":true,"href":"https:\/\/www.marmottine.fr\/mag\/wp-json\/wp\/v2\/media\/271"}],"wp:attachment":[{"href":"https:\/\/www.marmottine.fr\/mag\/wp-json\/wp\/v2\/media?parent=183"}],"curies":[{"name":"wp","href":"https:\/\/api.w.org\/{rel}","templated":true}]}}