{"id":149,"date":"2024-04-05T20:46:04","date_gmt":"2024-04-05T18:46:04","guid":{"rendered":"https:\/\/www.marmottine.fr\/mag\/?page_id=149"},"modified":"2024-04-09T16:15:10","modified_gmt":"2024-04-09T14:15:10","slug":"comment-choisir-un-bijou-dessin-enfant","status":"publish","type":"page","link":"https:\/\/www.marmottine.fr\/mag\/guides\/bijoux-personnalises\/forme\/comment-choisir-un-bijou-dessin-enfant","title":{"rendered":"Comment choisir un bijou personnalis\u00e9 avec un dessin d\u2019enfant ?"},"content":{"rendered":"<h1><span class=\"ez-toc-section\" id=\"Comment_choisir_un_bijou_personnalise_avec_un_dessin_denfant\"><\/span>Comment choisir un bijou personnalis\u00e9 avec un dessin d\u2019enfant ?<span class=\"ez-toc-section-end\"><\/span><\/h1><div id=\"ez-toc-container\" class=\"ez-toc-v2_0_69_1 counter-hierarchy ez-toc-counter ez-toc-grey ez-toc-container-direction\">\n<div class=\"ez-toc-title-container\">\n<p class=\"ez-toc-title\" style=\"cursor:inherit\">Sommaire<\/p>\n<span class=\"ez-toc-title-toggle\"><a href=\"#\" class=\"ez-toc-pull-right ez-toc-btn ez-toc-btn-xs ez-toc-btn-default ez-toc-toggle\" aria-label=\"Toggle Table of Content\"><span class=\"ez-toc-js-icon-con\"><span class=\"\"><span class=\"eztoc-hide\" style=\"display:none;\">Toggle<\/span><span class=\"ez-toc-icon-toggle-span\"><svg style=\"fill: #999;color:#999\" xmlns=\"http:\/\/www.w3.org\/2000\/svg\" class=\"list-377408\" width=\"20px\" height=\"20px\" viewBox=\"0 0 24 24\" fill=\"none\"><path d=\"M6 6H4v2h2V6zm14 0H8v2h12V6zM4 11h2v2H4v-2zm16 0H8v2h12v-2zM4 16h2v2H4v-2zm16 0H8v2h12v-2z\" fill=\"currentColor\"><\/path><\/svg><svg style=\"fill: #999;color:#999\" class=\"arrow-unsorted-368013\" xmlns=\"http:\/\/www.w3.org\/2000\/svg\" width=\"10px\" height=\"10px\" viewBox=\"0 0 24 24\" version=\"1.2\" baseProfile=\"tiny\"><path d=\"M18.2 9.3l-6.2-6.3-6.2 6.3c-.2.2-.3.4-.3.7s.1.5.3.7c.2.2.4.3.7.3h11c.3 0 .5-.1.7-.3.2-.2.3-.5.3-.7s-.1-.5-.3-.7zM5.8 14.7l6.2 6.3 6.2-6.3c.2-.2.3-.5.3-.7s-.1-.5-.3-.7c-.2-.2-.4-.3-.7-.3h-11c-.3 0-.5.1-.7.3-.2.2-.3.5-.3.7s.1.5.3.7z\"\/><\/svg><\/span><\/span><\/span><\/a><\/span><\/div>\n<nav><ul class='ez-toc-list ez-toc-list-level-1 ' ><li class='ez-toc-page-1 ez-toc-heading-level-1'><a class=\"ez-toc-link ez-toc-heading-1\" href=\"https:\/\/www.marmottine.fr\/mag\/guides\/bijoux-personnalises\/forme\/comment-choisir-un-bijou-dessin-enfant\/#Comment_choisir_un_bijou_personnalise_avec_un_dessin_denfant\" title=\"Comment choisir un bijou personnalis\u00e9 avec un dessin d\u2019enfant ?\">Comment choisir un bijou personnalis\u00e9 avec un dessin d\u2019enfant ?<\/a><ul class='ez-toc-list-level-2' ><li class='ez-toc-heading-level-2'><a class=\"ez-toc-link ez-toc-heading-2\" href=\"https:\/\/www.marmottine.fr\/mag\/guides\/bijoux-personnalises\/forme\/comment-choisir-un-bijou-dessin-enfant\/#Pourquoi_un_tel_engouement_pour_les_bijoux_avec_des_dessins_denfant\" title=\"Pourquoi un tel engouement pour les bijoux avec des dessins d\u2019enfant\u00a0?\">Pourquoi un tel engouement pour les bijoux avec des dessins d\u2019enfant\u00a0?<\/a><\/li><li class='ez-toc-page-1 ez-toc-heading-level-2'><a class=\"ez-toc-link ez-toc-heading-3\" href=\"https:\/\/www.marmottine.fr\/mag\/guides\/bijoux-personnalises\/forme\/comment-choisir-un-bijou-dessin-enfant\/#Quels_bijoux_peuvent_etre_personnalises_avec_un_dessin_denfant\" title=\"Quels bijoux peuvent \u00eatre personnalis\u00e9s avec un dessin d\u2019enfant\u00a0?\">Quels bijoux peuvent \u00eatre personnalis\u00e9s avec un dessin d\u2019enfant\u00a0?<\/a><\/li><li class='ez-toc-page-1 ez-toc-heading-level-2'><a class=\"ez-toc-link ez-toc-heading-4\" href=\"https:\/\/www.marmottine.fr\/mag\/guides\/bijoux-personnalises\/forme\/comment-choisir-un-bijou-dessin-enfant\/#Quelle_technique_est_utilisee_pour_graver_un_dessin_denfant_sur_un_bijou\" title=\"Quelle technique est utilis\u00e9e pour graver un dessin d\u2019enfant sur un bijou\u00a0?\">Quelle technique est utilis\u00e9e pour graver un dessin d\u2019enfant sur un bijou\u00a0?<\/a><\/li><li class='ez-toc-page-1 ez-toc-heading-level-2'><a class=\"ez-toc-link ez-toc-heading-5\" href=\"https:\/\/www.marmottine.fr\/mag\/guides\/bijoux-personnalises\/forme\/comment-choisir-un-bijou-dessin-enfant\/#Quel_dessin_choisir_pour_le_graver_sur_un_bijou\" title=\"Quel dessin choisir pour le graver sur un bijou\u00a0?\">Quel dessin choisir pour le graver sur un bijou\u00a0?<\/a><\/li><li class='ez-toc-page-1 ez-toc-heading-level-2'><a class=\"ez-toc-link ez-toc-heading-6\" href=\"https:\/\/www.marmottine.fr\/mag\/guides\/bijoux-personnalises\/forme\/comment-choisir-un-bijou-dessin-enfant\/#Comment_choisir_un_collier_personnalise_avec_un_dessin_denfant\" title=\"Comment choisir un collier personnalis\u00e9 avec un dessin d\u2019enfant\u00a0?\">Comment choisir un collier personnalis\u00e9 avec un dessin d\u2019enfant\u00a0?<\/a><\/li><li class='ez-toc-page-1 ez-toc-heading-level-2'><a class=\"ez-toc-link ez-toc-heading-7\" href=\"https:\/\/www.marmottine.fr\/mag\/guides\/bijoux-personnalises\/forme\/comment-choisir-un-bijou-dessin-enfant\/#Comment_choisir_un_bracelet_personnalise_avec_un_dessin_denfant\" title=\"Comment choisir un bracelet personnalis\u00e9 avec un dessin d\u2019enfant\u00a0?\">Comment choisir un bracelet personnalis\u00e9 avec un dessin d\u2019enfant\u00a0?<\/a><\/li><li class='ez-toc-page-1 ez-toc-heading-level-2'><a class=\"ez-toc-link ez-toc-heading-8\" href=\"https:\/\/www.marmottine.fr\/mag\/guides\/bijoux-personnalises\/forme\/comment-choisir-un-bijou-dessin-enfant\/#Peut-on_realiser_un_bijou_sur-mesure_a_partir_dun_dessin_denfant\" title=\"Peut-on r\u00e9aliser un bijou sur-mesure \u00e0 partir d\u2019un dessin d\u2019enfant\u00a0?\">Peut-on r\u00e9aliser un bijou sur-mesure \u00e0 partir d\u2019un dessin d\u2019enfant\u00a0?<\/a><\/li><\/ul><\/li><\/ul><\/nav><\/div>\n\n<figure id=\"attachment_263\" aria-describedby=\"caption-attachment-263\" style=\"width: 800px\" class=\"wp-caption alignnone\"><img loading=\"lazy\" decoding=\"async\" class=\"wp-image-263 size-full\" src=\"https:\/\/www.marmottine.fr\/mag\/wp-content\/uploads\/2024\/03\/bracelet-empreintes.jpg\" alt=\"Bracelet gravure dessin d'enfant\" width=\"800\" height=\"800\" srcset=\"https:\/\/www.marmottine.fr\/mag\/wp-content\/uploads\/2024\/03\/bracelet-empreintes.jpg 800w, https:\/\/www.marmottine.fr\/mag\/wp-content\/uploads\/2024\/03\/bracelet-empreintes-300x300.jpg 300w, https:\/\/www.marmottine.fr\/mag\/wp-content\/uploads\/2024\/03\/bracelet-empreintes-150x150.jpg 150w, https:\/\/www.marmottine.fr\/mag\/wp-content\/uploads\/2024\/03\/bracelet-empreintes-768x768.jpg 768w\" sizes=\"(max-width: 800px) 100vw, 800px\" \/><figcaption id=\"caption-attachment-263\" class=\"wp-caption-text\">Bracelet grav\u00e9 avec un dessin d&rsquo;enfant<\/figcaption><\/figure>\n<p>Depuis quelques ann\u00e9es, on voit fleurir une nouvelle tendance\u00a0en bijouterie\u00a0: les bijoux personnalis\u00e9s avec des dessins d\u2019enfant grav\u00e9s. Personnalisation ultime, cette <strong><a href=\"https:\/\/www.marmottine.fr\/mag\/guides\/bijoux-personnalises\/forme\">cat\u00e9gorie originale de bijoux personnalis\u00e9s par forme plait aux mamans<\/a><\/strong>, comme aux papas et aux grands-m\u00e8res, tellement fiers d\u2019exhiber un bijou unique sign\u00e9 par leur petit. Mais pour que le r\u00e9sultat soit \u00e0 la hauteur de ses esp\u00e9rances, il est n\u00e9cessaire de prendre quelques pr\u00e9cautions pour r\u00e9ussir son bijou avec le dessin de son choix. Une fois l\u2019original identifi\u00e9, on pourra le reproduire sur un pendentif, une m\u00e9daille, un bracelet, m\u00eame sur des accessoires comme des boutons de manchettes ou des porte-cl\u00e9s.<\/p>\n<h2><span class=\"ez-toc-section\" id=\"Pourquoi_un_tel_engouement_pour_les_bijoux_avec_des_dessins_denfant\"><\/span>Pourquoi un tel engouement pour les bijoux avec des dessins d\u2019enfant\u00a0?<span class=\"ez-toc-section-end\"><\/span><\/h2>\n<p>Depuis quelques ann\u00e9es, on voit fleurir une nouvelle tendance\u00a0: les <strong>bijoux grav\u00e9s avec un dessin d\u2019enfant<\/strong>. Ce peut \u00eatre un bonhomme patate, une maison, un arbre, les membres de la famille\u2026 bref, tout dessin sorti de l\u2019imagination d\u2019un petit. Les \u0153uvres picturales des enfants refl\u00e8tent leur sensibilit\u00e9. Elles sont souvent tr\u00e8s touchantes car elles repr\u00e9sentent leur propre vision du monde, en se focalisant sur l\u2019essentiel. Le petit prince disait \u00ab\u00a0l\u2019essentiel est invisible pour les yeux\u00a0\u00bb. Quand on observe attentivement le dessin d\u2019un enfant, on r\u00e9alise qu\u2019il interpr\u00e8te le r\u00e9el sous un prisme na\u00eff qui pourtant retient ce qu\u2019il consid\u00e8re comme essentiel.<\/p>\n<p>Les <strong>parents<\/strong> gardent pr\u00e9cieusement certains dessins d\u2019enfance, qu\u2019ils proviennent de l\u2019\u00e9cole ou d\u2019une activit\u00e9 r\u00e9alis\u00e9e \u00e0 la maison. Alors pourquoi pas le transformer en bijou pour garder cet instantan\u00e9 de vie tellement pr\u00e9cieux\u00a0? C\u2019est le cadeau id\u00e9al pour une <strong>maman<\/strong> \u00e0 l\u2019occasion de la f\u00eate des m\u00e8res, pour une <strong>mamie <\/strong>\u00e0 la f\u00eate des grands-m\u00e8res, et m\u00eame pour un <strong>papa poule<\/strong>, qui arborera fi\u00e8rement le dessin du petit dernier \u00e0 son poignet.<\/p>\n<h2><span class=\"ez-toc-section\" id=\"Quels_bijoux_peuvent_etre_personnalises_avec_un_dessin_denfant\"><\/span>Quels bijoux peuvent \u00eatre personnalis\u00e9s avec un dessin d\u2019enfant\u00a0?<span class=\"ez-toc-section-end\"><\/span><\/h2>\n<p>Tous les bijoux se pr\u00eatent \u00e0 cette personnalisation originale\u00a0: pendentif et m\u00e9daille, bracelet, boucles d\u2019oreilles. Les accessoires s\u2019y mettent aussi\u00a0: boutons de manchettes, pinces de cravate, porte-cl\u00e9s, marque-pages\u2026. du moment que la surface est lisse et peut accueillir une gravure.<\/p>\n<p>On privil\u00e9giera tout de m\u00eame des m\u00e9taux pr\u00e9cieux comme l\u2019<strong>argent<\/strong> ou l\u2019<strong>or<\/strong>, sur lesquels on peut effectuer une gravure laser suffisamment profonde pour que le dessin ne s\u2019estompe pas dans le temps.<\/p>\n<p>La <strong>forme du support<\/strong> a aussi son importance\u00a0car on pourra choisir le dessin en fonction, ou inversement. Par exemple, un personnage sera parfait sur un m\u00e9daillon allong\u00e9, une maison au centre d\u2019une m\u00e9daille ronde.<\/p>\n<h2><span class=\"ez-toc-section\" id=\"Quelle_technique_est_utilisee_pour_graver_un_dessin_denfant_sur_un_bijou\"><\/span>Quelle technique est utilis\u00e9e pour graver un dessin d\u2019enfant sur un bijou\u00a0?<span class=\"ez-toc-section-end\"><\/span><\/h2>\n<p>Contrairement \u00e0 ce que certaines personnes pensent, le dessin de base n\u2019a pas besoin d\u2019\u00eatre \u00e0 la taille du bijou\u00a0! Ce type de gravure ne se fait pas manuellement mais \u00e0 l\u2019aide d\u2019une machine \u00e0 graver ultra perfectionn\u00e9e munie d\u2019un logiciel de <strong>GAO<\/strong> (<em>Gravure Assist\u00e9e par Ordinateur<\/em>).<\/p>\n<p>Une fois le dessin choisi, la machine vectorise l\u2019image. Le logiciel identifie les pixels des zones \u00e0 graver, et les positionne de mani\u00e8re homoth\u00e9tique sur le support qui va accueillir la gravure. Il ne reste plus qu\u2019\u00e0 lancer la machine \u00e0 graver et le dessin appara\u00eet comme par magie\u00a0!<\/p>\n<p>Les deux pr\u00e9requis pour r\u00e9ussir un bijou grav\u00e9 d\u2019un dessin d\u2019enfant sont\u00a0: un dessin original clair avec des traits fonc\u00e9s, et un logiciel pr\u00e9cis.<\/p>\n<h2><span class=\"ez-toc-section\" id=\"Quel_dessin_choisir_pour_le_graver_sur_un_bijou\"><\/span>Quel dessin choisir pour le graver sur un bijou\u00a0?<span class=\"ez-toc-section-end\"><\/span><\/h2>\n<figure id=\"attachment_264\" aria-describedby=\"caption-attachment-264\" style=\"width: 800px\" class=\"wp-caption alignnone\"><img loading=\"lazy\" decoding=\"async\" class=\"size-full wp-image-264\" src=\"https:\/\/www.marmottine.fr\/mag\/wp-content\/uploads\/2024\/03\/collier-cordon-empreintes.jpg\" alt=\"Pendentif avec gravure dessin d'enfant\" width=\"800\" height=\"800\" srcset=\"https:\/\/www.marmottine.fr\/mag\/wp-content\/uploads\/2024\/03\/collier-cordon-empreintes.jpg 800w, https:\/\/www.marmottine.fr\/mag\/wp-content\/uploads\/2024\/03\/collier-cordon-empreintes-300x300.jpg 300w, https:\/\/www.marmottine.fr\/mag\/wp-content\/uploads\/2024\/03\/collier-cordon-empreintes-150x150.jpg 150w, https:\/\/www.marmottine.fr\/mag\/wp-content\/uploads\/2024\/03\/collier-cordon-empreintes-768x768.jpg 768w\" sizes=\"(max-width: 800px) 100vw, 800px\" \/><figcaption id=\"caption-attachment-264\" class=\"wp-caption-text\">Pendentif avec gravure dessin d&rsquo;enfant<\/figcaption><\/figure>\n<p>Le <u>choix du dessin<\/u> est tr\u00e8s important car il conditionne la qualit\u00e9 du r\u00e9sultat. Comme on l\u2019a vu pr\u00e9c\u00e9demment, la machine grave les pixels que le logiciel identifie. Chaque point repr\u00e9sente un impact du laser. Il est donc essentiel de fournir un dessin avec des traits bien d\u00e9finis car ce sont ces traits qui seront grav\u00e9s. On oublie les coloriages et autres zones d\u2019ombre qui ne rendraient rien, si ce n\u2019est qu\u2019une grosse tache.<\/p>\n<p>C\u2019est pourquoi on privil\u00e9gie un dessin r\u00e9alis\u00e9 avec un <u>feutre de couleur fonc\u00e9e<\/u> (noir, marron, bleu marine), avec des traits bien identifi\u00e9s. Ce peut \u00eatre un bonhomme, un soleil, une fleur, une f\u00e9e, un animal. On ne recherche pas la sophistication ni un dessin trop complexe mais un <u>sujet unique<\/u>. En \u00e9purant au maximum le dessin de base, on met en \u00e9vidence la beaut\u00e9 et la spontan\u00e9it\u00e9 qui \u00e9mane du coup de crayon d\u2019un enfant, quel que soit son \u00e2ge.<\/p>\n<h2><span class=\"ez-toc-section\" id=\"Comment_choisir_un_collier_personnalise_avec_un_dessin_denfant\"><\/span>Comment choisir un collier personnalis\u00e9 avec un dessin d\u2019enfant\u00a0?<span class=\"ez-toc-section-end\"><\/span><\/h2>\n<figure id=\"attachment_153\" aria-describedby=\"caption-attachment-153\" style=\"width: 600px\" class=\"wp-caption alignnone\"><img loading=\"lazy\" decoding=\"async\" class=\"wp-image-153 size-full\" src=\"https:\/\/www.marmottine.fr\/mag\/wp-content\/uploads\/2024\/03\/pend-coeur-arg-beliere.jpg\" alt=\"Pendentif coeur argent avec un dessin d'enfant grav\u00e9\" width=\"600\" height=\"600\" srcset=\"https:\/\/www.marmottine.fr\/mag\/wp-content\/uploads\/2024\/03\/pend-coeur-arg-beliere.jpg 600w, https:\/\/www.marmottine.fr\/mag\/wp-content\/uploads\/2024\/03\/pend-coeur-arg-beliere-300x300.jpg 300w, https:\/\/www.marmottine.fr\/mag\/wp-content\/uploads\/2024\/03\/pend-coeur-arg-beliere-150x150.jpg 150w\" sizes=\"(max-width: 600px) 100vw, 600px\" \/><figcaption id=\"caption-attachment-153\" class=\"wp-caption-text\">Pendentif coeur argent avec un dessin d&rsquo;enfant grav\u00e9<\/figcaption><\/figure>\n<p>Le bijou dessin d\u2019enfant le plus demand\u00e9 est le collier\u00a0: avec une cha\u00eene plus ou moins longue, la personne le portera en ras de cou, collier ou sautoir. Au bout de la cha\u00eene se trouve la m\u00e9daille ou le pendentif qui viendra accueillir la gravure du dessin. L\u2019int\u00e9r\u00eat du collier est qu\u2019il propose un large choix de possibilit\u00e9s de gravures en fonction de la taille du m\u00e9daillon.<\/p>\n<p>Sur <strong>une petite m\u00e9daille<\/strong>, on pourra graver un <strong>dessin unique et simple<\/strong>, un sujet sobre et facilement reconnaissable.<\/p>\n<p>Un <strong>pendentif plus volumineux<\/strong> permettra de graver une <strong>\u0153uvre plus dense<\/strong> (une maison avec son soleil, son arbre, ses fleurs et un chien) ou une composition de plusieurs dessins, si l\u2019on souhaite combiner les \u0153uvres de plusieurs enfants. Le nec plus ultra de ce genre de m\u00e9daillon\u00a0: demander la <strong>signature manuscrite<\/strong> de chacun des bambins pour un bijou sign\u00e9\u00a0! Et c\u2019est le succ\u00e8s assur\u00e9\u00a0!<\/p>\n<h2><span class=\"ez-toc-section\" id=\"Comment_choisir_un_bracelet_personnalise_avec_un_dessin_denfant\"><\/span>Comment choisir un bracelet personnalis\u00e9 avec un dessin d\u2019enfant\u00a0?<span class=\"ez-toc-section-end\"><\/span><\/h2>\n<p>Le bracelet est l\u2019autre bijou id\u00e9al pour graver un dessin, que ce soit un bracelet mont\u00e9 sur cha\u00eene ou sur cordon. L\u2019important est le m\u00e9daillon central qui va accueillir la gravure.<\/p>\n<ul>\n<li>On choisit le m\u00e9daillon en fonction de la personne \u00e0 qui le bracelet est destin\u00e9. Un petit format (14 mm de diam\u00e8tre par exemple) sera parfait pour une femme au poignet menu, et s\u2019adaptera autant \u00e0 un bracelet cha\u00eene qu\u2019un bracelet cordon.<\/li>\n<li>Pour une personne avec un poignet plus fort, ou pour un homme, on n\u2019h\u00e9sitera pas \u00e0 opter pour un m\u00e9daillon plus grand ou de forme inattendue (un galet allong\u00e9, une m\u00e9daille rectangulaire ou ovale).<\/li>\n<\/ul>\n<p>Dans les deux cas, on recommande de ne pas trop charger la gravure et de choisir un sujet original clair et \u00e9pur\u00e9. Autre avantage du bracelet\u00a0: on peut s\u2019amuser \u00e0 graver un message manuscrit \u00ab\u00a0secret\u00a0\u00bb au verso, ou demander \u00e0 l\u2019enfant d\u2019\u00e9crire son pr\u00e9nom afin de graver sa signature personnelle.<\/p>\n<h2><span class=\"ez-toc-section\" id=\"Peut-on_realiser_un_bijou_sur-mesure_a_partir_dun_dessin_denfant\"><\/span>Peut-on r\u00e9aliser un bijou sur-mesure \u00e0 partir d\u2019un dessin d\u2019enfant\u00a0?<span class=\"ez-toc-section-end\"><\/span><\/h2>\n<p>Enfin, il existe une version ultime des bijoux personnalis\u00e9s avec un dessin d\u2019enfant qui consiste \u00e0 <u>cr\u00e9er sur-mesure un bijou<\/u> \u00e0 partir d\u2019un dessin. Dans ce cas, le dessin EST le bijou.<\/p>\n<p>Cette option combine deux techniques\u00a0: celle de la gravure laser et celle de la d\u00e9coupe laser.<\/p>\n<p>L\u2019id\u00e9e est simple\u00a0:<\/p>\n<ul>\n<li>on choisit un dessin dont le contour est bien identifi\u00e9 (un personnage, une maison, une fleur)<\/li>\n<li>on transforme ce dessin en pendentif gr\u00e2ce \u00e0 la d\u00e9coupe laser<\/li>\n<li>on grave les traits \u00e0 l\u2019int\u00e9rieur<\/li>\n<li>on ajouter une b\u00e9li\u00e8re<\/li>\n<\/ul>\n<p>Le pendentif est pr\u00eat \u00e0 \u00eatre port\u00e9 en collier\u00a0!<\/p>\n<p>Le bijou sur-mesure est le bijou personnalis\u00e9 pouss\u00e9 \u00e0 l\u2019extr\u00eame car il est r\u00e9ellement unique puisque dessin\u00e9 par le client. Peu de personnes peuvent se targuer de porter autour du cou un pendentif dessin\u00e9 par leur enfant\u00a0!<\/p>\n","protected":false},"excerpt":{"rendered":"<p>Comment choisir un bijou personnalis\u00e9 avec un dessin d\u2019enfant ? Depuis quelques ann\u00e9es, on voit fleurir une nouvelle tendance\u00a0en bijouterie\u00a0: [&hellip;]<\/p>\n","protected":false},"author":2,"featured_media":263,"parent":119,"menu_order":3,"comment_status":"closed","ping_status":"closed","template":"","meta":{"site-sidebar-layout":"default","site-content-layout":"","ast-site-content-layout":"default","site-content-style":"default","site-sidebar-style":"default","ast-global-header-display":"","ast-banner-title-visibility":"","ast-main-header-display":"","ast-hfb-above-header-display":"","ast-hfb-below-header-display":"","ast-hfb-mobile-header-display":"","site-post-title":"","ast-breadcrumbs-content":"","ast-featured-img":"","footer-sml-layout":"","theme-transparent-header-meta":"default","adv-header-id-meta":"","stick-header-meta":"","header-above-stick-meta":"","header-main-stick-meta":"","header-below-stick-meta":"","astra-migrate-meta-layouts":"set","ast-page-background-enabled":"default","ast-page-background-meta":{"desktop":{"background-color":"var(--ast-global-color-4)","background-image":"","background-repeat":"repeat","background-position":"center center","background-size":"auto","background-attachment":"scroll","background-type":"","background-media":"","overlay-type":"","overlay-color":"","overlay-gradient":""},"tablet":{"background-color":"","background-image":"","background-repeat":"repeat","background-position":"center center","background-size":"auto","background-attachment":"scroll","background-type":"","background-media":"","overlay-type":"","overlay-color":"","overlay-gradient":""},"mobile":{"background-color":"","background-image":"","background-repeat":"repeat","background-position":"center center","background-size":"auto","background-attachment":"scroll","background-type":"","background-media":"","overlay-type":"","overlay-color":"","overlay-gradient":""}},"ast-content-background-meta":{"desktop":{"background-color":"var(--ast-global-color-5)","background-image":"","background-repeat":"repeat","background-position":"center center","background-size":"auto","background-attachment":"scroll","background-type":"","background-media":"","overlay-type":"","overlay-color":"","overlay-gradient":""},"tablet":{"background-color":"var(--ast-global-color-5)","background-image":"","background-repeat":"repeat","background-position":"center center","background-size":"auto","background-attachment":"scroll","background-type":"","background-media":"","overlay-type":"","overlay-color":"","overlay-gradient":""},"mobile":{"background-color":"var(--ast-global-color-5)","background-image":"","background-repeat":"repeat","background-position":"center center","background-size":"auto","background-attachment":"scroll","background-type":"","background-media":"","overlay-type":"","overlay-color":"","overlay-gradient":""}},"footnotes":""},"aioseo_notices":[],"_links":{"self":[{"href":"https:\/\/www.marmottine.fr\/mag\/wp-json\/wp\/v2\/pages\/149"}],"collection":[{"href":"https:\/\/www.marmottine.fr\/mag\/wp-json\/wp\/v2\/pages"}],"about":[{"href":"https:\/\/www.marmottine.fr\/mag\/wp-json\/wp\/v2\/types\/page"}],"author":[{"embeddable":true,"href":"https:\/\/www.marmottine.fr\/mag\/wp-json\/wp\/v2\/users\/2"}],"replies":[{"embeddable":true,"href":"https:\/\/www.marmottine.fr\/mag\/wp-json\/wp\/v2\/comments?post=149"}],"version-history":[{"count":4,"href":"https:\/\/www.marmottine.fr\/mag\/wp-json\/wp\/v2\/pages\/149\/revisions"}],"predecessor-version":[{"id":564,"href":"https:\/\/www.marmottine.fr\/mag\/wp-json\/wp\/v2\/pages\/149\/revisions\/564"}],"up":[{"embeddable":true,"href":"https:\/\/www.marmottine.fr\/mag\/wp-json\/wp\/v2\/pages\/119"}],"wp:featuredmedia":[{"embeddable":true,"href":"https:\/\/www.marmottine.fr\/mag\/wp-json\/wp\/v2\/media\/263"}],"wp:attachment":[{"href":"https:\/\/www.marmottine.fr\/mag\/wp-json\/wp\/v2\/media?parent=149"}],"curies":[{"name":"wp","href":"https:\/\/api.w.org\/{rel}","templated":true}]}}