{"id":1122,"date":"2024-11-04T18:22:19","date_gmt":"2024-11-04T17:22:19","guid":{"rendered":"https:\/\/www.marmottine.fr\/mag\/?page_id=1122"},"modified":"2024-11-04T18:22:25","modified_gmt":"2024-11-04T17:22:25","slug":"connaissez-vous-le-bola-ce-drole-de-bijou-de-maternite","status":"publish","type":"page","link":"https:\/\/www.marmottine.fr\/mag\/guides\/bijoux-personnalises\/choisir\/choisir-bola-personnalise\/connaissez-vous-le-bola-ce-drole-de-bijou-de-maternite","title":{"rendered":"Connaissez-vous le bola, ce dr\u00f4le de bijou de maternit\u00e9 ?"},"content":{"rendered":"<h1 class=\"page-item-title\"><span class=\"ez-toc-section\" id=\"Connaissez-vous_le_bola_ce_drole_de_bijou_de_maternite\"><\/span>Connaissez-vous le bola, ce dr\u00f4le de bijou de maternit\u00e9 ?<span class=\"ez-toc-section-end\"><\/span><\/h1><div id=\"ez-toc-container\" class=\"ez-toc-v2_0_69_1 counter-hierarchy ez-toc-counter ez-toc-grey ez-toc-container-direction\">\n<div class=\"ez-toc-title-container\">\n<p class=\"ez-toc-title\" style=\"cursor:inherit\">Sommaire<\/p>\n<span class=\"ez-toc-title-toggle\"><a href=\"#\" class=\"ez-toc-pull-right ez-toc-btn ez-toc-btn-xs ez-toc-btn-default ez-toc-toggle\" aria-label=\"Toggle Table of Content\"><span class=\"ez-toc-js-icon-con\"><span class=\"\"><span class=\"eztoc-hide\" style=\"display:none;\">Toggle<\/span><span class=\"ez-toc-icon-toggle-span\"><svg style=\"fill: #999;color:#999\" xmlns=\"http:\/\/www.w3.org\/2000\/svg\" class=\"list-377408\" width=\"20px\" height=\"20px\" viewBox=\"0 0 24 24\" fill=\"none\"><path d=\"M6 6H4v2h2V6zm14 0H8v2h12V6zM4 11h2v2H4v-2zm16 0H8v2h12v-2zM4 16h2v2H4v-2zm16 0H8v2h12v-2z\" fill=\"currentColor\"><\/path><\/svg><svg style=\"fill: #999;color:#999\" class=\"arrow-unsorted-368013\" xmlns=\"http:\/\/www.w3.org\/2000\/svg\" width=\"10px\" height=\"10px\" viewBox=\"0 0 24 24\" version=\"1.2\" baseProfile=\"tiny\"><path d=\"M18.2 9.3l-6.2-6.3-6.2 6.3c-.2.2-.3.4-.3.7s.1.5.3.7c.2.2.4.3.7.3h11c.3 0 .5-.1.7-.3.2-.2.3-.5.3-.7s-.1-.5-.3-.7zM5.8 14.7l6.2 6.3 6.2-6.3c.2-.2.3-.5.3-.7s-.1-.5-.3-.7c-.2-.2-.4-.3-.7-.3h-11c-.3 0-.5.1-.7.3-.2.2-.3.5-.3.7s.1.5.3.7z\"\/><\/svg><\/span><\/span><\/span><\/a><\/span><\/div>\n<nav><ul class='ez-toc-list ez-toc-list-level-1 ' ><li class='ez-toc-page-1 ez-toc-heading-level-1'><a class=\"ez-toc-link ez-toc-heading-1\" href=\"https:\/\/www.marmottine.fr\/mag\/guides\/bijoux-personnalises\/choisir\/choisir-bola-personnalise\/connaissez-vous-le-bola-ce-drole-de-bijou-de-maternite\/#Connaissez-vous_le_bola_ce_drole_de_bijou_de_maternite\" title=\"Connaissez-vous le bola, ce dr\u00f4le de bijou de maternit\u00e9 ?\">Connaissez-vous le bola, ce dr\u00f4le de bijou de maternit\u00e9 ?<\/a><ul class='ez-toc-list-level-2' ><li class='ez-toc-heading-level-2'><a class=\"ez-toc-link ez-toc-heading-2\" href=\"https:\/\/www.marmottine.fr\/mag\/guides\/bijoux-personnalises\/choisir\/choisir-bola-personnalise\/connaissez-vous-le-bola-ce-drole-de-bijou-de-maternite\/#Pourquoi_porter_un_bola_de_grossesse\" title=\"Pourquoi porter un bola de grossesse ?\">Pourquoi porter un bola de grossesse ?<\/a><\/li><li class='ez-toc-page-1 ez-toc-heading-level-2'><a class=\"ez-toc-link ez-toc-heading-3\" href=\"https:\/\/www.marmottine.fr\/mag\/guides\/bijoux-personnalises\/choisir\/choisir-bola-personnalise\/connaissez-vous-le-bola-ce-drole-de-bijou-de-maternite\/#Comment_choisir_un_bola\" title=\"Comment choisir un\u00a0bola ?\">Comment choisir un\u00a0bola ?<\/a><\/li><\/ul><\/li><\/ul><\/nav><\/div>\n\n<p><img loading=\"lazy\" decoding=\"async\" class=\"alignnone wp-image-1123 size-full\" src=\"https:\/\/www.marmottine.fr\/mag\/wp-content\/uploads\/2024\/10\/connaissez-vous-le-bola-ce-drole-de-bijou-de-.jpg\" alt=\"\" width=\"700\" height=\"420\" srcset=\"https:\/\/www.marmottine.fr\/mag\/wp-content\/uploads\/2024\/10\/connaissez-vous-le-bola-ce-drole-de-bijou-de-.jpg 700w, https:\/\/www.marmottine.fr\/mag\/wp-content\/uploads\/2024\/10\/connaissez-vous-le-bola-ce-drole-de-bijou-de--300x180.jpg 300w\" sizes=\"(max-width: 700px) 100vw, 700px\" \/><\/p>\n<div class=\"articleContent\"><a href=\"https:\/\/www.marmottine.fr\/mag\/guides\/bijoux-personnalises\/choisir\/choisir-bola-personnalise\"><span style=\"font-size: 16px;\">Le <\/span><strong style=\"font-size: 16px;\">bola<\/strong><\/a><span style=\"font-size: 16px;\">\u00a0est un bijou ethnique qui nous vient d\u2019Indon\u00e9sie et du Mexique. Il se pr\u00e9sente sous la forme d\u2019une petite boule (le plus souvent en argent) creuse, renfermant des petites billes qui \u00e9mettent un son musical quand elle bouge, \u00e0 la mani\u00e8re d\u2019un carillon.\u00a0\u00a0La boule est attach\u00e9e \u00e0 un long cordon, ce qui permet de r\u00e9gler la hauteur de la bola au niveau du ventre de la future maman, afin que le b\u00e9b\u00e9 entende cette douce musique. En effet, \u00e0 partir du cinqui\u00e8me mois de grossesse, l\u2019enfant in utero entend les sons : la voix de sa m\u00e8re, celle de son papa, et des proches qui l\u2019entourent. De la m\u00eame mani\u00e8re, il percevra la musique \u00e9mise par le bola. Apr\u00e8s la naissance, lorsqu\u2019il entendra cette m\u00eame musique, celle-ci aura un effet apaisant sur lui. C\u2019est pourquoi les mamans\u00a0 \u00ab\u00a0recyclent\u00a0\u00bb leur bola apr\u00e8s la grossesse en l\u2019accrochant au berceau, \u00e0 la poussette ou au doudou. Le simple fait de faire tinter le bola calmera b\u00e9b\u00e9 et le rassurera, car il se rem\u00e9morera cette musique famili\u00e8re qui l\u2019aura accompagn\u00e9 pendant plusieurs semaines.<\/span><\/div>\n<div><\/div>\n<div>\n<div class=\"sdsarticle-des\">\n<div class=\"e-content\">\n<h2><span class=\"ez-toc-section\" id=\"Pourquoi_porter_un_bola_de_grossesse\"><\/span>Pourquoi porter un bola de grossesse ?<span class=\"ez-toc-section-end\"><\/span><\/h2>\n<p>En quelques ann\u00e9es, ce bijou de maternit\u00e9 s\u2019est impos\u00e9 en occident aupr\u00e8s des mamans toujours plus soucieuses du bien \u00eatre de leur grossesse. Il est donc devenu une id\u00e9e de cadeau tr\u00e8s tendance \u00e0 offrir \u00e0 une future maman \u00e0 l\u2019occasion de son anniversaire, de la f\u00eate des m\u00e8res, de No\u00ebl, ou encore d\u2019une Baby Shower. Le lien qui unit la maman \u00e0 son enfant est un lien unique et ind\u00e9fectible, qui se cr\u00e9e bien avant la naissance. Le bola est une mani\u00e8re de rentrer en communion avec son enfant in utero, de tisser ce lien qui grandira apr\u00e8s la venue au monde du b\u00e9b\u00e9.<\/p>\n<p>Mais le bola est aussi et avant tout un bijou. La maternit\u00e9 ne rime plus avec aust\u00e9rit\u00e9 bien au contraire\u00a0! Ces neuf mois sont une parenth\u00e8se enchant\u00e9e dans la vie d\u2019une femme. Les futures mamans sont de plus en plus coquettes, preuve en est le choix incroyable de v\u00eatements pour femmes enceintes. Il en est de m\u00eame pour les accessoires\u00a0: m\u00eame enceinte, la future maman soigne son style. Porter un bola vient compl\u00e9ter la silhouette, affirmer le look, en plus d\u2019\u00eatre un objet utile.<\/p>\n<h2><span class=\"ez-toc-section\" id=\"Comment_choisir_un_bola\"><\/span>Comment choisir un\u00a0bola ?<span class=\"ez-toc-section-end\"><\/span><\/h2>\n<p>Les premiers bolas que l\u2019on trouvait sur le march\u00e9 \u00e9taient tr\u00e8s ethniques, voire \u00ab\u00a0roots\u00a0\u00bb et ne correspondaient pas au look de toutes les mamans. C\u2019\u00e9tait sans compter avec le talent de certains cr\u00e9ateurs comme Ilado, qu\u2019a choisi Marmottine. Cette marque parisienne a imagin\u00e9 une collection tr\u00e8s chic et \u00e9l\u00e9gante de bolas d\u00e9clin\u00e9s en argent, or jaune et or rose, mont\u00e9s sur cordon de soie ou sur cha\u00eene. Pas \u00e9tonnant que certaines mamans gardent leur bola apr\u00e8s la naissance comme bijou \u00e0 part enti\u00e8re\u2026 D&rsquo;ailleurs, devant le succ\u00e8s rencontr\u00e9 par ce bijou original, la marque l&rsquo;a d\u00e9clin\u00e9 en bracelet, pour enfant ou femme.<\/p>\n<p>D\u00e9couvrez la\u00a0<a href=\"https:\/\/www.marmottine.fr\/243-ilado\" target=\"_blank\" rel=\"noopener\"><strong>collection de bolas de la marque Ilado<\/strong><\/a>, dernier coup de c\u0153ur de Marmottine.<\/p>\n<p><b>tags:\u00a0<\/b><a href=\"https:\/\/www.marmottine.fr\/les-news-de-marmottine\/tag\/bola\">bola<\/a><\/p>\n<\/div>\n<\/div>\n<\/div>\n","protected":false},"excerpt":{"rendered":"<p>Connaissez-vous le bola, ce dr\u00f4le de bijou de maternit\u00e9 ? Le bola\u00a0est un bijou ethnique qui nous vient d\u2019Indon\u00e9sie et [&hellip;]<\/p>\n","protected":false},"author":5,"featured_media":1123,"parent":772,"menu_order":0,"comment_status":"closed","ping_status":"closed","template":"","meta":{"site-sidebar-layout":"default","site-content-layout":"","ast-site-content-layout":"default","site-content-style":"default","site-sidebar-style":"default","ast-global-header-display":"","ast-banner-title-visibility":"","ast-main-header-display":"","ast-hfb-above-header-display":"","ast-hfb-below-header-display":"","ast-hfb-mobile-header-display":"","site-post-title":"","ast-breadcrumbs-content":"","ast-featured-img":"","footer-sml-layout":"","theme-transparent-header-meta":"default","adv-header-id-meta":"","stick-header-meta":"","header-above-stick-meta":"","header-main-stick-meta":"","header-below-stick-meta":"","astra-migrate-meta-layouts":"set","ast-page-background-enabled":"default","ast-page-background-meta":{"desktop":{"background-color":"var(--ast-global-color-4)","background-image":"","background-repeat":"repeat","background-position":"center center","background-size":"auto","background-attachment":"scroll","background-type":"","background-media":"","overlay-type":"","overlay-color":"","overlay-gradient":""},"tablet":{"background-color":"","background-image":"","background-repeat":"repeat","background-position":"center center","background-size":"auto","background-attachment":"scroll","background-type":"","background-media":"","overlay-type":"","overlay-color":"","overlay-gradient":""},"mobile":{"background-color":"","background-image":"","background-repeat":"repeat","background-position":"center center","background-size":"auto","background-attachment":"scroll","background-type":"","background-media":"","overlay-type":"","overlay-color":"","overlay-gradient":""}},"ast-content-background-meta":{"desktop":{"background-color":"var(--ast-global-color-5)","background-image":"","background-repeat":"repeat","background-position":"center center","background-size":"auto","background-attachment":"scroll","background-type":"","background-media":"","overlay-type":"","overlay-color":"","overlay-gradient":""},"tablet":{"background-color":"var(--ast-global-color-5)","background-image":"","background-repeat":"repeat","background-position":"center center","background-size":"auto","background-attachment":"scroll","background-type":"","background-media":"","overlay-type":"","overlay-color":"","overlay-gradient":""},"mobile":{"background-color":"var(--ast-global-color-5)","background-image":"","background-repeat":"repeat","background-position":"center center","background-size":"auto","background-attachment":"scroll","background-type":"","background-media":"","overlay-type":"","overlay-color":"","overlay-gradient":""}},"footnotes":""},"aioseo_notices":[],"_links":{"self":[{"href":"https:\/\/www.marmottine.fr\/mag\/wp-json\/wp\/v2\/pages\/1122"}],"collection":[{"href":"https:\/\/www.marmottine.fr\/mag\/wp-json\/wp\/v2\/pages"}],"about":[{"href":"https:\/\/www.marmottine.fr\/mag\/wp-json\/wp\/v2\/types\/page"}],"author":[{"embeddable":true,"href":"https:\/\/www.marmottine.fr\/mag\/wp-json\/wp\/v2\/users\/5"}],"replies":[{"embeddable":true,"href":"https:\/\/www.marmottine.fr\/mag\/wp-json\/wp\/v2\/comments?post=1122"}],"version-history":[{"count":5,"href":"https:\/\/www.marmottine.fr\/mag\/wp-json\/wp\/v2\/pages\/1122\/revisions"}],"predecessor-version":[{"id":1283,"href":"https:\/\/www.marmottine.fr\/mag\/wp-json\/wp\/v2\/pages\/1122\/revisions\/1283"}],"up":[{"embeddable":true,"href":"https:\/\/www.marmottine.fr\/mag\/wp-json\/wp\/v2\/pages\/772"}],"wp:featuredmedia":[{"embeddable":true,"href":"https:\/\/www.marmottine.fr\/mag\/wp-json\/wp\/v2\/media\/1123"}],"wp:attachment":[{"href":"https:\/\/www.marmottine.fr\/mag\/wp-json\/wp\/v2\/media?parent=1122"}],"curies":[{"name":"wp","href":"https:\/\/api.w.org\/{rel}","templated":true}]}}