{"id":1096,"date":"2024-11-04T18:30:56","date_gmt":"2024-11-04T17:30:56","guid":{"rendered":"https:\/\/www.marmottine.fr\/mag\/?page_id=1096"},"modified":"2024-11-04T18:30:56","modified_gmt":"2024-11-04T17:30:56","slug":"la-veritable-histoire-de-la-medaille-miraculeuse","status":"publish","type":"page","link":"https:\/\/www.marmottine.fr\/mag\/guides\/bijoux-personnalises\/choisir\/medaille-personnalisee\/la-veritable-histoire-de-la-medaille-miraculeuse","title":{"rendered":"La v\u00e9ritable histoire de la m\u00e9daille miraculeuse"},"content":{"rendered":"<h1 class=\"page-item-title\"><span class=\"ez-toc-section\" id=\"La_veritable_histoire_de_la_medaille_miraculeuse\"><\/span>La v\u00e9ritable histoire de la m\u00e9daille miraculeuse<span class=\"ez-toc-section-end\"><\/span><\/h1><div id=\"ez-toc-container\" class=\"ez-toc-v2_0_69_1 counter-hierarchy ez-toc-counter ez-toc-grey ez-toc-container-direction\">\n<div class=\"ez-toc-title-container\">\n<p class=\"ez-toc-title\" style=\"cursor:inherit\">Sommaire<\/p>\n<span class=\"ez-toc-title-toggle\"><a href=\"#\" class=\"ez-toc-pull-right ez-toc-btn ez-toc-btn-xs ez-toc-btn-default ez-toc-toggle\" aria-label=\"Toggle Table of Content\"><span class=\"ez-toc-js-icon-con\"><span class=\"\"><span class=\"eztoc-hide\" style=\"display:none;\">Toggle<\/span><span class=\"ez-toc-icon-toggle-span\"><svg style=\"fill: #999;color:#999\" xmlns=\"http:\/\/www.w3.org\/2000\/svg\" class=\"list-377408\" width=\"20px\" height=\"20px\" viewBox=\"0 0 24 24\" fill=\"none\"><path d=\"M6 6H4v2h2V6zm14 0H8v2h12V6zM4 11h2v2H4v-2zm16 0H8v2h12v-2zM4 16h2v2H4v-2zm16 0H8v2h12v-2z\" fill=\"currentColor\"><\/path><\/svg><svg style=\"fill: #999;color:#999\" class=\"arrow-unsorted-368013\" xmlns=\"http:\/\/www.w3.org\/2000\/svg\" width=\"10px\" height=\"10px\" viewBox=\"0 0 24 24\" version=\"1.2\" baseProfile=\"tiny\"><path d=\"M18.2 9.3l-6.2-6.3-6.2 6.3c-.2.2-.3.4-.3.7s.1.5.3.7c.2.2.4.3.7.3h11c.3 0 .5-.1.7-.3.2-.2.3-.5.3-.7s-.1-.5-.3-.7zM5.8 14.7l6.2 6.3 6.2-6.3c.2-.2.3-.5.3-.7s-.1-.5-.3-.7c-.2-.2-.4-.3-.7-.3h-11c-.3 0-.5.1-.7.3-.2.2-.3.5-.3.7s.1.5.3.7z\"\/><\/svg><\/span><\/span><\/span><\/a><\/span><\/div>\n<nav><ul class='ez-toc-list ez-toc-list-level-1 ' ><li class='ez-toc-page-1 ez-toc-heading-level-1'><a class=\"ez-toc-link ez-toc-heading-1\" href=\"https:\/\/www.marmottine.fr\/mag\/guides\/bijoux-personnalises\/choisir\/medaille-personnalisee\/la-veritable-histoire-de-la-medaille-miraculeuse\/#La_veritable_histoire_de_la_medaille_miraculeuse\" title=\"La v\u00e9ritable histoire de la m\u00e9daille miraculeuse\">La v\u00e9ritable histoire de la m\u00e9daille miraculeuse<\/a><ul class='ez-toc-list-level-2' ><li class='ez-toc-heading-level-2'><a class=\"ez-toc-link ez-toc-heading-2\" href=\"https:\/\/www.marmottine.fr\/mag\/guides\/bijoux-personnalises\/choisir\/medaille-personnalisee\/la-veritable-histoire-de-la-medaille-miraculeuse\/#Catherine_Laboure_et_la_chapelle_de_la_rue_du_Bac_a_Paris\" title=\"Catherine Labour\u00e9 et la chapelle de la rue du Bac \u00e0 Paris\">Catherine Labour\u00e9 et la chapelle de la rue du Bac \u00e0 Paris<\/a><\/li><li class='ez-toc-page-1 ez-toc-heading-level-2'><a class=\"ez-toc-link ez-toc-heading-3\" href=\"https:\/\/www.marmottine.fr\/mag\/guides\/bijoux-personnalises\/choisir\/medaille-personnalisee\/la-veritable-histoire-de-la-medaille-miraculeuse\/#Pourquoi_la_medaille_est-elle_miraculeuse\" title=\"Pourquoi la m\u00e9daille est-elle miraculeuse ?\">Pourquoi la m\u00e9daille est-elle miraculeuse ?<\/a><\/li><li class='ez-toc-page-1 ez-toc-heading-level-2'><a class=\"ez-toc-link ez-toc-heading-4\" href=\"https:\/\/www.marmottine.fr\/mag\/guides\/bijoux-personnalises\/choisir\/medaille-personnalisee\/la-veritable-histoire-de-la-medaille-miraculeuse\/#Quelle_est_la_signification_de_la_medaille_miraculeuse\" title=\"Quelle est la signification de la m\u00e9daille miraculeuse\u00a0?\">Quelle est la signification de la m\u00e9daille miraculeuse\u00a0?<\/a><\/li><li class='ez-toc-page-1 ez-toc-heading-level-2'><a class=\"ez-toc-link ez-toc-heading-5\" href=\"https:\/\/www.marmottine.fr\/mag\/guides\/bijoux-personnalises\/choisir\/medaille-personnalisee\/la-veritable-histoire-de-la-medaille-miraculeuse\/#Quelle_medaille_miraculeuse_acheter\" title=\"Quelle m\u00e9daille miraculeuse acheter\u00a0?\">Quelle m\u00e9daille miraculeuse acheter\u00a0?<\/a><\/li><\/ul><\/li><\/ul><\/nav><\/div>\n\n<p><img loading=\"lazy\" decoding=\"async\" class=\"alignnone wp-image-1097 size-full\" src=\"https:\/\/www.marmottine.fr\/mag\/wp-content\/uploads\/2024\/10\/la-veritable-histoire-de-la-medaille-miracule.jpg\" alt=\"\" width=\"700\" height=\"420\" srcset=\"https:\/\/www.marmottine.fr\/mag\/wp-content\/uploads\/2024\/10\/la-veritable-histoire-de-la-medaille-miracule.jpg 700w, https:\/\/www.marmottine.fr\/mag\/wp-content\/uploads\/2024\/10\/la-veritable-histoire-de-la-medaille-miracule-300x180.jpg 300w\" sizes=\"(max-width: 700px) 100vw, 700px\" \/><\/p>\n<div class=\"articleContent\"><span style=\"font-size: 16px;\">La <\/span><strong style=\"font-size: 16px;\"><a href=\"https:\/\/www.marmottine.fr\/257-medaille-miraculeuse\">m\u00e9daille miraculeuse<\/a><\/strong><span style=\"font-size: 16px;\">\u00a0est une m\u00e9daille de la Vierge parmi les plus connues et les plus port\u00e9es au monde. <a href=\"https:\/\/www.marmottine.fr\/mag\/guides\/bijoux-personnalises\/choisir\/medaille-personnalisee\">Elle est aussi appel\u00e9e la m\u00e9daille miraculeuse<\/a> de la rue du Bac car son histoire d\u00e9bute dans cette chapelle historique des Filles de la Charit\u00e9, en plein Paris. En 1830, la sainte Vierge appara\u00eet \u00e0 une novice et lui demande de frapper une m\u00e9daille en son nom. C\u2019est le d\u00e9but d\u2019un succ\u00e8s plan\u00e9taire. Chaque ann\u00e9e, plus de deux millions de visiteurs se rendent \u00e0 la chapelle au 140 rue du Bac, \u00e0 Paris.<\/span><\/div>\n<div><\/div>\n<div>\n<div class=\"sdsarticle-des\">\n<div class=\"e-content\">\n<h2><span class=\"ez-toc-section\" id=\"Catherine_Laboure_et_la_chapelle_de_la_rue_du_Bac_a_Paris\"><\/span>Catherine Labour\u00e9 et la chapelle de la rue du Bac \u00e0 Paris<span class=\"ez-toc-section-end\"><\/span><\/h2>\n<p>Pour comprendre l\u2019histoire de la m\u00e9daille miraculeuse, il faut remonter au 19eme si\u00e8cle et suivre le parcours d\u2019une jeune novice,\u00a0<strong>Catherine Labour\u00e9<\/strong>. Catherine na\u00eet le 2 mai 1806 \u00e0 Fain-les-Moutiers. C\u2019est une paysanne qui, enfant, travaille dans la ferme familiale. Devenue orpheline, elle int\u00e8gre la congr\u00e9gation des S\u0153urs de Saint-Vincent-de-Paul, aussi appel\u00e9es les Filles de la Charit\u00e9, rue du Bac \u00e0 Paris.<\/p>\n<p>C\u2019est dans cette chapelle que la\u00a0<strong>Vierge<\/strong>\u00a0lui appara\u00eet une premi\u00e8re fois le soir du 18 juillet 1830. R\u00e9veill\u00e9e par un enfant qui l\u2019enjoint \u00e0 se rendre \u00e0 la chapelle du couvent, Catherine s\u2019y rend. La Vierge ne tarde pas \u00e0 appara\u00eetre et lui dit\u00a0: \u00ab\u00a0Mon enfant, le bon Dieu veut vous charger d\u2019une mission. Votre t\u00e2che sera d\u00e9licate et difficile\u00a0\u00bb.<\/p>\n<p>Les jours passent. La Vierge ne para\u00eet plus, et ce n\u2019est que le 27 novembre suivant que Catherine a une nouvelle apparition\u00a0: alors qu\u2019elle est en train de prier dans la chapelle, elle voit se dessiner deux tableaux au-dessus de l\u2019autel, chacun repr\u00e9sentant une face d\u2019une m\u00e9daille \u00e0 faire graver. La Vierge s\u2019adresse alors \u00e0 elle et lui dit : \u00ab Faites frapper une m\u00e9daille sur ce mod\u00e8le. Les gr\u00e2ces seront abondantes pour les personnes qui la porteront avec confiance.\u00a0\u00bb<\/p>\n<h2><span class=\"ez-toc-section\" id=\"Pourquoi_la_medaille_est-elle_miraculeuse\"><\/span>Pourquoi la m\u00e9daille est-elle miraculeuse ?<span class=\"ez-toc-section-end\"><\/span><\/h2>\n<p>Pour comprendre la suite il faut se remettre dans le contexte historique. Nous sommes alors en 1832. La France est touch\u00e9e par une \u00e9pid\u00e9mie de chol\u00e9ra. Paris est d\u00e9vast\u00e9. Le confesseur de Catherine obtient l\u2019autorisation de l\u2019\u00e9v\u00eaque de frapper des m\u00e9dailles pour les distribuer.\u00a0\u00a0Les Filles de la Charit\u00e9 distribuent la fameuse m\u00e9daille, alors appel\u00e9e la Sainte M\u00e9daille, et les miracles commencent \u00e0 se produire. La m\u00e9daille devient Miraculeuse. Lors de la pand\u00e9mie de chol\u00e9ra, les s\u0153urs ont utilis\u00e9 la m\u00e9daille. Ce sont ces miracles de gu\u00e9rison du chol\u00e9ra qui ont \u00e9veill\u00e9 l\u2019attention. D\u2019ailleurs les s\u0153urs\u00a0\u00a0ne contractaient pas le chol\u00e9ra\u2026 elles y allaient en portant la m\u00e9daille\u00a0!<\/p>\n<p>Deux ans plus tard, en 1834, on compte plus de 500 000 m\u00e9dailles distribu\u00e9es. Sa renomm\u00e9e devient mondiale. Les fid\u00e8les adoptent cette m\u00e9daille qui est une mani\u00e8re de se mettre sous la protection de la\u00a0<strong>Vierge Marie<\/strong>. En 10 ans, 100 millions de m\u00e9dailles sont ainsi frapp\u00e9es et distribu\u00e9es dans toute l\u2019Europe. Le milliard est d\u00e9pass\u00e9 en 1876.\u00a0\u00a0Le 27 juillet 1947, Catherine Labour\u00e9e est canonis\u00e9e par le pape Pie XII, 70 ans apr\u00e8s sa mort.<\/p>\n<p>Aujourd\u2019hui dans la chapelle, on compte 2118 ex-voto de gr\u00e2ces obtenues gr\u00e2ce \u00e0 la m\u00e9daille\u2026<\/p>\n<h2><span class=\"ez-toc-section\" id=\"Quelle_est_la_signification_de_la_medaille_miraculeuse\"><\/span>Quelle est la signification de la m\u00e9daille miraculeuse\u00a0?<span class=\"ez-toc-section-end\"><\/span><\/h2>\n<p>La m\u00e9daille a \u00e9t\u00e9 dessin\u00e9e par Catherine selon les tableaux de l\u2019apparition. Chaque face pr\u00e9sente des caract\u00e9ristiques tr\u00e8s pr\u00e9cises\u00a0:<\/p>\n<p><strong>Les symboles au recto de la m\u00e9daille<\/strong>\u00a0:<\/p>\n<p>Marie se tient droite, les bras \u00e9cart\u00e9s d\u2019o\u00f9 partent des rayons vers le sol. Ce sont les gr\u00e2ces que Marie distribue. Le serpent\u00a0est \u00e9cras\u00e9 par le talon de Marie\u00a0; un rappel de la proph\u00e9tie de la Gen\u00e8se selon laquelle \u00ab\u00a0par la femme tu as p\u00e9ch\u00e9 et c\u2019est par la femme que tu vas recevoir le salut\u00a0\u00bb\u00a0; ce symbole nous montre 2 choses\u00a0: l\u2019esprit du malin existe, et en m\u00eame temps il n\u2019a pas le dernier mot, Marie est l\u00e0 pour nous le rappeler. Pour combattre le mal il faut l\u2019aide et la puissance de dieu, comme moi.<\/p>\n<p>Tout autour de la m\u00e9daille est \u00e9crit la pri\u00e8re \u00ab\u00a0\u00d4 Marie con\u00e7ue sans p\u00e9ch\u00e9, priez pour nous qui avons recours \u00e0 vous\u00a0\u00bb.<\/p>\n<p><strong>Les symboles au verso de la m\u00e9daille<\/strong>\u00a0:<\/p>\n<p>En bas, deux c\u0153urs sont repr\u00e9sent\u00e9s\u00a0: le c\u0153ur de J\u00e9sus couronn\u00e9 d\u2019\u00e9pines et celui de Marie transperc\u00e9 par le glaive. En haut, la lettre M de Marie et la croix sont entrelac\u00e9s. L\u2019image renvoie \u00e0 celle de Marie au pied de la croix, associ\u00e9e \u00e0 J\u00e9sus et la r\u00e9demption. Douze \u00e9toiles entourent des symboles : elles rappellent le couronnement de la Vierge. C\u2019est la femme de l\u2019apocalypse, qui donne la vie \u00e0 son enfant et aux enfants de l\u2019Eglise. Douze \u00e9toiles pour les douze ap\u00f4tres et les douze tribus d\u2019Isra\u00ebl.<\/p>\n<p>La m\u00e9daille rappelle \u00e9galement le dogme de l\u2019<strong>Immacul\u00e9e Conception<\/strong>, avant m\u00eame que celui-ci soit proclam\u00e9 par Pi IX, d\u2019ailleurs, la m\u00e9daille s\u2019est distribu\u00e9e dans le monde entier avant m\u00eame la proclamation du dogme et s\u2019appelait la Sainte M\u00e9daille, dite Miraculeuse, en rapport avec les miracles qui ont eu lieu.<\/p>\n<h2><span class=\"ez-toc-section\" id=\"Quelle_medaille_miraculeuse_acheter\"><\/span>Quelle m\u00e9daille miraculeuse acheter\u00a0?<span class=\"ez-toc-section-end\"><\/span><\/h2>\n<p>Les premi\u00e8res m\u00e9dailles furent frapp\u00e9es par le joailler Vachette. Il s\u2019agissait de petites m\u00e9dailles en m\u00e9tal argent\u00e9 distribu\u00e9es gracieusement aux fid\u00e8les par les S\u0153urs de Saint-Vincent-de-Paul. Avec le succ\u00e8s plan\u00e9taire du mod\u00e8le, d\u2019autres m\u00e9dailles verront le jour, reprenant fid\u00e8lement les symboles caract\u00e9ristiques dict\u00e9s par Marie \u00e0 Catherine.<\/p>\n<p>Aujourd\u2019hui, il existe des dizaines de versions de la m\u00e9daille, des plus humbles aux plus luxueuses. On trouve toujours des versions en m\u00e9tal argent\u00e9 ou dor\u00e9, vendues tr\u00e8s bon march\u00e9 sur les lieus de culte. Certaines sont rehauss\u00e9es de r\u00e9sine de couleur, la plus connue \u00e9tant la bleue. La bijouterie fantaisie s\u2019est empar\u00e9e de cette m\u00e9daille l\u00e9gendaire et on la retrouve sur des sautoirs, des colliers et m\u00eame des cr\u00e9oles.<\/p>\n<p>Quant \u00e0 la bijouterie joaillerie, elle propose des versions en or jaune ou or blanc, en 9 carats et 18 carats. On retrouve la m\u00e9daille en pendentif, de diff\u00e9rentes tailles, mais aussi en bracelet et m\u00eame en boucles d\u2019oreilles. On choisira son mod\u00e8le en fonction de l\u2019occasion pour laquelle il est offert. Pour un petit enfant, comme cadeau de naissance ou de bapt\u00eame, on privil\u00e9giera le pendentif en or jaune 18 carats, d\u2019une taille convenable (minimum 13 mm). Pour une ado, comme cadeau de communion, la m\u00e9daille mont\u00e9e en bracelet est une id\u00e9e originale. Dans tous les cas, assurez-vous de la pr\u00e9sence des symboles originels de la m\u00e9daille pour qu\u2019elle soit la plus fid\u00e8le \u00e0 l\u2019esprit de sa cr\u00e9ation.<\/p>\n<p>D\u00e9couvrez tous nos\u00a0<a href=\"https:\/\/www.marmottine.fr\/257-medaille-miraculeuse\" target=\"_blank\" rel=\"noopener\"><strong>bijoux inspir\u00e9s de la m\u00e9daille miraculeuse en cliquant ici<\/strong><\/a>.<\/p>\n<\/div>\n<\/div>\n<\/div>\n","protected":false},"excerpt":{"rendered":"<p>La v\u00e9ritable histoire de la m\u00e9daille miraculeuse La m\u00e9daille miraculeuse\u00a0est une m\u00e9daille de la Vierge parmi les plus connues et [&hellip;]<\/p>\n","protected":false},"author":5,"featured_media":1097,"parent":220,"menu_order":1,"comment_status":"closed","ping_status":"closed","template":"","meta":{"site-sidebar-layout":"default","site-content-layout":"","ast-site-content-layout":"default","site-content-style":"default","site-sidebar-style":"default","ast-global-header-display":"","ast-banner-title-visibility":"","ast-main-header-display":"","ast-hfb-above-header-display":"","ast-hfb-below-header-display":"","ast-hfb-mobile-header-display":"","site-post-title":"","ast-breadcrumbs-content":"","ast-featured-img":"","footer-sml-layout":"","theme-transparent-header-meta":"default","adv-header-id-meta":"","stick-header-meta":"","header-above-stick-meta":"","header-main-stick-meta":"","header-below-stick-meta":"","astra-migrate-meta-layouts":"set","ast-page-background-enabled":"default","ast-page-background-meta":{"desktop":{"background-color":"var(--ast-global-color-4)","background-image":"","background-repeat":"repeat","background-position":"center center","background-size":"auto","background-attachment":"scroll","background-type":"","background-media":"","overlay-type":"","overlay-color":"","overlay-gradient":""},"tablet":{"background-color":"","background-image":"","background-repeat":"repeat","background-position":"center center","background-size":"auto","background-attachment":"scroll","background-type":"","background-media":"","overlay-type":"","overlay-color":"","overlay-gradient":""},"mobile":{"background-color":"","background-image":"","background-repeat":"repeat","background-position":"center center","background-size":"auto","background-attachment":"scroll","background-type":"","background-media":"","overlay-type":"","overlay-color":"","overlay-gradient":""}},"ast-content-background-meta":{"desktop":{"background-color":"var(--ast-global-color-5)","background-image":"","background-repeat":"repeat","background-position":"center center","background-size":"auto","background-attachment":"scroll","background-type":"","background-media":"","overlay-type":"","overlay-color":"","overlay-gradient":""},"tablet":{"background-color":"var(--ast-global-color-5)","background-image":"","background-repeat":"repeat","background-position":"center center","background-size":"auto","background-attachment":"scroll","background-type":"","background-media":"","overlay-type":"","overlay-color":"","overlay-gradient":""},"mobile":{"background-color":"var(--ast-global-color-5)","background-image":"","background-repeat":"repeat","background-position":"center center","background-size":"auto","background-attachment":"scroll","background-type":"","background-media":"","overlay-type":"","overlay-color":"","overlay-gradient":""}},"footnotes":""},"aioseo_notices":[],"_links":{"self":[{"href":"https:\/\/www.marmottine.fr\/mag\/wp-json\/wp\/v2\/pages\/1096"}],"collection":[{"href":"https:\/\/www.marmottine.fr\/mag\/wp-json\/wp\/v2\/pages"}],"about":[{"href":"https:\/\/www.marmottine.fr\/mag\/wp-json\/wp\/v2\/types\/page"}],"author":[{"embeddable":true,"href":"https:\/\/www.marmottine.fr\/mag\/wp-json\/wp\/v2\/users\/5"}],"replies":[{"embeddable":true,"href":"https:\/\/www.marmottine.fr\/mag\/wp-json\/wp\/v2\/comments?post=1096"}],"version-history":[{"count":5,"href":"https:\/\/www.marmottine.fr\/mag\/wp-json\/wp\/v2\/pages\/1096\/revisions"}],"predecessor-version":[{"id":1298,"href":"https:\/\/www.marmottine.fr\/mag\/wp-json\/wp\/v2\/pages\/1096\/revisions\/1298"}],"up":[{"embeddable":true,"href":"https:\/\/www.marmottine.fr\/mag\/wp-json\/wp\/v2\/pages\/220"}],"wp:featuredmedia":[{"embeddable":true,"href":"https:\/\/www.marmottine.fr\/mag\/wp-json\/wp\/v2\/media\/1097"}],"wp:attachment":[{"href":"https:\/\/www.marmottine.fr\/mag\/wp-json\/wp\/v2\/media?parent=1096"}],"curies":[{"name":"wp","href":"https:\/\/api.w.org\/{rel}","templated":true}]}}