{"id":1057,"date":"2024-11-04T17:05:47","date_gmt":"2024-11-04T16:05:47","guid":{"rendered":"https:\/\/www.marmottine.fr\/mag\/?page_id=1057"},"modified":"2024-11-04T17:05:47","modified_gmt":"2024-11-04T16:05:47","slug":"un-vent-de-liberty-souffle-sur-les-bijoux","status":"publish","type":"page","link":"https:\/\/www.marmottine.fr\/mag\/guides\/bijoux-personnalises\/matieres\/un-vent-de-liberty-souffle-sur-les-bijoux","title":{"rendered":"Un vent de Liberty souffle sur les bijoux"},"content":{"rendered":"<div class=\"articleContent\"><span style=\"font-size: 1.7em; font-weight: bold;\">Qu\u2019est-ce qu\u2019un bijou Liberty ?<\/span><\/div>\n<div>\n<div class=\"sdsarticle-des\">\n<div class=\"e-content\">\n<p>Le nom Liberty (ou plus exactement Liberty of London\u00a9) d\u00e9signe une collection de tissus en coton tr\u00e8s fin, d\u2019excellente qualit\u00e9, facilement reconnaissable gr\u00e2ce \u00e0 ses impressions florales. Ces tissus ont connu un \u00e2ge d\u2019or dans les ann\u00e9es 70 avec la mode du Flower Power. La cr\u00e9atrice de mode Laura Ashley a contribu\u00e9 \u00e0 fa\u00e7onner la l\u00e9gende du tissu Liberty avec ses robes romantiques pour petites filles sages dans les ann\u00e9es 70 \u00e0 80. Avec le retour du vintage, les cr\u00e9ateurs de bijoux ont eu une id\u00e9e de g\u00e9nie en utilisant ces tissus pour fabriquer des bijoux. C\u2019est ainsi que nous avons vu fleurir des colliers, des sautoirs, mais surtout des bracelets r\u00e9alis\u00e9s avec du Liberty. Les cr\u00e9ateurs utilisent le tissu au m\u00e8tre, qu\u2019ils coupent et retravaillent en biais ou en cordon. Les bracelets Liberty se ferment soit \u00e0 l\u2019aide d\u2019un fermoir accroch\u00e9 au tissu, soit en faisant un n\u0153ud, soit en resserrant un n\u0153ud coulissant.<\/p>\n<p>Si cette mode du bijou Liberty perdure, c\u2019est gr\u00e2ce aux d\u00e9clinaisons infinies de motifs, de style et de couleurs que propose la marque. Certains motifs existent depuis plusieurs d\u00e9cennies, et chaque ann\u00e9e, la marque londonienne propose de nouveaux mod\u00e8les, et de nouveaux coloris. Chaque tissu porte un nom au charme tr\u00e8s british\u00a0: Betsy, Daisy, Felda, Phoebe, Margaret Annie, Cherry Drop, Tana Lawn, The Zoo, Wiltshire, Dancing Kites pour ne citer qu\u2019eux.<\/p>\n<p>Un bijou en Liberty est gai et printanier. Il donnera du peps \u00e0 la plus classique des tenues\u00a0!\u00a0\u00a0Voil\u00e0 pourquoi de nombreuses femmes l\u2019ont adopt\u00e9. Choisi dans des couleurs claires et acidul\u00e9es, un bijou Liberty conviendra aux petites filles d\u00e8s le plus jeune \u00e2ge. A l\u2019occasion d\u2019un anniversaire ou d\u2019une communion, n\u2019h\u00e9sitez pas \u00e0 offrir un bracelet avec une m\u00e9daille en argent ou en or personnalis\u00e9e mont\u00e9e sur un cordon en Liberty\u00a0: l\u2019enfant le portera tr\u00e8s facilement tous les jours.<\/p>\n<h2><span class=\"ez-toc-section\" id=\"Quels_createurs_utilisent_le_tissu_Liberty_pour_creer_des_bijoux\"><\/span>Quels cr\u00e9ateurs utilisent le tissu Liberty pour cr\u00e9er des bijoux\u00a0?<span class=\"ez-toc-section-end\"><\/span><\/h2><div id=\"ez-toc-container\" class=\"ez-toc-v2_0_69_1 counter-hierarchy ez-toc-counter ez-toc-grey ez-toc-container-direction\">\n<div class=\"ez-toc-title-container\">\n<p class=\"ez-toc-title\" style=\"cursor:inherit\">Sommaire<\/p>\n<span class=\"ez-toc-title-toggle\"><a href=\"#\" class=\"ez-toc-pull-right ez-toc-btn ez-toc-btn-xs ez-toc-btn-default ez-toc-toggle\" aria-label=\"Toggle Table of Content\"><span class=\"ez-toc-js-icon-con\"><span class=\"\"><span class=\"eztoc-hide\" style=\"display:none;\">Toggle<\/span><span class=\"ez-toc-icon-toggle-span\"><svg style=\"fill: #999;color:#999\" xmlns=\"http:\/\/www.w3.org\/2000\/svg\" class=\"list-377408\" width=\"20px\" height=\"20px\" viewBox=\"0 0 24 24\" fill=\"none\"><path d=\"M6 6H4v2h2V6zm14 0H8v2h12V6zM4 11h2v2H4v-2zm16 0H8v2h12v-2zM4 16h2v2H4v-2zm16 0H8v2h12v-2z\" fill=\"currentColor\"><\/path><\/svg><svg style=\"fill: #999;color:#999\" class=\"arrow-unsorted-368013\" xmlns=\"http:\/\/www.w3.org\/2000\/svg\" width=\"10px\" height=\"10px\" viewBox=\"0 0 24 24\" version=\"1.2\" baseProfile=\"tiny\"><path d=\"M18.2 9.3l-6.2-6.3-6.2 6.3c-.2.2-.3.4-.3.7s.1.5.3.7c.2.2.4.3.7.3h11c.3 0 .5-.1.7-.3.2-.2.3-.5.3-.7s-.1-.5-.3-.7zM5.8 14.7l6.2 6.3 6.2-6.3c.2-.2.3-.5.3-.7s-.1-.5-.3-.7c-.2-.2-.4-.3-.7-.3h-11c-.3 0-.5.1-.7.3-.2.2-.3.5-.3.7s.1.5.3.7z\"\/><\/svg><\/span><\/span><\/span><\/a><\/span><\/div>\n<nav><ul class='ez-toc-list ez-toc-list-level-1 ' ><li class='ez-toc-page-1 ez-toc-heading-level-2'><a class=\"ez-toc-link ez-toc-heading-1\" href=\"https:\/\/www.marmottine.fr\/mag\/guides\/bijoux-personnalises\/matieres\/un-vent-de-liberty-souffle-sur-les-bijoux\/#Quels_createurs_utilisent_le_tissu_Liberty_pour_creer_des_bijoux\" title=\"Quels cr\u00e9ateurs utilisent le tissu Liberty pour cr\u00e9er des bijoux\u00a0?\">Quels cr\u00e9ateurs utilisent le tissu Liberty pour cr\u00e9er des bijoux\u00a0?<\/a><\/li><li class='ez-toc-page-1 ez-toc-heading-level-2'><a class=\"ez-toc-link ez-toc-heading-2\" href=\"https:\/\/www.marmottine.fr\/mag\/guides\/bijoux-personnalises\/matieres\/un-vent-de-liberty-souffle-sur-les-bijoux\/#Comment_reconnaitre_un_vrai_tissu_Liberty\" title=\"Comment reconna\u00eetre un vrai tissu Liberty\u00a0?\">Comment reconna\u00eetre un vrai tissu Liberty\u00a0?<\/a><\/li><li class='ez-toc-page-1 ez-toc-heading-level-2'><a class=\"ez-toc-link ez-toc-heading-3\" href=\"https:\/\/www.marmottine.fr\/mag\/guides\/bijoux-personnalises\/matieres\/un-vent-de-liberty-souffle-sur-les-bijoux\/#Dou_vient_le_nom_Liberty\" title=\"D\u2019o\u00f9 vient le nom Liberty\u00a0?\">D\u2019o\u00f9 vient le nom Liberty\u00a0?<\/a><\/li><\/ul><\/nav><\/div>\n\n<p>Chez Marmottine, 3 de nos cr\u00e9ateurs ont succomb\u00e9 \u00e0 la tentation Liberty\u00a0:\u00a0<strong>Petits Tr\u00e9sors, Padam Padam et Flowers For Zo\u00e9<\/strong>.<\/p>\n<p>Petits Tr\u00e9sors, premi\u00e8re marque fran\u00e7aise de bijoux personnalis\u00e9s, a d\u00e9clin\u00e9 toute une collection de\u00a0<strong><a href=\"https:\/\/www.marmottine.fr\/208-bracelets-liberty\" target=\"_blank\" rel=\"noopener\">bracelets Liberty<\/a><\/strong>\u00a0pour enfant et pour femme, en utilisant du tissu en biais et en cordon, comme le bracelet cordon Liberty c\u0153ur \u00e0 graver :<\/p>\n<p><a href=\"https:\/\/www.marmottine.fr\/bracelets-liberty\/2176-bracelet-liberty-cordon-kids-coeur-plaque-or.html\" target=\"_blank\" rel=\"noopener\"><img loading=\"lazy\" decoding=\"async\" src=\"https:\/\/www.marmottine.fr\/img\/cms\/bracelet-liberty-petits-tre.jpg\" alt=\"\" width=\"700\" height=\"420\" \/><\/a><\/p>\n<p>&nbsp;<\/p>\n<p>Padam Padam, la marque versaillaise de bracelets mots r\u00e9alis\u00e9s au fil d\u2019or ou d\u2019argent, utilise le tissu Liberty sur une partie de ses collections pour femme et pour enfant, comme le\u00a0<a href=\"https:\/\/www.marmottine.fr\/padam-padam\/2705-bracelet-liberty-maman-padam-padam.html\" target=\"_blank\" rel=\"noopener\"><strong>bracelet Liberty Maman<\/strong><\/a>\u00a0:<\/p>\n<p><a href=\"https:\/\/www.marmottine.fr\/padam-padam\/2705-bracelet-liberty-maman-padam-padam.html\" target=\"_blank\" rel=\"noopener\"><img loading=\"lazy\" decoding=\"async\" src=\"https:\/\/www.marmottine.fr\/img\/cms\/bracelet-liberty-padam.jpg\" alt=\"\" width=\"700\" height=\"420\" \/><\/a><\/p>\n<p>&nbsp;<\/p>\n<p>Flowers For Zo\u00e9, qui a fait sa renomm\u00e9e sur ses bracelets en cuir aux fermoirs aimant\u00e9s, n\u2019a pas pu r\u00e9sister \u00e0 la tentation de proposer une collection de\u00a0<strong>bracelets pour enfants en tissus Liberty<\/strong>\u00a0tout simples.<\/p>\n<p><a href=\"https:\/\/www.marmottine.fr\/collection-enfants\/2612-bracelet-liberty-enfant-flowers-for-zoe.html\" target=\"_blank\" rel=\"noopener\"><img loading=\"lazy\" decoding=\"async\" src=\"https:\/\/www.marmottine.fr\/img\/cms\/bracelet-liberty-ffz.jpg\" alt=\"\" width=\"700\" height=\"420\" \/><\/a><\/p>\n<h2><span class=\"ez-toc-section\" id=\"Comment_reconnaitre_un_vrai_tissu_Liberty\"><\/span>Comment reconna\u00eetre un vrai tissu Liberty\u00a0?<span class=\"ez-toc-section-end\"><\/span><\/h2>\n<p>Tous les bijoux en tissu ne sont pas r\u00e9alis\u00e9s en tissu Liberty\u00a0! Attention aux faussaires\u00a0! Pour reconnaitre un vrai tissu Liberty, deux indices\u00a0: la qualit\u00e9 et l\u2019impression. Un vrai tissu Liberty est une cotonnade l\u00e9g\u00e8re tr\u00e8s douce au toucher, d\u2019une grande qualit\u00e9 de tissage, \u00e0 la fois serr\u00e9 et souple. Peu de cotons peuvent se targuer de cette qualit\u00e9 de nos jours\u2026. L\u2019impression Liberty est reconnaissable entre toutes\u00a0: il s\u2019agit le plus souvent de fleurs, d\u00e9clin\u00e9es dans plusieurs gammes de couleur. Certaines impressions existent depuis de nombreuses ann\u00e9es et sont tr\u00e8s facilement identifiables. Enfin, le prix est \u00e9galement un bon rep\u00e8re car le vrai tissu Liberty est plus cher qu\u2019une simple cotonnade bas de gamme, mais de bien meilleure qualit\u00e9, qui durera dans le temps.<\/p>\n<h2><span class=\"ez-toc-section\" id=\"Dou_vient_le_nom_Liberty\"><\/span>D\u2019o\u00f9 vient le nom Liberty\u00a0?<span class=\"ez-toc-section-end\"><\/span><\/h2>\n<p>Rien \u00e0 voir avec la libert\u00e9\u00a0! Liberty est un nom propre, celui du cr\u00e9ateur du magasin et de la marque Liberty of London\u00a9. Une success story anglaise ch\u00e8re \u00e0 nos cousins d\u2019Outre-Manche. Arthur Lazenby Liberty nait le 13 ao\u00fbt 1843 dans le Buckinghamshire. Son p\u00e8re tient une petite mercerie. A vingt ans, il entre chez Farmer &amp; Rogers comme apprenti drapier, un grand magasin de Regent Street \u00e0 Londres, qui conna\u00eetra un essor incroyable \u00e0 la fin du 19eme si\u00e8cle gr\u00e2ce \u00e0 l\u2019influence japonaise : l\u2019entreprise importe des meubles et des objets du pays du soleil levant. Avec son flair et ses qualit\u00e9s de commer\u00e7ant, Liberty contribue au succ\u00e8s du magasin. En 1875, il ouvre sa propre enseigne, \u00e0 la mythique adresse de Regent Street o\u00f9 elle existe toujours. Liberty en fait un haut lieu du design anglais, en pleine mouvance Art Nouveau, important et faisant fabriquer des meubles, des objets, des bijoux et des tissus. Un si\u00e8cle plus tard, le rayon tissu est certainement le plus connu dans le monde, il inonde la mode de ses cotons l\u00e9gers et fleuris. En pleine mode hippie, le flower power a la cote et offre \u00e0 la marque Liberty une notori\u00e9t\u00e9 internationale. D\u00e9but des ann\u00e9es 2000, la mode du vintage remet au go\u00fbt du jour le Liberty et les bijoux s\u2019emparent du tissu iconique.<\/p>\n<p><img loading=\"lazy\" decoding=\"async\" src=\"https:\/\/www.marmottine.fr\/img\/cms\/magasin-liberty.jpg\" alt=\"\" width=\"700\" height=\"420\" \/><\/p>\n<\/div>\n<\/div>\n<\/div>\n","protected":false},"excerpt":{"rendered":"<p>Qu\u2019est-ce qu\u2019un bijou Liberty ? Le nom Liberty (ou plus exactement Liberty of London\u00a9) d\u00e9signe une collection de tissus en [&hellip;]<\/p>\n","protected":false},"author":5,"featured_media":1058,"parent":854,"menu_order":2,"comment_status":"closed","ping_status":"closed","template":"","meta":{"site-sidebar-layout":"default","site-content-layout":"","ast-site-content-layout":"default","site-content-style":"default","site-sidebar-style":"default","ast-global-header-display":"","ast-banner-title-visibility":"","ast-main-header-display":"","ast-hfb-above-header-display":"","ast-hfb-below-header-display":"","ast-hfb-mobile-header-display":"","site-post-title":"","ast-breadcrumbs-content":"","ast-featured-img":"","footer-sml-layout":"","theme-transparent-header-meta":"default","adv-header-id-meta":"","stick-header-meta":"","header-above-stick-meta":"","header-main-stick-meta":"","header-below-stick-meta":"","astra-migrate-meta-layouts":"set","ast-page-background-enabled":"default","ast-page-background-meta":{"desktop":{"background-color":"var(--ast-global-color-4)","background-image":"","background-repeat":"repeat","background-position":"center center","background-size":"auto","background-attachment":"scroll","background-type":"","background-media":"","overlay-type":"","overlay-color":"","overlay-gradient":""},"tablet":{"background-color":"","background-image":"","background-repeat":"repeat","background-position":"center center","background-size":"auto","background-attachment":"scroll","background-type":"","background-media":"","overlay-type":"","overlay-color":"","overlay-gradient":""},"mobile":{"background-color":"","background-image":"","background-repeat":"repeat","background-position":"center center","background-size":"auto","background-attachment":"scroll","background-type":"","background-media":"","overlay-type":"","overlay-color":"","overlay-gradient":""}},"ast-content-background-meta":{"desktop":{"background-color":"var(--ast-global-color-5)","background-image":"","background-repeat":"repeat","background-position":"center center","background-size":"auto","background-attachment":"scroll","background-type":"","background-media":"","overlay-type":"","overlay-color":"","overlay-gradient":""},"tablet":{"background-color":"var(--ast-global-color-5)","background-image":"","background-repeat":"repeat","background-position":"center center","background-size":"auto","background-attachment":"scroll","background-type":"","background-media":"","overlay-type":"","overlay-color":"","overlay-gradient":""},"mobile":{"background-color":"var(--ast-global-color-5)","background-image":"","background-repeat":"repeat","background-position":"center center","background-size":"auto","background-attachment":"scroll","background-type":"","background-media":"","overlay-type":"","overlay-color":"","overlay-gradient":""}},"footnotes":""},"aioseo_notices":[],"_links":{"self":[{"href":"https:\/\/www.marmottine.fr\/mag\/wp-json\/wp\/v2\/pages\/1057"}],"collection":[{"href":"https:\/\/www.marmottine.fr\/mag\/wp-json\/wp\/v2\/pages"}],"about":[{"href":"https:\/\/www.marmottine.fr\/mag\/wp-json\/wp\/v2\/types\/page"}],"author":[{"embeddable":true,"href":"https:\/\/www.marmottine.fr\/mag\/wp-json\/wp\/v2\/users\/5"}],"replies":[{"embeddable":true,"href":"https:\/\/www.marmottine.fr\/mag\/wp-json\/wp\/v2\/comments?post=1057"}],"version-history":[{"count":3,"href":"https:\/\/www.marmottine.fr\/mag\/wp-json\/wp\/v2\/pages\/1057\/revisions"}],"predecessor-version":[{"id":1061,"href":"https:\/\/www.marmottine.fr\/mag\/wp-json\/wp\/v2\/pages\/1057\/revisions\/1061"}],"up":[{"embeddable":true,"href":"https:\/\/www.marmottine.fr\/mag\/wp-json\/wp\/v2\/pages\/854"}],"wp:featuredmedia":[{"embeddable":true,"href":"https:\/\/www.marmottine.fr\/mag\/wp-json\/wp\/v2\/media\/1058"}],"wp:attachment":[{"href":"https:\/\/www.marmottine.fr\/mag\/wp-json\/wp\/v2\/media?parent=1057"}],"curies":[{"name":"wp","href":"https:\/\/api.w.org\/{rel}","templated":true}]}}